{"id":48,"date":"2025-08-24T12:16:02","date_gmt":"2025-08-24T10:16:02","guid":{"rendered":"\/2025\/?page_id=48"},"modified":"2026-04-23T08:43:05","modified_gmt":"2026-04-23T06:43:05","slug":"motto-zerrissene-moderne-n","status":"publish","type":"page","link":"\/2025\/motto-zerrissene-moderne-n\/","title":{"rendered":"Zur Triennale"},"content":{"rendered":"\n<h3 class=\"wp-block-heading pb-2\">Die Triennale der Moderne ist ein \u00fcberregionales Festival, bei dem die St\u00e4dte Berlin, Dessau und Weimar im 3-Jahres-Takt gemeinsam die Ideengeschichte und Baukultur der Moderne und ihre heutige Relevanz in den Blick r\u00fccken. In Dessau und Weimar erwartet Sie je ein Wochenende Programm, das die Bauhausst\u00e4tten in ihren st\u00e4dtischen Kontexten verortet. Das Berliner Programm nimmt das gesamte Erbe der Moderne in den Blick und dauert mehrere Wochen. Die Angebote in allen drei St\u00e4dten sind vielf\u00e4ltig. So finden etwa Touren und Besichtigungen, Ausstellungen und Installationen, Vortr\u00e4ge und Symposien, Filme und Konzerte, digitale Formate sowie Workshops und Diskussionen statt.<\/h3>\n\n\n\n<p><strong>Das Programm in Berlin <\/strong>gibt Gelegenheit, die Moderne und ihre Entwicklung in ihrer ganzen Vielschichtigkeit zu erleben. Das Spektrum der von massiven Z\u00e4suren gepr\u00e4gten Metropole reicht von fr\u00fchen Reformbewegungen des 19. Jahrhunderts, der Entstehung der \u201eElektropolis Berlin\u201c \u00fcber das Neuen Bauen der 1920er und 30er Jahre, die Nachkriegsmoderne in Ost und West, die Sp\u00e4tmoderne der 1960er und 70er Jahre bis hin zur Post-Moderne der 1980er Jahre. Eine weitere Besonderheit des Berliner Programms liegt in dem Zusammenwirken von gro\u00dfen und kleinen Institutionen mit einer Vielzahl von Akteur*innen aus der Zivilgesellschaft.&nbsp;<\/p>\n\n\n\n<p><strong>Das Programm in Weimar<\/strong>, am Gr\u00fcndungsort des Bauhauses, f\u00fchrt zu zentralen Orten dieser \u201eModellstadt der Moderne\u201c. Neben dem von Henry van de Velde entworfenen Kunstschulgeb\u00e4ude, das heute von der Bauhaus-Universit\u00e4t Weimar genutzt wird, verf\u00fcgt Weimar verf\u00fcgt \u00fcber wesentliche Bauten aus der fr\u00fchen Moderne. Mit dem Bauhaus-Museum Weimar entstand ein neues Kulturquartier, das die ambivalente Historie vom ausgehenden 19. Jahrhundert \u00fcber die Weimarer Republik, die NS-Zeit und der DDR bis hin zur Gegenwart spannt.&nbsp;<\/p>\n\n\n\n<p><strong>Das Programm in Dessau<\/strong> &nbsp;ist eng mit dem Wirken des 1925 in die Stadt \u00fcbergesiedelten Bauhauses verkn\u00fcpft. Neben dem ikonischen Schulgeb\u00e4ude nach Entw\u00fcrfen von Walter Gropius und den unweit gelegenen Meisterh\u00e4user existieren zahlreiche weitere Bauhaus-Orte, wie etwa die Siedlung Dessau-T\u00f6rten oder seit 2017 das UNESCO-Welterbe erg\u00e4nzenden Laubengangh\u00e4user. Dar\u00fcberhinaus beleuchtet das Programm aber auch den gesellschaftlichen Kontext des Bauhauses in einer wachsenden Industriestadt, die von b\u00fcrgerlichen wie proletarischen Kr\u00e4ften gleicherma\u00dfen gepr\u00e4gt war.<\/p>\n\n\n\n<p class=\"pb-4\"><strong>Weitere Vernetzung auf EU-Ebene<\/strong> \u2013 Aus dem Berliner Programm zu Triennale 2022 ging auch die Initiative zu einer <a href=\"\/2025\/european-triennial-of-modernism-etom\/\" data-type=\"page\" data-id=\"9\"><strong>European Triennial of Modernism (ETOM)<\/strong><\/a> hervor, die einen Austausch verschiedener Akteur*innen in Europa vorantreibt und im Rahmen des &#8222;New European Bauhaus&#8220; (NEB) von der Europ\u00e4ischen Union offiziell als &#8222;ETOM NEB Lab&#8220; gef\u00fchrt wird und seit 2023 im Jahrestakt Milestone- und Interimskonferenzen organisiert. Weitere Information entnehmen Sie bitte den Unterseiten zu <a href=\"\/2025\/european-triennial-of-modernism-etom\/\" data-type=\"page\" data-id=\"9\">ETOM<\/a>.<\/p>\n\n\n\n<hr class=\"wp-block-separator has-alpha-channel-opacity\"\/>\n\n\n\n<div class=\"wp-block-columns is-layout-flex wp-container-core-columns-is-layout-1 wp-block-columns-is-layout-flex\">\n<div class=\"wp-block-column is-layout-flow wp-block-column-is-layout-flow\" style=\"flex-basis:66.66%\">\n<h1 class=\"wp-block-heading pt-2\">Einf\u00fchrung ins Motto 2025<\/h1>\n\n\n\n<h2 class=\"wp-block-heading pb-2\">Zerrissene Moderne(n)<\/h2>\n\n\n\n<p>Das f\u00fcr die Triennale der Moderne 2025 st\u00e4dte\u00fcbergreifend gew\u00e4hlte Motto \u201eZerrissene Moderne(n)\u201c hebt auf die erzwungene Migration des Bauhauses von Weimar nach Dessau ab. Der Blick richtet sich aber nicht nur auf die Geschichte, sondern spiegelt sich auch in den politischen Debatten nach den letzten Landtagswahlen und wird in einzelnen Programm-Beitr\u00e4gen thematisiert.&nbsp;Neben dem \u00fcbergreifenden Motto existieren lokal weitere Themenschwerpunkte.<\/p>\n\n\n\n<p>Die Entwicklungen und die Geschichte(n) der Moderne(n) gehen mit Zerrissenheiten einher, die einer gestalterischen und gesellschaftlichen Avantgarde gegen\u00fcberstehen. Zerrissen wurden die Moderne(n) im Aufeinandertreffen mit dem Althergebrachten, im Kampf mit antimodernen Anta-gonismen, mit den Infernalit\u00e4ten des Faschismus und gegen\u00fcber dem revolution\u00e4ren Terror. Mit eigenen Ambivalenzen und dem Widerstreit einzelner Reformbewegungen kamen innere Zerrissenheiten hinzu. Gerade im Jahr 2025, zum Anlass der 100. J\u00e4hrung seit der erzwungenen Migration des Bauhauses von Weimar nach Dessau, wird dieses \u201eZerrei\u00dfen\u201c als Motiv in der Moderne sowie in der Aktualit\u00e4t gegen\u00fcber den heutigen politischen und gesellschaftlichen Konfrontationen nicht nur in Deutschland deutlich. Auch im internationalen Austausch zeigt sich die Relevanz der Moderne als progressives Erbe f\u00fcr die europ\u00e4ische Demokratie und als Schl\u00fcssel f\u00fcr nachhaltige L\u00f6sungen gemeinsamer Zukunftsaufgaben.<\/p>\n\n\n\n<p>Der Verdr\u00e4ngung des Bauhauses aus Weimar im Jahr 1925 ging die sogenannte \u201eSchicksalswahl\u201c in Th\u00fcringen von 1924 voraus, der eine Chronologie von Verfolgung, Vertreibung, Vernichtung und Krieg \u2013 und zun\u00e4chst das Ende der Weimar-er Republik \u2013 nachfolgten. Der von Deutschland ausgehende Weltenbrand des Zweiten Weltkriegs sollte \u201edie Moderne\u201c endg\u00fcltig zerrei\u00dfen und zu weiteren und weitreichenderenMigrationsprozessen bis zumindest zum Fall des sogenan-nten Eisernen Vorhangs f\u00fchren. Wobei die genauere Betrachtung der Genese und der Zerrissenheiten vielmehr von \u201eModerne(n)\u201c sprechen l\u00e4sst und damit unterschiedliche Ausl\u00f6ser und Auspr\u00e4gungen zur Diskussion stellt, die&nbsp;\u2013 der allgemeinen Einordnung nach \u2013 von der fr\u00fchen bis zur sp\u00e4ten Moderne auftreten und bis in die heutige Zeit und f\u00fcr das Verst\u00e4ndnis einer \u201ereflexiven Moderne\u201c, im erweiterten Sinne, nachwirken. Mit der Auftaktveranstaltung er\u00f6ffnet die Triennale der Moderne 2025 einen wissenschaftlich-gesellschaftlichen Debatten-Beitrag im aktuellen politischen und kulturellen Diskurs \u2013 f\u00fcr das fachlich und allgemein interessierte Publikum.&nbsp;<\/p>\n\n\n\n<p class=\"pb-3\">[Text: Robert K. Huber]<\/p>\n\n\n\n<hr class=\"wp-block-separator has-alpha-channel-opacity\"\/>\n\n\n\n<h1 class=\"wp-block-heading\">Weitere Schwerpunkte 2025<\/h1>\n\n\n\n<h2 class=\"wp-block-heading\">Das Jahr der Jahrestage \u2026<\/h2>\n\n\n\n<p>2025 werden gleich mehrere wichtige Jahrestage begangen, die sich ebenfalls im Programm niederschlagen. Neben dem st\u00e4dte\u00fcbergreifenden Motto bestimmen drei Jahrestage den Fokus der einzelnen Partner*innen:<\/p>\n\n\n\n<ul class=\"wp-block-list\">\n<li>In Weimar: <a href=\"\/2025\/weimar-schwerpunkt\/\" data-type=\"page\" data-id=\"80\">Ambivalenzen der Moderne<\/a> \u2013 Das Bauhaus am Standort Weimar (1919\u20131925)<\/li>\n\n\n\n<li>In Dessau:<em> <\/em><a href=\"\/2025\/dessau-schwerpunkt\/\" data-type=\"page\" data-id=\"86\">Neubeginn in Dessau<\/a><em> \u2013 <\/em>Das Bauhaus am neuen Standort Dessau<em> <\/em>(1925\u20131932)<\/li>\n\n\n\n<li>In Berlin: <a href=\"\/2025\/100-jahre-hufeisensiedlung\/\" data-type=\"page\" data-id=\"12\">100 Jahre Hufeisensiedlung<\/a> \/ 100 Jahre Neues Bauen (1924\/25)<\/li>\n\n\n\n<li>Generell: 80 Jahre Wiederaufbau und Nachkriegsmoderne (1945) &nbsp;<\/li>\n\n\n\n<li>Generell: 50 Jahre Europ\u00e4ische Denkmalcharta (Amsterdam, 1975)<\/li>\n<\/ul>\n\n\n\n<p><\/p>\n<\/div>\n\n\n\n<div class=\"wp-block-column is-layout-flow wp-block-column-is-layout-flow\" style=\"flex-basis:33.33%\">\n<figure class=\"wp-block-image size-large pt-3\"><img loading=\"lazy\" decoding=\"async\" width=\"488\" height=\"1024\" src=\"\/2025\/wp-content\/uploads\/sites\/11\/2025\/08\/TDM-2025_Stationen-B-D-W_von-U2-488x1024.jpg\" alt=\"\" class=\"wp-image-8830\" srcset=\"\/2025\/wp-content\/uploads\/sites\/11\/2025\/08\/TDM-2025_Stationen-B-D-W_von-U2-488x1024.jpg 488w, \/2025\/wp-content\/uploads\/sites\/11\/2025\/08\/TDM-2025_Stationen-B-D-W_von-U2-143x300.jpg 143w, \/2025\/wp-content\/uploads\/sites\/11\/2025\/08\/TDM-2025_Stationen-B-D-W_von-U2-768x1613.jpg 768w, \/2025\/wp-content\/uploads\/sites\/11\/2025\/08\/TDM-2025_Stationen-B-D-W_von-U2-731x1536.jpg 731w, \/2025\/wp-content\/uploads\/sites\/11\/2025\/08\/TDM-2025_Stationen-B-D-W_von-U2.jpg 900w\" sizes=\"(max-width: 488px) 100vw, 488px\" \/><figcaption class=\"wp-element-caption\">Stationen und Veranstaltungszeitr\u00e4ume der Triennale der Moderne 2025 (Innencover der Programm-Brosch\u00fcre, Grafik: buschfeld.com)<\/figcaption><\/figure>\n<\/div>\n<\/div>\n","protected":false},"excerpt":{"rendered":"<p>Die Triennale der Moderne ist ein \u00fcberregionales Festival, bei dem die St\u00e4dte Berlin, Dessau und Weimar im 3-Jahres-Takt gemeinsam die Ideengeschichte und Baukultur der Moderne und ihre heutige Relevanz in den Blick r\u00fccken. In Dessau und Weimar erwartet Sie je ein Wochenende Programm, das die Bauhausst\u00e4tten in ihren st\u00e4dtischen Kontexten verortet. Das Berliner Programm nimmt [&hellip;]<\/p>\n","protected":false},"author":1,"featured_media":8243,"parent":0,"menu_order":0,"comment_status":"closed","ping_status":"closed","template":"","meta":{"_acf_changed":false,"_seopress_robots_primary_cat":"","_seopress_titles_title":"","_seopress_titles_desc":"","_seopress_robots_index":"","footnotes":""},"class_list":["post-48","page","type-page","status-publish","has-post-thumbnail","hentry"],"acf":[],"_links":{"self":[{"href":"https:\/\/triennale-der-moderne.de\/2025\/wp-json\/wp\/v2\/pages\/48"}],"collection":[{"href":"https:\/\/triennale-der-moderne.de\/2025\/wp-json\/wp\/v2\/pages"}],"about":[{"href":"https:\/\/triennale-der-moderne.de\/2025\/wp-json\/wp\/v2\/types\/page"}],"author":[{"embeddable":true,"href":"https:\/\/triennale-der-moderne.de\/2025\/wp-json\/wp\/v2\/users\/1"}],"replies":[{"embeddable":true,"href":"https:\/\/triennale-der-moderne.de\/2025\/wp-json\/wp\/v2\/comments?post=48"}],"version-history":[{"count":59,"href":"https:\/\/triennale-der-moderne.de\/2025\/wp-json\/wp\/v2\/pages\/48\/revisions"}],"predecessor-version":[{"id":11834,"href":"https:\/\/triennale-der-moderne.de\/2025\/wp-json\/wp\/v2\/pages\/48\/revisions\/11834"}],"wp:featuredmedia":[{"embeddable":true,"href":"https:\/\/triennale-der-moderne.de\/2025\/wp-json\/wp\/v2\/media\/8243"}],"wp:attachment":[{"href":"https:\/\/triennale-der-moderne.de\/2025\/wp-json\/wp\/v2\/media?parent=48"}],"curies":[{"name":"wp","href":"https:\/\/api.w.org\/{rel}","templated":true}]}}

<h3 class="wp-block-heading pb-2">Die Triennale der Moderne ist ein überregionales Festival, bei dem die Städte Berlin, Dessau und Weimar im 3-Jahres-Takt gemeinsam die Ideengeschichte und Baukultur der Moderne und ihre heutige Relevanz in den Blick rücken. In Dessau und Weimar erwartet Sie je ein Wochenende Programm, das die Bauhausstätten in ihren städtischen Kontexten verortet. Das Berliner Programm nimmt das gesamte Erbe der Moderne in den Blick und dauert mehrere Wochen. Die Angebote in allen drei Städten sind vielfältig. So finden etwa Touren und Besichtigungen, Ausstellungen und Installationen, Vorträge und Symposien, Filme und Konzerte, digitale Formate sowie Workshops und Diskussionen statt.</h3>



<p><strong>Das Programm in Berlin </strong>gibt Gelegenheit, die Moderne und ihre Entwicklung in ihrer ganzen Vielschichtigkeit zu erleben. Das Spektrum der von massiven Zäsuren geprägten Metropole reicht von frühen Reformbewegungen des 19. Jahrhunderts, der Entstehung der „Elektropolis Berlin“ über das Neuen Bauen der 1920er und 30er Jahre, die Nachkriegsmoderne in Ost und West, die Spätmoderne der 1960er und 70er Jahre bis hin zur Post-Moderne der 1980er Jahre. Eine weitere Besonderheit des Berliner Programms liegt in dem Zusammenwirken von großen und kleinen Institutionen mit einer Vielzahl von Akteur*innen aus der Zivilgesellschaft.&nbsp;</p>



<p><strong>Das Programm in Weimar</strong>, am Gründungsort des Bauhauses, führt zu zentralen Orten dieser „Modellstadt der Moderne“. Neben dem von Henry van de Velde entworfenen Kunstschulgebäude, das heute von der Bauhaus-Universität Weimar genutzt wird, verfügt Weimar verfügt über wesentliche Bauten aus der frühen Moderne. Mit dem Bauhaus-Museum Weimar entstand ein neues Kulturquartier, das die ambivalente Historie vom ausgehenden 19. Jahrhundert über die Weimarer Republik, die NS-Zeit und der DDR bis hin zur Gegenwart spannt.&nbsp;</p>



<p><strong>Das Programm in Dessau</strong> &nbsp;ist eng mit dem Wirken des 1925 in die Stadt übergesiedelten Bauhauses verknüpft. Neben dem ikonischen Schulgebäude nach Entwürfen von Walter Gropius und den unweit gelegenen Meisterhäuser existieren zahlreiche weitere Bauhaus-Orte, wie etwa die Siedlung Dessau-Törten oder seit 2017 das UNESCO-Welterbe ergänzenden Laubenganghäuser. Darüberhinaus beleuchtet das Programm aber auch den gesellschaftlichen Kontext des Bauhauses in einer wachsenden Industriestadt, die von bürgerlichen wie proletarischen Kräften gleichermaßen geprägt war.</p>



<p class="pb-4"><strong>Weitere Vernetzung auf EU-Ebene</strong> – Aus dem Berliner Programm zu Triennale 2022 ging auch die Initiative zu einer <a href="/2025/european-triennial-of-modernism-etom/" data-type="page" data-id="9"><strong>European Triennial of Modernism (ETOM)</strong></a> hervor, die einen Austausch verschiedener Akteur*innen in Europa vorantreibt und im Rahmen des &#8222;New European Bauhaus&#8220; (NEB) von der Europäischen Union offiziell als &#8222;ETOM NEB Lab&#8220; geführt wird und seit 2023 im Jahrestakt Milestone- und Interimskonferenzen organisiert. Weitere Information entnehmen Sie bitte den Unterseiten zu <a href="/2025/european-triennial-of-modernism-etom/" data-type="page" data-id="9">ETOM</a>.</p>



<hr class="wp-block-separator has-alpha-channel-opacity"/>



<div class="wp-block-columns is-layout-flex wp-container-core-columns-is-layout-1 wp-block-columns-is-layout-flex">
<div class="wp-block-column is-layout-flow wp-block-column-is-layout-flow" style="flex-basis:66.66%">
<h1 class="wp-block-heading pt-2">Einführung ins Motto 2025</h1>



<h2 class="wp-block-heading pb-2">Zerrissene Moderne(n)</h2>



<p>Das für die Triennale der Moderne 2025 städteübergreifend gewählte Motto „Zerrissene Moderne(n)“ hebt auf die erzwungene Migration des Bauhauses von Weimar nach Dessau ab. Der Blick richtet sich aber nicht nur auf die Geschichte, sondern spiegelt sich auch in den politischen Debatten nach den letzten Landtagswahlen und wird in einzelnen Programm-Beiträgen thematisiert.&nbsp;Neben dem übergreifenden Motto existieren lokal weitere Themenschwerpunkte.</p>



<p>Die Entwicklungen und die Geschichte(n) der Moderne(n) gehen mit Zerrissenheiten einher, die einer gestalterischen und gesellschaftlichen Avantgarde gegenüberstehen. Zerrissen wurden die Moderne(n) im Aufeinandertreffen mit dem Althergebrachten, im Kampf mit antimodernen Anta-gonismen, mit den Infernalitäten des Faschismus und gegenüber dem revolutionären Terror. Mit eigenen Ambivalenzen und dem Widerstreit einzelner Reformbewegungen kamen innere Zerrissenheiten hinzu. Gerade im Jahr 2025, zum Anlass der 100. Jährung seit der erzwungenen Migration des Bauhauses von Weimar nach Dessau, wird dieses „Zerreißen“ als Motiv in der Moderne sowie in der Aktualität gegenüber den heutigen politischen und gesellschaftlichen Konfrontationen nicht nur in Deutschland deutlich. Auch im internationalen Austausch zeigt sich die Relevanz der Moderne als progressives Erbe für die europäische Demokratie und als Schlüssel für nachhaltige Lösungen gemeinsamer Zukunftsaufgaben.</p>



<p>Der Verdrängung des Bauhauses aus Weimar im Jahr 1925 ging die sogenannte „Schicksalswahl“ in Thüringen von 1924 voraus, der eine Chronologie von Verfolgung, Vertreibung, Vernichtung und Krieg – und zunächst das Ende der Weimar-er Republik – nachfolgten. Der von Deutschland ausgehende Weltenbrand des Zweiten Weltkriegs sollte „die Moderne“ endgültig zerreißen und zu weiteren und weitreichenderenMigrationsprozessen bis zumindest zum Fall des sogenan-nten Eisernen Vorhangs führen. Wobei die genauere Betrachtung der Genese und der Zerrissenheiten vielmehr von „Moderne(n)“ sprechen lässt und damit unterschiedliche Auslöser und Ausprägungen zur Diskussion stellt, die&nbsp;– der allgemeinen Einordnung nach – von der frühen bis zur späten Moderne auftreten und bis in die heutige Zeit und für das Verständnis einer „reflexiven Moderne“, im erweiterten Sinne, nachwirken. Mit der Auftaktveranstaltung eröffnet die Triennale der Moderne 2025 einen wissenschaftlich-gesellschaftlichen Debatten-Beitrag im aktuellen politischen und kulturellen Diskurs – für das fachlich und allgemein interessierte Publikum.&nbsp;</p>



<p class="pb-3">[Text: Robert K. Huber]</p>



<hr class="wp-block-separator has-alpha-channel-opacity"/>



<h1 class="wp-block-heading">Weitere Schwerpunkte 2025</h1>



<h2 class="wp-block-heading">Das Jahr der Jahrestage …</h2>



<p>2025 werden gleich mehrere wichtige Jahrestage begangen, die sich ebenfalls im Programm niederschlagen. Neben dem städteübergreifenden Motto bestimmen drei Jahrestage den Fokus der einzelnen Partner*innen:</p>



<ul class="wp-block-list">
<li>In Weimar: <a href="/2025/weimar-schwerpunkt/" data-type="page" data-id="80">Ambivalenzen der Moderne</a> – Das Bauhaus am Standort Weimar (1919–1925)</li>



<li>In Dessau:<em> </em><a href="/2025/dessau-schwerpunkt/" data-type="page" data-id="86">Neubeginn in Dessau</a><em> – </em>Das Bauhaus am neuen Standort Dessau<em> </em>(1925–1932)</li>



<li>In Berlin: <a href="/2025/100-jahre-hufeisensiedlung/" data-type="page" data-id="12">100 Jahre Hufeisensiedlung</a> / 100 Jahre Neues Bauen (1924/25)</li>



<li>Generell: 80 Jahre Wiederaufbau und Nachkriegsmoderne (1945) &nbsp;</li>



<li>Generell: 50 Jahre Europäische Denkmalcharta (Amsterdam, 1975)</li>
</ul>



<p></p>
</div>



<div class="wp-block-column is-layout-flow wp-block-column-is-layout-flow" style="flex-basis:33.33%">
<figure class="wp-block-image size-large pt-3"><img loading="lazy" decoding="async" width="488" height="1024" src="/2025/wp-content/uploads/sites/11/2025/08/TDM-2025_Stationen-B-D-W_von-U2-488x1024.jpg" alt="" class="wp-image-8830" srcset="/2025/wp-content/uploads/sites/11/2025/08/TDM-2025_Stationen-B-D-W_von-U2-488x1024.jpg 488w, /2025/wp-content/uploads/sites/11/2025/08/TDM-2025_Stationen-B-D-W_von-U2-143x300.jpg 143w, /2025/wp-content/uploads/sites/11/2025/08/TDM-2025_Stationen-B-D-W_von-U2-768x1613.jpg 768w, /2025/wp-content/uploads/sites/11/2025/08/TDM-2025_Stationen-B-D-W_von-U2-731x1536.jpg 731w, /2025/wp-content/uploads/sites/11/2025/08/TDM-2025_Stationen-B-D-W_von-U2.jpg 900w" sizes="(max-width: 488px) 100vw, 488px" /><figcaption class="wp-element-caption">Stationen und Veranstaltungszeiträume der Triennale der Moderne 2025 (Innencover der Programm-Broschüre, Grafik: buschfeld.com)</figcaption></figure>
</div>
</div>

<p>Die Triennale der Moderne ist ein überregionales Festival, bei dem die Städte Berlin, Dessau und Weimar im 3-Jahres-Takt gemeinsam die Ideengeschichte und Baukultur der Moderne und ihre heutige Relevanz in den Blick rücken. In Dessau und Weimar erwartet Sie je ein Wochenende Programm, das die Bauhausstätten in ihren städtischen Kontexten verortet. Das Berliner Programm nimmt [&hellip;]</p>
