{"id":5122,"date":"2023-11-01T09:02:55","date_gmt":"2023-11-01T08:02:55","guid":{"rendered":"\/2022\/?page_id=5122"},"modified":"2023-11-06T12:10:29","modified_gmt":"2023-11-06T11:10:29","slug":"keynote-moravcikova","status":"publish","type":"page","link":"\/2022\/conference-2023\/keynote-moravcikova\/","title":{"rendered":"Keynote Moravcikova"},"content":{"rendered":"\n<div class=\"wp-block-columns is-layout-flex wp-container-core-columns-is-layout-1 wp-block-columns-is-layout-flex\">\n<div class=\"wp-block-column is-layout-flow wp-block-column-is-layout-flow\" style=\"flex-basis:66.6%\">\n<h1 class=\"wp-block-heading\">Tests of perspective: architectural histories of a vague country<\/h1>\n\n\n\n<h2 class=\"pb-1 wp-block-heading\">17.11.2023, 16:00 h: Keynote-Lecture by Henrieta Morav\u010d\u00edkov\u00e1 <\/h2>\n\n\n\n<p class=\"pb-3\">The fall of the Iron Curtain in 1989 fundamentally influenced the reflection and interpretation of the development of the architectural debate not only in Central Europe, but also in the broader international context. New actors entered the scene, new contexts emerged. For Central European countries, however, this was not a new but a familiar situation. As \u00c9ve Blau aptly put it in 2007, constant change was perceived as a permanent condition in these countries. Slovakia is an exemplary example of an environment in which historiography was constantly reacting to the changing socio-political context and the related change in the object and subject of study. At one time it was important to defend the cultural independence of the successor countries of the Habsburg monarchy, then to build the identity of a new nation-state, later to reinforce belonging to the camp of socialist countries, and finally to defend again the cultural identity of a relatively indeterminate small country somewhere on the border of Central Europe. In Slovakia, the perspective of exploring, evaluating and interpreting one&#8217;s own cultural context has thus changed practically continuously over the last 100 years. Modernism has played a significant role in each of these perspectives. Let us try to outline the historical situations that have triggered changes in interpretation, present the themes that have been at the centre of these interpretative shifts, and describe the changing roles that modernism has played in them. In doing so, let us focus on an interpretative trajectory that embraces the Central European context and can thus enrich contemporary narratives. <\/p>\n\n\n\n<hr class=\"wp-block-separator has-alpha-channel-opacity\"\/>\n\n\n\n<h3 class=\"wp-block-heading\">Henrieta Morav\u010d\u00edkov\u00e1&nbsp;<\/h3>\n\n\n\n<p class=\"pb-2\">Henrieta Morav\u010d\u00edkov\u00e1 is Professor of Architecture History at the Faculty of Architecture Slovak University of Technology, Head of the Department of Architecture at the Slovak Academy of Sciences, and chair of the Slovak DOCOMOMO chapter. Her field of interest is 20th and 21st century architecture and modern architecture heritage. Her book,&nbsp;<em>Architect Friedrich Weinwurm<\/em>&nbsp;(2014), was awarded the International DAM Book Award. Together with her team she prepared the first complex analytical monograph on modern town-planning of the capital of Slovakia<em>Bratislava (un)planned city<\/em>&nbsp;(2020). The International Creative Media Award recently awarded the monograph the Gold Award.<\/p>\n\n\n\n<hr class=\"wp-block-separator has-alpha-channel-opacity\"\/>\n\n\n\n<p>The lecture is part of international conference<\/p>\n\n\n\n<ul class=\"wp-block-list\">\n<li><strong>16.11.-18.11.2023:<\/strong><br><em><strong><a href=\"\/2022\/conference-2023\/\">Convergences and Divergences. Modernism beyond East and West<\/a><\/strong><\/em> <\/li>\n<\/ul>\n\n\n\n<p>Other Keynote-Lecture: <\/p>\n\n\n\n<ul class=\"wp-block-list\">\n<li class=\"pb-3\"><strong>16.11.2023, 18:30 h: Prof. em. \u00c1kos Morav\u00e1nszky<\/strong>, <br>Architectural Historian, ETH Z\u00fcrich: <br><em><strong><a href=\"\/2022\/conference-2023\/keynote-moravanszky\/\" data-type=\"page\" data-id=\"5170\">Shifting Grounds: Re-Mapping the Historiography of Architectural Modernism in Europe<\/a><\/strong><\/em><\/li>\n<\/ul>\n\n\n\n<hr class=\"wp-block-separator has-alpha-channel-opacity\"\/>\n\n\n\n<figure class=\"wp-block-image size-large\"><img loading=\"lazy\" decoding=\"async\" width=\"1024\" height=\"115\" src=\"\/2022\/wp-content\/uploads\/sites\/8\/2023\/11\/Logo-Leiste_CaD_1-zeilig-1024x115.png\" alt=\"\" class=\"wp-image-5258\" srcset=\"\/2022\/wp-content\/uploads\/sites\/8\/2023\/11\/Logo-Leiste_CaD_1-zeilig-1024x115.png 1024w, \/2022\/wp-content\/uploads\/sites\/8\/2023\/11\/Logo-Leiste_CaD_1-zeilig-600x68.png 600w, \/2022\/wp-content\/uploads\/sites\/8\/2023\/11\/Logo-Leiste_CaD_1-zeilig-768x87.png 768w, \/2022\/wp-content\/uploads\/sites\/8\/2023\/11\/Logo-Leiste_CaD_1-zeilig.png 1180w\" sizes=\"(max-width: 1024px) 100vw, 1024px\" \/><\/figure>\n\n\n\n<hr class=\"wp-block-separator has-css-opacity\"\/>\n\n\n\n<h1 class=\"pb-3 wp-block-heading\">You know someone, who might be interested? <\/h1>\n\n\n\n<h2 class=\"wp-block-heading\">Please spread the News<\/h2>\n\n\n\n<ul class=\"wp-block-list\">\n<li><strong><a href=\"https:\/\/berlin.instytutpileckiego.pl\/en\" target=\"_blank\" rel=\"noreferrer noopener\">Pilecki-Institut<\/a><\/strong> (Website)<\/li>\n\n\n\n<li><strong><a rel=\"noreferrer noopener\" href=\"https:\/\/www.facebook.com\/TriennaleDerModerne\" target=\"_blank\">Facebook<\/a><\/strong> (#TriennaleDerModerne)<\/li>\n\n\n\n<li><strong><a href=\"https:\/\/twitter.com\/TdModerne\/\">Twitter<\/a><\/strong> (@TdModerne)<\/li>\n\n\n\n<li><strong><a href=\"https:\/\/www.instagram.com\/triennale_der_moderne\/\">Instagram<\/a><\/strong> (@triennale_der_moderne)<\/li>\n<\/ul>\n<\/div>\n\n\n\n<div class=\"wp-block-column is-layout-flow wp-block-column-is-layout-flow\" style=\"flex-basis:30%\">\n<figure class=\"wp-block-image size-full\"><img loading=\"lazy\" decoding=\"async\" width=\"360\" height=\"540\" src=\"\/2022\/wp-content\/uploads\/sites\/8\/2023\/11\/Portrait_Henrieta-Moravcikova_ConDiv.jpg\" alt=\"\" class=\"wp-image-5126\" srcset=\"\/2022\/wp-content\/uploads\/sites\/8\/2023\/11\/Portrait_Henrieta-Moravcikova_ConDiv.jpg 360w, \/2022\/wp-content\/uploads\/sites\/8\/2023\/11\/Portrait_Henrieta-Moravcikova_ConDiv-267x400.jpg 267w\" sizes=\"(max-width: 360px) 100vw, 360px\" \/><\/figure>\n\n\n\n<p class=\"pb-4\"><strong>Henrieta Morav\u010d\u00edkov\u00e1<\/strong><br>\u2022 Fri, 17.11.2023, 16:00 \u2013 17:30 h<\/p>\n\n\n\n<hr class=\"wp-block-separator has-alpha-channel-opacity\"\/>\n\n\n\n<h1 class=\"wp-block-heading\">Conference venue and dates<\/h1>\n\n\n\n<h2 class=\"pb-2 wp-block-heading\">Pilecki-Institute, Pariser-Platz<\/h2>\n\n\n\n<figure class=\"wp-block-image size-large\"><img loading=\"lazy\" decoding=\"async\" width=\"535\" height=\"768\" src=\"\/2022\/wp-content\/uploads\/sites\/8\/2023\/11\/CaD_Plakat-535x768.jpg\" alt=\"\" class=\"wp-image-5262\" srcset=\"\/2022\/wp-content\/uploads\/sites\/8\/2023\/11\/CaD_Plakat-535x768.jpg 535w, \/2022\/wp-content\/uploads\/sites\/8\/2023\/11\/CaD_Plakat-279x400.jpg 279w, \/2022\/wp-content\/uploads\/sites\/8\/2023\/11\/CaD_Plakat-768x1102.jpg 768w, \/2022\/wp-content\/uploads\/sites\/8\/2023\/11\/CaD_Plakat-1071x1536.jpg 1071w, \/2022\/wp-content\/uploads\/sites\/8\/2023\/11\/CaD_Plakat-1427x2048.jpg 1427w, \/2022\/wp-content\/uploads\/sites\/8\/2023\/11\/CaD_Plakat-scaled.jpg 1784w\" sizes=\"(max-width: 535px) 100vw, 535px\" \/><\/figure>\n\n\n\n<p class=\"pb-1\"><strong>Conference<\/strong><br>Pilecki-Institute, Pariser Platz 4 A, 10117 Berlin<br>\u2022 Thu, 16.11.2023, 9:30 \u2013 20:30 h<br>\u2022 Fri, 17.11.2023, 10:00 \u2013 20:00 h<\/p>\n\n\n\n<p class=\"pb-1\"><strong>Associated exhibition<\/strong><br>&#8222;Soft Ground. 5 Years of Excercising Modernity&#8220; at BHROX bauhaus reuse, Ernst-Reuter-Platz<br>\u2022 25 Oct \u2013 25 Nov 2023,<br>Tue \u2013 Sun 12:00 \u2013 20:00 h<\/p>\n<\/div>\n<\/div>\n","protected":false},"excerpt":{"rendered":"<p>Tests of perspective: architectural histories of a vague country 17.11.2023, 16:00 h: Keynote-Lecture by Henrieta Morav\u010d\u00edkov\u00e1 The fall of the Iron Curtain in 1989 fundamentally influenced the reflection and interpretation of the development of the architectural debate not only in Central Europe, but also in the broader international context. New actors entered the scene, new [&hellip;]<\/p>\n","protected":false},"author":2,"featured_media":0,"parent":5039,"menu_order":0,"comment_status":"closed","ping_status":"closed","template":"","meta":{"_acf_changed":false,"footnotes":""},"class_list":["post-5122","page","type-page","status-publish","hentry"],"acf":[],"_links":{"self":[{"href":"https:\/\/triennale-der-moderne.de\/2022\/wp-json\/wp\/v2\/pages\/5122"}],"collection":[{"href":"https:\/\/triennale-der-moderne.de\/2022\/wp-json\/wp\/v2\/pages"}],"about":[{"href":"https:\/\/triennale-der-moderne.de\/2022\/wp-json\/wp\/v2\/types\/page"}],"author":[{"embeddable":true,"href":"https:\/\/triennale-der-moderne.de\/2022\/wp-json\/wp\/v2\/users\/2"}],"replies":[{"embeddable":true,"href":"https:\/\/triennale-der-moderne.de\/2022\/wp-json\/wp\/v2\/comments?post=5122"}],"version-history":[{"count":42,"href":"https:\/\/triennale-der-moderne.de\/2022\/wp-json\/wp\/v2\/pages\/5122\/revisions"}],"predecessor-version":[{"id":5283,"href":"https:\/\/triennale-der-moderne.de\/2022\/wp-json\/wp\/v2\/pages\/5122\/revisions\/5283"}],"up":[{"embeddable":true,"href":"https:\/\/triennale-der-moderne.de\/2022\/wp-json\/wp\/v2\/pages\/5039"}],"wp:attachment":[{"href":"https:\/\/triennale-der-moderne.de\/2022\/wp-json\/wp\/v2\/media?parent=5122"}],"curies":[{"name":"wp","href":"https:\/\/api.w.org\/{rel}","templated":true}]}}

<div class="wp-block-columns is-layout-flex wp-container-core-columns-is-layout-1 wp-block-columns-is-layout-flex">
<div class="wp-block-column is-layout-flow wp-block-column-is-layout-flow" style="flex-basis:66.6%">
<h1 class="wp-block-heading">Tests of perspective: architectural histories of a vague country</h1>



<h2 class="pb-1 wp-block-heading">17.11.2023, 16:00 h: Keynote-Lecture by Henrieta Moravčíková </h2>



<p class="pb-3">The fall of the Iron Curtain in 1989 fundamentally influenced the reflection and interpretation of the development of the architectural debate not only in Central Europe, but also in the broader international context. New actors entered the scene, new contexts emerged. For Central European countries, however, this was not a new but a familiar situation. As Éve Blau aptly put it in 2007, constant change was perceived as a permanent condition in these countries. Slovakia is an exemplary example of an environment in which historiography was constantly reacting to the changing socio-political context and the related change in the object and subject of study. At one time it was important to defend the cultural independence of the successor countries of the Habsburg monarchy, then to build the identity of a new nation-state, later to reinforce belonging to the camp of socialist countries, and finally to defend again the cultural identity of a relatively indeterminate small country somewhere on the border of Central Europe. In Slovakia, the perspective of exploring, evaluating and interpreting one&#8217;s own cultural context has thus changed practically continuously over the last 100 years. Modernism has played a significant role in each of these perspectives. Let us try to outline the historical situations that have triggered changes in interpretation, present the themes that have been at the centre of these interpretative shifts, and describe the changing roles that modernism has played in them. In doing so, let us focus on an interpretative trajectory that embraces the Central European context and can thus enrich contemporary narratives. </p>



<hr class="wp-block-separator has-alpha-channel-opacity"/>



<h3 class="wp-block-heading">Henrieta Moravčíková&nbsp;</h3>



<p class="pb-2">Henrieta Moravčíková is Professor of Architecture History at the Faculty of Architecture Slovak University of Technology, Head of the Department of Architecture at the Slovak Academy of Sciences, and chair of the Slovak DOCOMOMO chapter. Her field of interest is 20th and 21st century architecture and modern architecture heritage. Her book,&nbsp;<em>Architect Friedrich Weinwurm</em>&nbsp;(2014), was awarded the International DAM Book Award. Together with her team she prepared the first complex analytical monograph on modern town-planning of the capital of Slovakia<em>Bratislava (un)planned city</em>&nbsp;(2020). The International Creative Media Award recently awarded the monograph the Gold Award.</p>



<hr class="wp-block-separator has-alpha-channel-opacity"/>



<p>The lecture is part of international conference</p>



<ul class="wp-block-list">
<li><strong>16.11.-18.11.2023:</strong><br><em><strong><a href="/2022/conference-2023/">Convergences and Divergences. Modernism beyond East and West</a></strong></em> </li>
</ul>



<p>Other Keynote-Lecture: </p>



<ul class="wp-block-list">
<li class="pb-3"><strong>16.11.2023, 18:30 h: Prof. em. Ákos Moravánszky</strong>, <br>Architectural Historian, ETH Zürich: <br><em><strong><a href="/2022/conference-2023/keynote-moravanszky/" data-type="page" data-id="5170">Shifting Grounds: Re-Mapping the Historiography of Architectural Modernism in Europe</a></strong></em></li>
</ul>



<hr class="wp-block-separator has-alpha-channel-opacity"/>



<figure class="wp-block-image size-large"><img loading="lazy" decoding="async" width="1024" height="115" src="/2022/wp-content/uploads/sites/8/2023/11/Logo-Leiste_CaD_1-zeilig-1024x115.png" alt="" class="wp-image-5258" srcset="/2022/wp-content/uploads/sites/8/2023/11/Logo-Leiste_CaD_1-zeilig-1024x115.png 1024w, /2022/wp-content/uploads/sites/8/2023/11/Logo-Leiste_CaD_1-zeilig-600x68.png 600w, /2022/wp-content/uploads/sites/8/2023/11/Logo-Leiste_CaD_1-zeilig-768x87.png 768w, /2022/wp-content/uploads/sites/8/2023/11/Logo-Leiste_CaD_1-zeilig.png 1180w" sizes="(max-width: 1024px) 100vw, 1024px" /></figure>



<hr class="wp-block-separator has-css-opacity"/>



<h1 class="pb-3 wp-block-heading">You know someone, who might be interested? </h1>



<h2 class="wp-block-heading">Please spread the News</h2>



<ul class="wp-block-list">
<li><strong><a href="https://berlin.instytutpileckiego.pl/en" target="_blank" rel="noreferrer noopener">Pilecki-Institut</a></strong> (Website)</li>



<li><strong><a rel="noreferrer noopener" href="https://www.facebook.com/TriennaleDerModerne" target="_blank">Facebook</a></strong> (#TriennaleDerModerne)</li>



<li><strong><a href="https://twitter.com/TdModerne/">Twitter</a></strong> (@TdModerne)</li>



<li><strong><a href="https://www.instagram.com/triennale_der_moderne/">Instagram</a></strong> (@triennale_der_moderne)</li>
</ul>
</div>



<div class="wp-block-column is-layout-flow wp-block-column-is-layout-flow" style="flex-basis:30%">
<figure class="wp-block-image size-full"><img loading="lazy" decoding="async" width="360" height="540" src="/2022/wp-content/uploads/sites/8/2023/11/Portrait_Henrieta-Moravcikova_ConDiv.jpg" alt="" class="wp-image-5126" srcset="/2022/wp-content/uploads/sites/8/2023/11/Portrait_Henrieta-Moravcikova_ConDiv.jpg 360w, /2022/wp-content/uploads/sites/8/2023/11/Portrait_Henrieta-Moravcikova_ConDiv-267x400.jpg 267w" sizes="(max-width: 360px) 100vw, 360px" /></figure>



<p class="pb-4"><strong>Henrieta Moravčíková</strong><br>• Fri, 17.11.2023, 16:00 – 17:30 h</p>



<hr class="wp-block-separator has-alpha-channel-opacity"/>



<h1 class="wp-block-heading">Conference venue and dates</h1>



<h2 class="pb-2 wp-block-heading">Pilecki-Institute, Pariser-Platz</h2>



<figure class="wp-block-image size-large"><img loading="lazy" decoding="async" width="535" height="768" src="/2022/wp-content/uploads/sites/8/2023/11/CaD_Plakat-535x768.jpg" alt="" class="wp-image-5262" srcset="/2022/wp-content/uploads/sites/8/2023/11/CaD_Plakat-535x768.jpg 535w, /2022/wp-content/uploads/sites/8/2023/11/CaD_Plakat-279x400.jpg 279w, /2022/wp-content/uploads/sites/8/2023/11/CaD_Plakat-768x1102.jpg 768w, /2022/wp-content/uploads/sites/8/2023/11/CaD_Plakat-1071x1536.jpg 1071w, /2022/wp-content/uploads/sites/8/2023/11/CaD_Plakat-1427x2048.jpg 1427w, /2022/wp-content/uploads/sites/8/2023/11/CaD_Plakat-scaled.jpg 1784w" sizes="(max-width: 535px) 100vw, 535px" /></figure>



<p class="pb-1"><strong>Conference</strong><br>Pilecki-Institute, Pariser Platz 4 A, 10117 Berlin<br>• Thu, 16.11.2023, 9:30 – 20:30 h<br>• Fri, 17.11.2023, 10:00 – 20:00 h</p>



<p class="pb-1"><strong>Associated exhibition</strong><br>&#8222;Soft Ground. 5 Years of Excercising Modernity&#8220; at BHROX bauhaus reuse, Ernst-Reuter-Platz<br>• 25 Oct – 25 Nov 2023,<br>Tue – Sun 12:00 – 20:00 h</p>
</div>
</div>

<p>Tests of perspective: architectural histories of a vague country 17.11.2023, 16:00 h: Keynote-Lecture by Henrieta Moravčíková The fall of the Iron Curtain in 1989 fundamentally influenced the reflection and interpretation of the development of the architectural debate not only in Central Europe, but also in the broader international context. New actors entered the scene, new [&hellip;]</p>
