{"id":4705,"date":"2022-12-08T11:29:49","date_gmt":"2022-12-08T10:29:49","guid":{"rendered":"\/2022\/?page_id=4705"},"modified":"2022-12-12T17:37:03","modified_gmt":"2022-12-12T16:37:03","slug":"docomomo-magazin","status":"publish","type":"page","link":"\/2022\/programm-in-berlin\/docomomo-magazin\/","title":{"rendered":"Finissage + Release Docomomo-Journal"},"content":{"rendered":"\n<h1 class=\"wp-block-heading\">17.12.2022: Finissage des f\u00fcnften Ausstellungsteils<\/h1>\n\n\n\n<h2 class=\"wp-block-heading\">Release und Workshop-Talk zur Sonderausgabe DOCOMOMO Journal &#8222;Modern Movement in Ukraine&#8220; <\/h2>\n\n\n\n<h3 class=\"pb-2 wp-block-heading\">Save-the-date: Am 17. Dezember findet ab 15:30 Uhr im BHROX bauhaus reuse auf dem Ernst-Reuter-Platz die Finissage der f\u00fcnfteiligen Ausstellungsreihe &#8222;Modernism in Ukraine&#8220; statt. Als formaler Abschluss des diesj\u00e4hrigen Triennale-Festivals bildet das Event einen weiteren H\u00f6hepunkt des Berliner Programms. Im Rahmen eines Release-Workshops wird das von DOCOMOMO International herausgegebene Themenheft zur Ukraine pr\u00e4sentiert. Unter dem Titel &#8222;Multiple Modernities in Ukraine&#8220; besch\u00e4ftigt sich die Ausgabe auch mit dem vom Krieg massiv bedrohten architektonischen Erbe in der Ukraine.&nbsp;<\/h3>\n\n\n\n<figure class=\"wp-block-image size-large pb-3\"><img loading=\"lazy\" decoding=\"async\" width=\"1024\" height=\"682\" src=\"\/2022\/wp-content\/uploads\/sites\/8\/2022\/11\/TDM2022_MIU-5_Logos_O-25_T-7_IMG_8006-HDR_Pavlo-Dorogoy_LoRes-1024x682.jpg\" alt=\"\" class=\"wp-image-4485\" srcset=\"\/2022\/wp-content\/uploads\/sites\/8\/2022\/11\/TDM2022_MIU-5_Logos_O-25_T-7_IMG_8006-HDR_Pavlo-Dorogoy_LoRes-1024x682.jpg 1024w, \/2022\/wp-content\/uploads\/sites\/8\/2022\/11\/TDM2022_MIU-5_Logos_O-25_T-7_IMG_8006-HDR_Pavlo-Dorogoy_LoRes-600x400.jpg 600w, \/2022\/wp-content\/uploads\/sites\/8\/2022\/11\/TDM2022_MIU-5_Logos_O-25_T-7_IMG_8006-HDR_Pavlo-Dorogoy_LoRes-375x250.jpg 375w, \/2022\/wp-content\/uploads\/sites\/8\/2022\/11\/TDM2022_MIU-5_Logos_O-25_T-7_IMG_8006-HDR_Pavlo-Dorogoy_LoRes-768x511.jpg 768w, \/2022\/wp-content\/uploads\/sites\/8\/2022\/11\/TDM2022_MIU-5_Logos_O-25_T-7_IMG_8006-HDR_Pavlo-Dorogoy_LoRes.jpg 1280w\" sizes=\"(max-width: 1024px) 100vw, 1024px\" \/><figcaption class=\"wp-element-caption\">Vernadsky National Library of Ukraine, 1975-1989, Vadym Hopkalo, Vadym Grechyna, Valeriy Peskovsky, Kyiv \u00a9 Foto: Pavlo Dorogoy<\/figcaption><\/figure>\n\n\n\n<div class=\"wp-block-columns is-layout-flex wp-container-core-columns-is-layout-2 wp-block-columns-is-layout-flex\">\n<div class=\"wp-block-column is-layout-flow wp-block-column-is-layout-flow\" style=\"flex-basis:66.66%\">\n<h1 class=\"wp-block-heading\">Finissage, Journal-Release und Workshop-Talk<\/h1>\n\n\n\n<h2 class=\"pb-2 wp-block-heading\">Sa, 17.12.2022, 15:30\u201318:30 Uhr<\/h2>\n\n\n\n<p>Mit einem Workshop-Talk und Beitr\u00e4gen einzelner Autor*innen wird das von Docomomo International herausgegebene Journal Nr. 67 zum Thema &#8222;Multiple Modernities in Ukraine&#8220; pr\u00e4sentiert. Die Veranstaltung findet als Hybrid-Veranstaltung statt und wird live aus dem BHROX bauhaus reuse in Berlin \u00fcbertragen:<\/p>\n\n\n\n<ul class=\"wp-block-list\">\n<li><strong>Samstag, 17.12. von 15:30 bis 18:30 Uhr <\/strong><br>Vor Ort: BHROX bauhaus reuse, Ernst-Reuter-Platz, Mittelinsel, 10587 Berlin<\/li>\n\n\n\n<li><strong>Anmeldung per Eventbrite<\/strong><br><a rel=\"noreferrer noopener\" href=\"https:\/\/www.eventbrite.de\/e\/tdm-2022-docomomo-journal-release-finissage-modernism-in-ukraine-tickets-482478655647\" target=\"_blank\">https:\/\/www.eventbrite.de\/ (&#8230;)<\/a><\/li>\n\n\n\n<li><strong>Einwahl (am 17.12., 15:30 Uhr) per Zoom<\/strong><br><a rel=\"noreferrer noopener\" href=\"\/\/us06web.zoom.us\/j\/86375782121?pwd=MjNOQWxuQTNCOTZSdFVDRkJLTm5QQT09\" target=\"_blank\">https:\/\/us06web.zoom.us\/j\/86375782121<\/a> (&#8230;)<br>Meeting ID: 863 7578 2121<br>Passcode: 006347<\/li>\n<\/ul>\n\n\n\n<hr class=\"wp-block-separator has-alpha-channel-opacity\"\/>\n\n\n\n<h1 class=\"pb-2 wp-block-heading\">Programm und Rahmen<\/h1>\n\n\n\n<p>Den Rahmen der Pr\u00e4sentation bildet die Finissage des f\u00fcnften Kapitels der im BHROX bauhaus reuse gezeigten Ausstellungsreihe zu\u00a0Bauten und Wurzeln der Moderne von Kharkiv bis Lviv. Die Ausstellungsreihe wird auch in einer 12-seitigen Themenstrecke im Journal vorgestellt, eingeleitet durch einen Artikel von Robert K. Huber und Ben Buschfeld, den beiden Kuratoren und Organisatoren des Berliner Programms der Triennale der Moderne.\u00a0Hier finden Sie eine <a href=\"https:\/\/docomomojournal.com\/index.php\/journal\/issue\/view\/42\" target=\"_blank\" rel=\"noreferrer noopener\">Vorschau einzelner Artikel<\/a>.<\/p>\n\n\n\n<p>Die von Robert Huber und der zukunftsgeraeusche GbR kuratierte und ma\u00dfgeblich organisierte, sowie von Peter Winter produzierte, Ausstellungsreihe zur Moderne in der Ukraine wurde gef\u00f6rdert durch das Bundesministerium f\u00fcr Wohnen, Stadtentwicklung und Bauwesen (BMWSB). Sie wird pr\u00e4sentiert von der Triennale der Moderne in Berlin in Kooperation mit <a href=\"https:\/\/docomomo.com\" target=\"_blank\" rel=\"noreferrer noopener\">DOCOMOMO international <\/a>und <a href=\"https:\/\/www.icomos.org\/en\" target=\"_blank\" rel=\"noreferrer noopener\">ICOMOS<\/a>.<em>*<\/em> <\/p>\n\n\n\n<p><em>[* Einschub: Hinter dem Akronym DOCOMOMO verbirgt sich ein globales Netzwerk aus rund 3.000 Expert*innen, die sich in 79 nationalen Chaptern organisiert der &#8222;Documentation and Conservation of Buildings, Sites and Neighbourhoods of<strong> <\/strong>the Modern Movement&#8220; verschrieben haben. Die Abk\u00fcrzung ICOMOS steht f\u00fcr das \u201eInternational Council on Monuments and Sites\u201c: Die nichtstaatliche, l\u00e4nder\u00fcbergreifend agierende Organisation ber\u00e4t die UNESCO in Fragen des Denkmal- und Kulturg\u00fcterschutzes.&nbsp;Beide Organisationen bilden seit 2022 eine strategische Dreiecks-Partnerschaft mit der Triennale der Moderne.]<\/em><\/p>\n\n\n\n<p class=\"pb-4\">Das in der Berliner Festivalzentrale auf dem Ernst-Reuter-Platz gezeigte letzte Kapitel der Ausstellungsreihe befasst sich mit der sp\u00e4ten oder postmodernen sozialistischen Periode in der Ukraine und ihrer Bedeutung f\u00fcr die Entwicklung der ukrainischen Architektur. Der in Kooperation mit der ukrainischen Architekturhistorikerin Ievgeniia Gubkina zusammengestellte f\u00fcnfte Ausstellungsteil umfasst aktuelle fotografische Arbeiten von Pavlo Dorogoy, die Bauten und Anlagen in Kiew, Charkiw und einigen weiteren St\u00e4dten der Region zeigen und dabei nicht nur die Architektur, sondern auch die Kriegssch\u00e4den in den zum Teil umk\u00e4mpften, zum Teil zur\u00fcckeroberten Gebieten dokumentieren.<\/p>\n\n\n\n<h1 class=\"pb-2 wp-block-heading\">Abschluss der Festival-Saison 2022<\/h1>\n\n\n\n<p>Das Event am 17. Dezember 2022 beschlie\u00dft gleichzeitig auch die vierte Festival-Ausgabe der Triennale der Moderne in Berlin. Das zumeist kostenlose Programm in den drei St\u00e4dten Berlin, Dessau und Weimar bot Fachpublikum und der interessierten Allgemeinheit die Gelegenheit, die Moderne und ihre Entwicklung in ihrer ganzen Bandbreite und Vielschichtigkeit zu erleben.&nbsp;<\/p>\n\n\n\n<p class=\"pb-4\">Doch auch nach dem Ende des aktuellen Festival-Programms im Dezember, werden die Ideen, Ziele und Kooperationen fortgef\u00fchrt: Die im Rahmen der Triennale der Moderne 2022 neu gebildeten und bei der Auftakt-Veranstaltung pr\u00e4sentierten Netzwerke der Moderne in Deutschland und Mitteleuropa, inklusive der Ukraine, sollen in den kommenden Jahren weiterentwickelt und ausgebaut werden.<\/p>\n\n\n\n<hr class=\"wp-block-separator has-css-opacity\"\/>\n\n\n\n<h1 class=\"wp-block-heading\">Ausstellungsserie, Teile 1-4<\/h1>\n\n\n\n<h2 class=\"pb-2 wp-block-heading\">Modernism in Ukraine<\/h2>\n\n\n\n<div class=\"wp-block-columns is-layout-flex wp-container-core-columns-is-layout-1 wp-block-columns-is-layout-flex\">\n<div class=\"wp-block-column is-layout-flow wp-block-column-is-layout-flow\">\n<figure class=\"wp-block-image size-large\"><img loading=\"lazy\" decoding=\"async\" width=\"1024\" height=\"717\" src=\"\/2022\/wp-content\/uploads\/sites\/8\/2022\/10\/Ukraine_Lviv_Nad-Zaliznoju-vodoju-colony_Villenkolonie_Foto_Myroslava-Liakhovych_Teil-der-TDM-Ausst-Teil-1_Motiv-89_Auschnitt-1024x717.jpg\" alt=\"\" class=\"wp-image-4370\" srcset=\"\/2022\/wp-content\/uploads\/sites\/8\/2022\/10\/Ukraine_Lviv_Nad-Zaliznoju-vodoju-colony_Villenkolonie_Foto_Myroslava-Liakhovych_Teil-der-TDM-Ausst-Teil-1_Motiv-89_Auschnitt-1024x717.jpg 1024w, \/2022\/wp-content\/uploads\/sites\/8\/2022\/10\/Ukraine_Lviv_Nad-Zaliznoju-vodoju-colony_Villenkolonie_Foto_Myroslava-Liakhovych_Teil-der-TDM-Ausst-Teil-1_Motiv-89_Auschnitt-571x400.jpg 571w, \/2022\/wp-content\/uploads\/sites\/8\/2022\/10\/Ukraine_Lviv_Nad-Zaliznoju-vodoju-colony_Villenkolonie_Foto_Myroslava-Liakhovych_Teil-der-TDM-Ausst-Teil-1_Motiv-89_Auschnitt-768x538.jpg 768w, \/2022\/wp-content\/uploads\/sites\/8\/2022\/10\/Ukraine_Lviv_Nad-Zaliznoju-vodoju-colony_Villenkolonie_Foto_Myroslava-Liakhovych_Teil-der-TDM-Ausst-Teil-1_Motiv-89_Auschnitt-1536x1075.jpg 1536w, \/2022\/wp-content\/uploads\/sites\/8\/2022\/10\/Ukraine_Lviv_Nad-Zaliznoju-vodoju-colony_Villenkolonie_Foto_Myroslava-Liakhovych_Teil-der-TDM-Ausst-Teil-1_Motiv-89_Auschnitt-2048x1434.jpg 2048w\" sizes=\"(max-width: 1024px) 100vw, 1024px\" \/><figcaption class=\"wp-element-caption\"><strong><a href=\"https:\/\/www.bauhaus-reuse.de\/index.php\/content\/triennale-der-moderne-2022-eroffnung-der-ausstellung\/\" target=\"_blank\" rel=\"noreferrer noopener\">Teil 1<\/a><\/strong> \u2013 Ukraine, Lviv: Villenkolonie &#8222;Nad Zaliznoju vodoju colony&#8220;, Foto: Myroslava Liakhovych <\/figcaption><\/figure>\n\n\n\n<figure class=\"wp-block-image size-large\"><img loading=\"lazy\" decoding=\"async\" width=\"1024\" height=\"717\" src=\"\/2022\/wp-content\/uploads\/sites\/8\/2022\/11\/Ferdynand-Kassler-Tenement-House-K-Levytskoho-Street-27-1938-39-1-1024x717.jpg\" alt=\"\" class=\"wp-image-4479\" srcset=\"\/2022\/wp-content\/uploads\/sites\/8\/2022\/11\/Ferdynand-Kassler-Tenement-House-K-Levytskoho-Street-27-1938-39-1-1024x717.jpg 1024w, \/2022\/wp-content\/uploads\/sites\/8\/2022\/11\/Ferdynand-Kassler-Tenement-House-K-Levytskoho-Street-27-1938-39-1-571x400.jpg 571w, \/2022\/wp-content\/uploads\/sites\/8\/2022\/11\/Ferdynand-Kassler-Tenement-House-K-Levytskoho-Street-27-1938-39-1-768x538.jpg 768w, \/2022\/wp-content\/uploads\/sites\/8\/2022\/11\/Ferdynand-Kassler-Tenement-House-K-Levytskoho-Street-27-1938-39-1.jpg 1280w\" sizes=\"(max-width: 1024px) 100vw, 1024px\" \/><figcaption class=\"wp-element-caption\"><strong><a href=\"https:\/\/www.bauhaus-reuse.de\/index.php\/content\/triennale-der-moderne-2022-ausstellung-kapitel-3\/\" target=\"_blank\" rel=\"noreferrer noopener\">Teil 3<\/a><\/strong> \u2013 Ukraine, Lviv: Bernhard. Finkler&#8217;s Tenement-House,  1912-13, Foto: Bohdan Cherkes <\/figcaption><\/figure>\n<\/div>\n\n\n\n<div class=\"wp-block-column is-layout-flow wp-block-column-is-layout-flow\">\n<figure class=\"wp-block-image size-large\"><img loading=\"lazy\" decoding=\"async\" width=\"1024\" height=\"717\" src=\"\/2022\/wp-content\/uploads\/sites\/8\/2022\/10\/Ukraine_Lviv_The-Jonasz-Sprecher-Office-Building_1928\u20131929_Arch-Ferdynand-Kassler_Foto-Pawel-Mazur_ICC-Krakow_Teil-der-TDM-Aust-Teil-2_Motiv_P-9-1024x717.jpg\" alt=\"\" class=\"wp-image-4371\" srcset=\"\/2022\/wp-content\/uploads\/sites\/8\/2022\/10\/Ukraine_Lviv_The-Jonasz-Sprecher-Office-Building_1928\u20131929_Arch-Ferdynand-Kassler_Foto-Pawel-Mazur_ICC-Krakow_Teil-der-TDM-Aust-Teil-2_Motiv_P-9-1024x717.jpg 1024w, \/2022\/wp-content\/uploads\/sites\/8\/2022\/10\/Ukraine_Lviv_The-Jonasz-Sprecher-Office-Building_1928\u20131929_Arch-Ferdynand-Kassler_Foto-Pawel-Mazur_ICC-Krakow_Teil-der-TDM-Aust-Teil-2_Motiv_P-9-571x400.jpg 571w, \/2022\/wp-content\/uploads\/sites\/8\/2022\/10\/Ukraine_Lviv_The-Jonasz-Sprecher-Office-Building_1928\u20131929_Arch-Ferdynand-Kassler_Foto-Pawel-Mazur_ICC-Krakow_Teil-der-TDM-Aust-Teil-2_Motiv_P-9-768x538.jpg 768w, \/2022\/wp-content\/uploads\/sites\/8\/2022\/10\/Ukraine_Lviv_The-Jonasz-Sprecher-Office-Building_1928\u20131929_Arch-Ferdynand-Kassler_Foto-Pawel-Mazur_ICC-Krakow_Teil-der-TDM-Aust-Teil-2_Motiv_P-9-1536x1075.jpg 1536w, \/2022\/wp-content\/uploads\/sites\/8\/2022\/10\/Ukraine_Lviv_The-Jonasz-Sprecher-Office-Building_1928\u20131929_Arch-Ferdynand-Kassler_Foto-Pawel-Mazur_ICC-Krakow_Teil-der-TDM-Aust-Teil-2_Motiv_P-9-2048x1434.jpg 2048w\" sizes=\"(max-width: 1024px) 100vw, 1024px\" \/><figcaption class=\"wp-element-caption\"><strong><a href=\"https:\/\/www.bauhaus-reuse.de\/index.php\/content\/triennale-der-moderne-2022-ausstellung-kapitel-2\/\" target=\"_blank\" rel=\"noreferrer noopener\">Teil 2<\/a><\/strong> \u2013 Ukraine, Lviv: The Jonasz Sprecher Office Building, 1928\u201329, Foto: Pawel Mazur, ICC-Krakow <\/figcaption><\/figure>\n\n\n\n<figure class=\"wp-block-image size-large\"><img loading=\"lazy\" decoding=\"async\" width=\"1024\" height=\"717\" src=\"\/2022\/wp-content\/uploads\/sites\/8\/2022\/11\/Ukraine_Svoboda-Square_Derzhprom_15_\u0410\u0440\u0445-\u0440\u0430-\u0421\u0421\u0421\u0420-1934_2_\u043f\u0442\u0438\u04471-1-1024x717.jpg\" alt=\"\" class=\"wp-image-4481\" srcset=\"\/2022\/wp-content\/uploads\/sites\/8\/2022\/11\/Ukraine_Svoboda-Square_Derzhprom_15_\u0410\u0440\u0445-\u0440\u0430-\u0421\u0421\u0421\u0420-1934_2_\u043f\u0442\u0438\u04471-1-1024x717.jpg 1024w, \/2022\/wp-content\/uploads\/sites\/8\/2022\/11\/Ukraine_Svoboda-Square_Derzhprom_15_\u0410\u0440\u0445-\u0440\u0430-\u0421\u0421\u0421\u0420-1934_2_\u043f\u0442\u0438\u04471-1-572x400.jpg 572w, \/2022\/wp-content\/uploads\/sites\/8\/2022\/11\/Ukraine_Svoboda-Square_Derzhprom_15_\u0410\u0440\u0445-\u0440\u0430-\u0421\u0421\u0421\u0420-1934_2_\u043f\u0442\u0438\u04471-1-768x537.jpg 768w, \/2022\/wp-content\/uploads\/sites\/8\/2022\/11\/Ukraine_Svoboda-Square_Derzhprom_15_\u0410\u0440\u0445-\u0440\u0430-\u0421\u0421\u0421\u0420-1934_2_\u043f\u0442\u0438\u04471-1.jpg 1279w\" sizes=\"(max-width: 1024px) 100vw, 1024px\" \/><figcaption class=\"wp-element-caption\"><strong><a href=\"https:\/\/www.bauhaus-reuse.de\/index.php\/content\/triennale-der-moderne-2022-ausstellung-kapitel-4\/\" target=\"_blank\" rel=\"noreferrer noopener\">Teil 4<\/a><\/strong> \u2013 Ukraine, Kharkiv: Svoboda\/Freedom Square, Derzhprom-Ensemble, Luftbild 1934<\/figcaption><\/figure>\n<\/div>\n<\/div>\n<\/div>\n\n\n\n<div class=\"wp-block-column is-layout-flow wp-block-column-is-layout-flow\" style=\"flex-basis:33.33%\">\n<h1 class=\"pb-2 wp-block-heading\">Kooperationspartner*innen<\/h1>\n\n\n\n<ul class=\"wp-block-list\">\n<li><a href=\"https:\/\/www.icomos.org\/en\" target=\"_blank\" rel=\"noreferrer noopener\">ICOMOS International<\/a><\/li>\n\n\n\n<li><a href=\"https:\/\/docomomo.com\" target=\"_blank\" rel=\"noreferrer noopener\">DOCOMOMO International<\/a><\/li>\n\n\n\n<li class=\"pb-2\"><a href=\"https:\/\/www.bmwsb.bund.de\/\" target=\"_blank\" rel=\"noreferrer noopener\">BMWSB \u2013 Bundesministerium f\u00fcr Wohnen, <br>Stadtentwicklung und Bauwesen<\/a> <\/li>\n<\/ul>\n\n\n\n<h1 class=\"pb-2 wp-block-heading\">Organisation und Kuration<\/h1>\n\n\n\n<ul class=\"wp-block-list\">\n<li><a href=\"https:\/\/bauhaus-reuse.de\" target=\"_blank\" rel=\"noreferrer noopener\">BHROX bauhaus reuse \/ zukunftsgeraeusche GbR <\/a>\u2013Kuration und Koordination: Robert K. Huber, Produktion: Peter Winter<\/li>\n\n\n\n<li class=\"pb-2\">In Abstimmung und Co-Kuration mit: <br><a href=\"https:\/\/www.linkedin.com\/in\/benbuschfeld\/\" target=\"_blank\" rel=\"noreferrer noopener\">Ben Buschfeld, <\/a><a rel=\"noreferrer noopener\" href=\"http:\/\/www.buschfeld.com\" target=\"_blank\">buschfeld.com &#8211; <\/a><br><a rel=\"noreferrer noopener\" href=\"http:\/\/www.buschfeld.com\" target=\"_blank\">graphic and interface design<\/a><\/li>\n<\/ul>\n\n\n\n<h1 class=\"pb-2 wp-block-heading\">in Zusammenarbeit mit<\/h1>\n\n\n\n<ul class=\"wp-block-list\">\n<li>Bezirk Charlottenburg-Wilmersdorf <\/li>\n\n\n\n<li>Centre for Urban History, Lviv (CUH)<\/li>\n\n\n\n<li>International Cultural Centre Krakow with Museum of Architecture Wroc\u0142aw<\/li>\n\n\n\n<li>Lviv Polytechnic National University<\/li>\n\n\n\n<li>Kharkiv School of Architecture<\/li>\n\n\n\n<li>Urban Forms Center, Kharkiv<\/li>\n\n\n\n<li>Kharkiv National University of Civil Engineering and Architecture<\/li>\n\n\n\n<li>GJA \u2013 Gesellschaft zur Erforschung des Lebens u. Wirkens deutschsprachiger j\u00fcdischer Architekten<\/li>\n\n\n\n<li>IfA \u2013 Technische Universit\u00e4t Berlin<\/li>\n\n\n\n<li>Bundesinstitut f\u00fcr Kultur u. Geschichte der Deutschen im \u00f6stlichen Europa<\/li>\n\n\n\n<li class=\"pb-4\">House of Arts, Brno <\/li>\n<\/ul>\n\n\n\n<h1 class=\"pb-3 wp-block-heading\">Docomomo Journal No. 67<\/h1>\n\n\n\n<figure class=\"wp-block-image size-large is-resized\"><a href=\"https:\/\/docomomojournal.com\/index.php\/journal\/issue\/view\/42\" target=\"_blank\" rel=\"noreferrer noopener\"><img loading=\"lazy\" decoding=\"async\" src=\"\/2022\/wp-content\/uploads\/sites\/8\/2022\/12\/FRONTcover_DCMM_JOURNAL-67_20221207-Kopie-543x768.jpg\" alt=\"\" class=\"wp-image-4686\" width=\"200\" height=\"295\"\/><\/a><figcaption class=\"wp-element-caption\"><a rel=\"noreferrer noopener\" href=\"https:\/\/docomomojournal.com\/index.php\/journal\/issue\/view\/42\" target=\"_blank\">Preview und einzelne Artikel<\/a><\/figcaption><\/figure>\n<\/div>\n<\/div>\n\n\n\n<hr class=\"wp-block-separator has-css-opacity\"\/>\n\n\n\n<div class=\"wp-block-columns is-layout-flex wp-container-core-columns-is-layout-4 wp-block-columns-is-layout-flex\">\n<div class=\"wp-block-column is-layout-flow wp-block-column-is-layout-flow\" style=\"flex-basis:66.66%\">\n<p>Der Themen-Schwerpunkt &#8222;Modernism in Ukraine&#8220; wurde gef\u00f6rdert durch das <br>Bundesministerium f\u00fcr Wohnen, Stadtentwicklung und Bauwesen (<a href=\"https:\/\/www.bmwsb.bund.de\/\" target=\"_blank\" rel=\"noreferrer noopener\">BMWSB<\/a>).<\/p>\n\n\n\n<p>Die Arbeit von Svitlana Smolenska (Teil 4) wurde gef\u00f6rdert durch die VolkswagenStiftung.<\/p>\n\n\n\n<p>Der &#8222;Special-Focus &#8211; Moderne in der Ukraine&#8220; wird in einer Kooperation von <br>Triennale der Moderne mit <a rel=\"noreferrer noopener\" href=\"https:\/\/docomomo.com\" target=\"_blank\">DOCOMOMO International<\/a> und <a rel=\"noreferrer noopener\" href=\"https:\/\/www.icomos.org\/en\" target=\"_blank\">ICOMOS<\/a> pr\u00e4sentiert. <\/p>\n\n\n\n<p class=\"pb-4\">Die Triennale der Moderne wird mit Mitteln der LOTTO-Stiftung Berlin <br>und des Landesdenkmalamts Berlin gef\u00f6rdert.<\/p>\n\n\n\n<div class=\"wp-block-columns is-layout-flex wp-container-core-columns-is-layout-3 wp-block-columns-is-layout-flex\">\n<div class=\"wp-block-column is-layout-flow wp-block-column-is-layout-flow\">\n<figure class=\"wp-block-image size-large is-resized\"><img loading=\"lazy\" decoding=\"async\" src=\"\/2022\/wp-content\/uploads\/sites\/8\/2022\/09\/Logo_Triennale-der-Moderne_ToM-URL_RGB-1024x370.png\" alt=\"\" class=\"wp-image-3846\" width=\"150\" height=\"52\"\/><\/figure>\n<\/div>\n\n\n\n<div class=\"wp-block-column is-layout-flow wp-block-column-is-layout-flow\">\n<figure class=\"wp-block-image size-full is-resized\"><a href=\"https:\/\/docomomo.com\" target=\"_blank\" rel=\"noreferrer noopener\"><img loading=\"lazy\" decoding=\"async\" src=\"\/2022\/wp-content\/uploads\/sites\/8\/2022\/09\/logo_docomomo-international_web.jpg\" alt=\"\" class=\"wp-image-3707\" width=\"160\" height=\"50\" srcset=\"\/2022\/wp-content\/uploads\/sites\/8\/2022\/09\/logo_docomomo-international_web.jpg 784w, \/2022\/wp-content\/uploads\/sites\/8\/2022\/09\/logo_docomomo-international_web-600x187.jpg 600w, \/2022\/wp-content\/uploads\/sites\/8\/2022\/09\/logo_docomomo-international_web-768x239.jpg 768w\" sizes=\"(max-width: 160px) 100vw, 160px\" \/><\/a><\/figure>\n<\/div>\n\n\n\n<div class=\"wp-block-column is-layout-flow wp-block-column-is-layout-flow\">\n<figure class=\"wp-block-image size-large is-resized\"><a href=\"https:\/\/www.icomos.org\/en\" target=\"_blank\" rel=\"noreferrer noopener\"><img loading=\"lazy\" decoding=\"async\" src=\"\/2022\/wp-content\/uploads\/sites\/8\/2022\/09\/1280px-Icomos-logo-en.svg_-1024x262.png\" alt=\"\" class=\"wp-image-3706\" width=\"160\" height=\"41\" srcset=\"\/2022\/wp-content\/uploads\/sites\/8\/2022\/09\/1280px-Icomos-logo-en.svg_-1024x262.png 1024w, \/2022\/wp-content\/uploads\/sites\/8\/2022\/09\/1280px-Icomos-logo-en.svg_-600x153.png 600w, \/2022\/wp-content\/uploads\/sites\/8\/2022\/09\/1280px-Icomos-logo-en.svg_-768x196.png 768w, \/2022\/wp-content\/uploads\/sites\/8\/2022\/09\/1280px-Icomos-logo-en.svg_.png 1280w\" sizes=\"(max-width: 160px) 100vw, 160px\" \/><\/a><\/figure>\n<\/div>\n<\/div>\n<\/div>\n\n\n\n<div class=\"wp-block-column is-layout-flow wp-block-column-is-layout-flow\" style=\"flex-basis:33.33%\"><div class=\"wp-block-image pb-5\">\n<figure class=\"alignright size-full is-resized\"><img loading=\"lazy\" decoding=\"async\" src=\"\/2022\/wp-content\/uploads\/sites\/8\/2022\/09\/Logo_BMWSB_Web_Umraum_S.png\" alt=\"\" class=\"wp-image-3655\" width=\"375\" height=\"172\"\/><figcaption class=\"wp-element-caption\">  <\/figcaption><\/figure><\/div>\n\n<div class=\"wp-block-image\">\n<figure class=\"alignright size-medium is-resized\"><img loading=\"lazy\" decoding=\"async\" src=\"\/2022\/wp-content\/uploads\/sites\/8\/2022\/02\/LOTTO-Stiftung_4c_Transparent-600x294.jpg\" alt=\"\" class=\"wp-image-408\" width=\"350\" height=\"180\"\/><\/figure><\/div><\/div>\n<\/div>\n\n\n\n<p><\/p>\n\n\n\n<p><\/p>\n","protected":false},"excerpt":{"rendered":"<p>17.12.2022: Finissage des f\u00fcnften Ausstellungsteils Release und Workshop-Talk zur Sonderausgabe DOCOMOMO Journal &#8222;Modern Movement in Ukraine&#8220; Save-the-date: Am 17. Dezember findet ab 15:30 Uhr im BHROX bauhaus reuse auf dem Ernst-Reuter-Platz die Finissage der f\u00fcnfteiligen Ausstellungsreihe &#8222;Modernism in Ukraine&#8220; statt. Als formaler Abschluss des diesj\u00e4hrigen Triennale-Festivals bildet das Event einen weiteren H\u00f6hepunkt des Berliner Programms. [&hellip;]<\/p>\n","protected":false},"author":2,"featured_media":4684,"parent":778,"menu_order":0,"comment_status":"closed","ping_status":"closed","template":"","meta":{"_acf_changed":false,"footnotes":""},"class_list":["post-4705","page","type-page","status-publish","has-post-thumbnail","hentry"],"acf":[],"_links":{"self":[{"href":"https:\/\/triennale-der-moderne.de\/2022\/wp-json\/wp\/v2\/pages\/4705"}],"collection":[{"href":"https:\/\/triennale-der-moderne.de\/2022\/wp-json\/wp\/v2\/pages"}],"about":[{"href":"https:\/\/triennale-der-moderne.de\/2022\/wp-json\/wp\/v2\/types\/page"}],"author":[{"embeddable":true,"href":"https:\/\/triennale-der-moderne.de\/2022\/wp-json\/wp\/v2\/users\/2"}],"replies":[{"embeddable":true,"href":"https:\/\/triennale-der-moderne.de\/2022\/wp-json\/wp\/v2\/comments?post=4705"}],"version-history":[{"count":3,"href":"https:\/\/triennale-der-moderne.de\/2022\/wp-json\/wp\/v2\/pages\/4705\/revisions"}],"predecessor-version":[{"id":4768,"href":"https:\/\/triennale-der-moderne.de\/2022\/wp-json\/wp\/v2\/pages\/4705\/revisions\/4768"}],"up":[{"embeddable":true,"href":"https:\/\/triennale-der-moderne.de\/2022\/wp-json\/wp\/v2\/pages\/778"}],"wp:featuredmedia":[{"embeddable":true,"href":"https:\/\/triennale-der-moderne.de\/2022\/wp-json\/wp\/v2\/media\/4684"}],"wp:attachment":[{"href":"https:\/\/triennale-der-moderne.de\/2022\/wp-json\/wp\/v2\/media?parent=4705"}],"curies":[{"name":"wp","href":"https:\/\/api.w.org\/{rel}","templated":true}]}}