{"id":3998,"date":"2022-10-04T15:24:39","date_gmt":"2022-10-04T13:24:39","guid":{"rendered":"\/2022\/?page_id=3998"},"modified":"2023-10-06T17:32:08","modified_gmt":"2023-10-06T15:32:08","slug":"auf-dem-podium","status":"publish","type":"page","link":"\/2022\/berlin-partner\/auf-dem-podium\/","title":{"rendered":"B-Partner: Auf dem Podium"},"content":{"rendered":"\n<h1 class=\"has-text-align-left wp-block-heading\">G\u00e4ste auf dem Podium<\/h1>\n\n\n\n<h2 class=\"wp-block-heading\">Referent*innen, Moderator*innen und Talk-G\u00e4ste beim Auftakt-Event in Berlin<\/h2>\n\n\n\n<h3 class=\"pb-3 wp-block-heading\">Im Rahmen der zweit\u00e4gigen Auftakt-Veranstaltung in der Tschechischen Botschaft und dem Architekturgeb\u00e4ude der TU Berlin freuen wir uns auf rund 50  Expert*innen aus dem In- und Ausland. Allein die Section 4 mit dem &#8222;Pecha Kucha der Moderne&#8220; z\u00e4hlt 21 Teilnehmende. Besonders freuen wir uns aber \u00fcber G\u00e4ste aus Zentraleuropa und \u2013 dank kurzfristiger F\u00f6rderung des BMWSB \u2013 aus der Ukraine!<\/h3>\n\n\n\n<figure class=\"wp-block-image size-large pb-4\"><img loading=\"lazy\" decoding=\"async\" width=\"1024\" height=\"574\" src=\"\/2022\/wp-content\/uploads\/sites\/8\/2022\/10\/TDM-2022_Participants_Portraits_03-1024x574.jpg\" alt=\"\" class=\"wp-image-4212\" srcset=\"\/2022\/wp-content\/uploads\/sites\/8\/2022\/10\/TDM-2022_Participants_Portraits_03-1024x574.jpg 1024w, \/2022\/wp-content\/uploads\/sites\/8\/2022\/10\/TDM-2022_Participants_Portraits_03-600x336.jpg 600w, \/2022\/wp-content\/uploads\/sites\/8\/2022\/10\/TDM-2022_Participants_Portraits_03-768x430.jpg 768w, \/2022\/wp-content\/uploads\/sites\/8\/2022\/10\/TDM-2022_Participants_Portraits_03-1536x860.jpg 1536w, \/2022\/wp-content\/uploads\/sites\/8\/2022\/10\/TDM-2022_Participants_Portraits_03-2048x1147.jpg 2048w\" sizes=\"(max-width: 1024px) 100vw, 1024px\" \/><figcaption class=\"wp-element-caption\">Expert*innen auf dem Podium der Auftakt-Veranstaltung zur Triennale der Moderne 2022 in Berlin<\/figcaption><\/figure>\n\n\n\n<div class=\"wp-block-columns is-layout-flex wp-container-core-columns-is-layout-1 wp-block-columns-is-layout-flex\">\n<div class=\"wp-block-column is-layout-flow wp-block-column-is-layout-flow\" style=\"flex-basis:66.66%\">\n<h1 class=\"pb-3 wp-block-heading\">Auf dem Podium am 30.9. + 1.10.2022 mit dabei (v.l.n.r.)<\/h1>\n\n\n\n<ul class=\"wp-block-list\">\n<li>Riin Alatalu, ICOMOS International, Tallin (Moderation)<\/li>\n\n\n\n<li>Sabine Ambrosius, Landesdenkmalamt Berlin (Moderation, Pecha Kucha)<\/li>\n\n\n\n<li>Ayhan Ayrilmaz, Architektenkammer Berlin (Moderation)<\/li>\n\n\n\n<li>Claudia Banz, Kunstgewerbemuseum \/ SMPK Berlin (Talk-Gast)<\/li>\n\n\n\n<li>Ralf Beil, V\u00f6lklinger H\u00fctte (Impuls)<\/li>\n\n\n\n<li>Regina Bittner, Stiftung Bauhaus Dessau (Talk-Gast)<\/li>\n\n\n\n<li>Anke Bl\u00fcm, Klassik Stiftung Weimar \/ Bauhaus Museum Weimar (Talk-Gast)<\/li>\n\n\n\n<li>Rolf B\u00f6singer, Staatssekret\u00e4r beim <br>Bundesministerium f\u00fcr Wohnen, Stadtentwicklung und Bauwesen (Gru\u00dfwort)<\/li>\n\n\n\n<li>Sandra Bornemann-Quecke, Darmstadt Mathildenh\u00f6he (Impuls)<\/li>\n\n\n\n<li>Jeannette Brabenetz, Chemnitz \u2013 European Capital of Culture 2025 (Talk-Gast)<\/li>\n\n\n\n<li>Winfried Brenne, Brenne Architekten (Pecha Kucha)<\/li>\n\n\n\n<li>Ben Buschfeld, buschfeld.com \/ Tautes Heim (Kuration, Moderation, Pecha Kucha)<\/li>\n\n\n\n<li>Bohdan Cherkes, Lviv Polytechnic National University (Impuls Ukraine-Special)<\/li>\n\n\n\n<li>Robert Conrad, Fotograf (Pecha Kucha)<\/li>\n\n\n\n<li>Tanja Conley, DOCMOMO Serbia, Belgrad (Impuls)<\/li>\n\n\n\n<li>David Crowley, National College of Art and Design Dublin (Keynote) <\/li>\n\n\n\n<li>Eszter D\u00e1vida, KEK &#8211; Kort\u00e1rs \u00c9p\u00edt\u00e9szeti K\u00f6zpont, Budapest (Talk-Gast)<\/li>\n\n\n\n<li>Ana Ivanovska Deskova, Contineo 2022, Skopje (Impuls)<\/li>\n\n\n\n<li>Karsten Feucht, Berliner Zentrum Industriekultur (Pecha Kucha)<\/li>\n\n\n\n<li>Thomas Flierl, Hermann-Henselmann-Stiftung (Pecha Kucha)<\/li>\n\n\n\n<li>Nadine Gebauer, Fagus Werk Alfeld (Impuls)<\/li>\n\n\n\n<li>Leonie Glabau, Landesdenkmalamt Berlin (Pecha Kucha)<\/li>\n\n\n\n<li>Alberto Grossescu, ARCEN &#8211; Asocia\u021bia Rom\u00e2n\u0103 pentru Cultur\u0103, Bukarest (Impuls)<\/li>\n\n\n\n<li>Ievgeniia Gubkina, Urban Forms Center, Kharkiv (Impuls Ukraine-Special)<\/li>\n\n\n\n<li>Mila Hacke, Fotografin (Pecha Kucha)<\/li>\n\n\n\n<li>Simone Hain, Graz University of Technology (Pecha Kucha)<\/li>\n\n\n\n<li>Robert K. Huber, zukunftsgeraeusche GbR \/ BHROX bauhaus reuse (Kuration, Moderation, Pecha Kucha)<\/li>\n\n\n\n<li>Helena Huber-Doudova, Nationalgalerie Prag (Impuls, Talk-Gast, Kurator*innen-F\u00fchrung)<\/li>\n\n\n\n<li>Bernd Hunger, Kompetenzzentrum-Gro\u00dfsiedlung e.V. (Moderation, Pecha Kucha)<\/li>\n\n\n\n<li>Christin Irrgang, Stiftung Bauhaus Dessau (Moderation, Pecha Kucha)<\/li>\n\n\n\n<li>Tom\u00e1\u0161-Kafka, Botschaft der Tschechischen Republik Berlin (Gru\u00dfwort)<\/li>\n\n\n\n<li>Janos Klaniczay, K\u00c8K &#8211; Kort\u00e1rs \u00c9p\u00edt\u00e9szeti K\u00f6zpont, Budapest (Impuls)<\/li>\n\n\n\n<li>Jens-Uwe K\u00f6hler, Studentendorf Schlachtensee eG (Pecha Kucha)<\/li>\n\n\n\n<li>Anja Kr\u00e4mer, Weissenhof Museum (Impuls)<\/li>\n\n\n\n<li>Carsten Krohn, Fotograf (Pecha Kucha)<\/li>\n\n\n\n<li>Klaus Lederer, Senator f\u00fcr Kultur und Europa \/ B\u00fcrgermeister (Gru\u00dfwort)<\/li>\n\n\n\n<li>Katrin Lesser, Landschaftsarchitektin (Pecha Kucha)<\/li>\n\n\n\n<li>Tino Mager, ICOMOS Deutschland (Moderation)<\/li>\n\n\n\n<li>Vilt\u0117 Migonyt\u0117-Petrulien\u0117, Kaunas \u2013 European Capital of Culture 2022 (Impuls, Talk-Gast)<\/li>\n\n\n\n<li>Myroslava Liakhovych, affiliate researcher at Centre for Urban History, Lviv \/ <br>presently ETH Zurich \u2013 Institute for History and Theory of Architecture (Impuls Ukraine-Special)<\/li>\n\n\n\n<li>Uta Pottgiesser, DOCOMOMO International (Moderation, Talk-Gast)<\/li>\n\n\n\n<li>Christoph Rauhut, Landesdenkmalamt Berlin (Moderation, Pecha Kucha)<\/li>\n\n\n\n<li>G\u00fcnter Schlusche, Gesellschaft zur Erforschung des <br>Lebens und Wirkens deutschsprachiger j\u00fcdischer Architekten e.V.&nbsp;(Pecha Kucha)<\/li>\n\n\n\n<li>Phillip Sturm, ernst-may-gesellschaft e.V., Frankfurt (Pecha Kucha)<\/li>\n\n\n\n<li>Clemens Sch\u00f6ll, F\u00f6rderverein Palast der Republik e.V. (Pecha Kucha)<\/li>\n\n\n\n<li>Svitlana Smolenska, affiliate researcher at Kharkiv School of Architecture, <br>Technical University of Berlin and OWL University of Applied Sciences and Arts (Impuls Ukraine-Special)<\/li>\n\n\n\n<li>Nina Wiedemeyer, Bauhaus-Archiv Berlin (Talk-Gast)<\/li>\n\n\n\n<li>Michal Wisniewski, instytut architektury \/ ICC Krakau (Impuls)<\/li>\n\n\n\n<li>Moritz Wullen, Kunstbibliothek, Staatliche Museen zu Berlin (Moderation)<\/li>\n<\/ul>\n\n\n\n<hr class=\"wp-block-separator has-css-opacity\"\/>\n\n\n\n<p><strong>Kurzfristig ausgefallen<\/strong><\/p>\n\n\n\n<ul class=\"wp-block-list\">\n<li>Marion Ble\u00df, LOTTO-Stiftung Berlin (Gru\u00dfwort)<\/li>\n\n\n\n<li>Anja Guttenberger, Besucherzentrum Bauhausschule Bernau <br>(Pecha Kucha \u2013 vertreten durch Christian Schwerdtner, Kulturamt Bernau)<\/li>\n\n\n\n<li>Henrieta Morav\u010d\u00edkov\u00e1, STU Bratislava, DOCOMOMO Serbia (Talk-Gast)<\/li>\n\n\n\n<li>Fabian Reifferscheidt, Br\u00f6han Museum (Pecha Kucha)<\/li>\n<\/ul>\n<\/div>\n\n\n\n<div class=\"wp-block-column is-layout-flow wp-block-column-is-layout-flow\" style=\"flex-basis:33.33%\">\n<h1 class=\"wp-block-heading\">Lebensl\u00e4ufe \/ Portr\u00e4ts<\/h1>\n\n\n\n<p class=\"pb-1\">Lebensl\u00e4ufe, Biografien und CVs der Teilnehmenden auf dem Podium<\/p>\n\n\n\n<ul class=\"wp-block-list\">\n<li><a href=\"\/2022\/wp-content\/uploads\/sites\/8\/2023\/10\/TDM-2022_Day-12_Speakers_CVs.pdf\" target=\"_blank\" rel=\"noreferrer noopener\">Download \/ Anzeige als PDF<\/a><\/li>\n<\/ul>\n\n\n\n<hr class=\"wp-block-separator has-css-opacity\"\/>\n\n\n\n<h1 class=\"wp-block-heading\">Kuration und Koordination<\/h1>\n\n\n\n<p class=\"pb-2\">der zweit\u00e4gigen Auftakt-Veranstaltung<\/p>\n\n\n\n<p><strong>Robert K. Huber<\/strong><br>zukunftsgeraeusche GbR \/ BHROX bauhaus reuse<br>Postfach 120618, 10596 Berlin<br>Tel. +49 (0)30-314-72202<br><a rel=\"noreferrer noopener\" href=\"https:\/\/zukunftsgeraeusche.de\" target=\"_blank\">www.zukunftsgeraeusche.de<\/a><\/p>\n\n\n\n<p class=\"pb-2\"><strong>Ben Buschfeld<\/strong> <br>buschfeld.com &#8211; graphic and interface design<br>Parchimer Allee 81 B, 12359 Berlin<br>Tel.: +49 (0)30-25922963<br><a rel=\"noreferrer noopener\" href=\"http:\/\/www.buschfeld.com\" target=\"_blank\">www.buschfeld.com<\/a> | <a rel=\"noreferrer noopener\" href=\"https:\/\/www.linkedin.com\/in\/benbuschfeld\/\" target=\"_blank\">Linkedin<\/a> \u00b7 <a rel=\"noreferrer noopener\" href=\"https:\/\/www.facebook.com\/ben.buschfeld\" target=\"_blank\">Facebook<\/a> \u00b7 <a rel=\"noreferrer noopener\" href=\"https:\/\/www.instagram.com\/benbuschfeld\/\" target=\"_blank\">Instagram<\/a><\/p>\n\n\n\n<hr class=\"wp-block-separator has-css-opacity\"\/>\n\n\n\n<h1 class=\"pb-3 wp-block-heading\">Organisation und Programm<\/h1>\n\n\n\n<p><strong>Technische Leitung<\/strong><br>Peter Winter, zukunftsgeraeusche GbR \/ BHROX bauhaus reuse + Team \/ Freie Mitarbeiter*innen<\/p>\n\n\n\n<p><strong>G\u00e4stebetreuung<\/strong><br>Hilal Beratoglu, Jana Dudova<\/p>\n\n\n\n<p><strong>Tschechische Botschaft<\/strong><br>Lydie Holinkov\u00e1 (Kultur- und Presseattach\u00e9)<\/p>\n\n\n\n<p><strong>Tschechisches Zentrum<\/strong><br>Simona Binko (Koordination, Kurator*innen-F\u00fchrung)<\/p>\n\n\n\n<hr class=\"wp-block-separator has-css-opacity\"\/>\n\n\n\n<h1 class=\"pb-3 wp-block-heading\">Impressionen<\/h1>\n\n\n\n<figure class=\"wp-block-image size-large\"><a href=\"\/2022\/wp-content\/uploads\/sites\/8\/2022\/10\/TDM-2022_Collage_Tag1_LoRes.jpg\" target=\"_blank\" rel=\"noopener\"><img loading=\"lazy\" decoding=\"async\" width=\"768\" height=\"768\" src=\"\/2022\/wp-content\/uploads\/sites\/8\/2022\/10\/TDM-2022_Collage_Tag1_LoRes-768x768.jpg\" alt=\"\" class=\"wp-image-4087\" srcset=\"\/2022\/wp-content\/uploads\/sites\/8\/2022\/10\/TDM-2022_Collage_Tag1_LoRes-768x768.jpg 768w, \/2022\/wp-content\/uploads\/sites\/8\/2022\/10\/TDM-2022_Collage_Tag1_LoRes-400x400.jpg 400w, \/2022\/wp-content\/uploads\/sites\/8\/2022\/10\/TDM-2022_Collage_Tag1_LoRes-1536x1536.jpg 1536w, \/2022\/wp-content\/uploads\/sites\/8\/2022\/10\/TDM-2022_Collage_Tag1_LoRes.jpg 2000w\" sizes=\"(max-width: 768px) 100vw, 768px\" \/><\/a><figcaption class=\"wp-element-caption\">30.9.2022 &#8211; Auftakt Triennale der Moderne 2022, <strong>Tag 1<\/strong><\/figcaption><\/figure>\n\n\n\n<figure class=\"wp-block-image size-large\"><a href=\"\/2022\/wp-content\/uploads\/sites\/8\/2022\/10\/TDM-2022_Collage_Tag2_LoRes.jpg\" target=\"_blank\" rel=\"noopener\"><img loading=\"lazy\" decoding=\"async\" width=\"766\" height=\"768\" src=\"\/2022\/wp-content\/uploads\/sites\/8\/2022\/10\/TDM-2022_Collage_Tag2_LoRes-1-766x768.jpg\" alt=\"\" class=\"wp-image-4158\" srcset=\"\/2022\/wp-content\/uploads\/sites\/8\/2022\/10\/TDM-2022_Collage_Tag2_LoRes-1-766x768.jpg 766w, \/2022\/wp-content\/uploads\/sites\/8\/2022\/10\/TDM-2022_Collage_Tag2_LoRes-1-399x400.jpg 399w, \/2022\/wp-content\/uploads\/sites\/8\/2022\/10\/TDM-2022_Collage_Tag2_LoRes-1-768x770.jpg 768w, \/2022\/wp-content\/uploads\/sites\/8\/2022\/10\/TDM-2022_Collage_Tag2_LoRes-1-1531x1536.jpg 1531w, \/2022\/wp-content\/uploads\/sites\/8\/2022\/10\/TDM-2022_Collage_Tag2_LoRes-1.jpg 1999w\" sizes=\"(max-width: 766px) 100vw, 766px\" \/><\/a><figcaption class=\"wp-element-caption\">1.10.2022 &#8211; Auftakt Triennale der Moderne 2022, <strong>Tag 2<\/strong><\/figcaption><\/figure>\n\n\n\n<p><br><\/p>\n\n\n\n<p><br><\/p>\n<\/div>\n<\/div>\n\n\n\n<div class=\"wp-block-columns is-layout-flex wp-container-core-columns-is-layout-2 wp-block-columns-is-layout-flex\">\n<div class=\"wp-block-column is-layout-flow wp-block-column-is-layout-flow\" style=\"flex-basis:33.33%\"><\/div>\n\n\n\n<div class=\"wp-block-column is-layout-flow wp-block-column-is-layout-flow\" style=\"flex-basis:66.66%\"><\/div>\n<\/div>\n\n\n\n<div class=\"wp-block-columns is-layout-flex wp-container-core-columns-is-layout-3 wp-block-columns-is-layout-flex\">\n<div class=\"wp-block-column is-layout-flow wp-block-column-is-layout-flow\">\n<figure class=\"wp-block-image size-large\"><img loading=\"lazy\" decoding=\"async\" width=\"1024\" height=\"139\" src=\"\/2022\/wp-content\/uploads\/sites\/8\/2022\/10\/Logo-Leiste_TDM-2022_condensed-1024x139.jpg\" alt=\"\" class=\"wp-image-4013\" srcset=\"\/2022\/wp-content\/uploads\/sites\/8\/2022\/10\/Logo-Leiste_TDM-2022_condensed-1024x139.jpg 1024w, \/2022\/wp-content\/uploads\/sites\/8\/2022\/10\/Logo-Leiste_TDM-2022_condensed-600x82.jpg 600w, \/2022\/wp-content\/uploads\/sites\/8\/2022\/10\/Logo-Leiste_TDM-2022_condensed-768x104.jpg 768w, \/2022\/wp-content\/uploads\/sites\/8\/2022\/10\/Logo-Leiste_TDM-2022_condensed-1536x209.jpg 1536w, \/2022\/wp-content\/uploads\/sites\/8\/2022\/10\/Logo-Leiste_TDM-2022_condensed.jpg 1955w\" sizes=\"(max-width: 1024px) 100vw, 1024px\" \/><\/figure>\n<\/div>\n<\/div>\n","protected":false},"excerpt":{"rendered":"<p>Liste der St\u00e4ndigen Partner*innen der Triennale der Moderne aus Weimar, Dessau und Berlin<\/p>\n","protected":false},"author":2,"featured_media":0,"parent":1387,"menu_order":1,"comment_status":"closed","ping_status":"closed","template":"","meta":{"_acf_changed":false,"footnotes":""},"class_list":["post-3998","page","type-page","status-publish","hentry"],"acf":[],"_links":{"self":[{"href":"https:\/\/triennale-der-moderne.de\/2022\/wp-json\/wp\/v2\/pages\/3998"}],"collection":[{"href":"https:\/\/triennale-der-moderne.de\/2022\/wp-json\/wp\/v2\/pages"}],"about":[{"href":"https:\/\/triennale-der-moderne.de\/2022\/wp-json\/wp\/v2\/types\/page"}],"author":[{"embeddable":true,"href":"https:\/\/triennale-der-moderne.de\/2022\/wp-json\/wp\/v2\/users\/2"}],"replies":[{"embeddable":true,"href":"https:\/\/triennale-der-moderne.de\/2022\/wp-json\/wp\/v2\/comments?post=3998"}],"version-history":[{"count":121,"href":"https:\/\/triennale-der-moderne.de\/2022\/wp-json\/wp\/v2\/pages\/3998\/revisions"}],"predecessor-version":[{"id":5021,"href":"https:\/\/triennale-der-moderne.de\/2022\/wp-json\/wp\/v2\/pages\/3998\/revisions\/5021"}],"up":[{"embeddable":true,"href":"https:\/\/triennale-der-moderne.de\/2022\/wp-json\/wp\/v2\/pages\/1387"}],"wp:attachment":[{"href":"https:\/\/triennale-der-moderne.de\/2022\/wp-json\/wp\/v2\/media?parent=3998"}],"curies":[{"name":"wp","href":"https:\/\/api.w.org\/{rel}","templated":true}]}}