{"id":1709,"date":"2022-03-11T17:13:42","date_gmt":"2022-03-11T16:13:42","guid":{"rendered":"\/2022\/?page_id=1709"},"modified":"2022-07-28T13:26:03","modified_gmt":"2022-07-28T11:26:03","slug":"le-corbusier-stuttgart","status":"publish","type":"page","link":"\/2022\/partnerstaedte-de\/le-corbusier-stuttgart\/","title":{"rendered":"DE-Partnerst\u00e4tte Weissenhof Museum"},"content":{"rendered":"\n<h1 class=\"wp-block-heading\">Le Corbusier H\u00e4user in Stuttgart<\/h1>\n\n\n\n<h2 class=\"wp-block-heading\">Teil einer transnationalen UNESCO-Welterbest\u00e4tte der Moderne<\/h2>\n\n\n\n<h3 class=\"pb-2 wp-block-heading\">Die Triennale der Moderne will mittelfristig ein Netzwerk der deutschen Welterbest\u00e4tten der Moderne etablieren \u2014 Ab 2022 als assoziierte Partner*in neu dabei sind die H\u00e4user Le Corbusiers in Stuttgart. Sie sind Teil der 1927 gebauten Weissenhofsiedlung und als Welterbest\u00e4tte Teil einer l\u00e4nder\u00fcbergreifenden Serie aus 17 Ensembles des Architekten Le Corbusier in Frankreich, Belgien, Indien, Japan, Argentinien und der Schweiz.<\/h3>\n\n\n\n<figure class=\"wp-block-image size-large pb-3\"><img loading=\"lazy\" decoding=\"async\" width=\"1024\" height=\"683\" src=\"\/2022\/wp-content\/uploads\/sites\/8\/2022\/03\/DE-Partner_weissenhofmuseum_Einfam_u_Doppelhaus_LC_180925003_Copyright_Brigida-Gonzalez_MidRes-1024x683.jpg\" alt=\"\" class=\"wp-image-1702\" srcset=\"\/2022\/wp-content\/uploads\/sites\/8\/2022\/03\/DE-Partner_weissenhofmuseum_Einfam_u_Doppelhaus_LC_180925003_Copyright_Brigida-Gonzalez_MidRes-1024x683.jpg 1024w, \/2022\/wp-content\/uploads\/sites\/8\/2022\/03\/DE-Partner_weissenhofmuseum_Einfam_u_Doppelhaus_LC_180925003_Copyright_Brigida-Gonzalez_MidRes-600x400.jpg 600w, \/2022\/wp-content\/uploads\/sites\/8\/2022\/03\/DE-Partner_weissenhofmuseum_Einfam_u_Doppelhaus_LC_180925003_Copyright_Brigida-Gonzalez_MidRes-375x250.jpg 375w, \/2022\/wp-content\/uploads\/sites\/8\/2022\/03\/DE-Partner_weissenhofmuseum_Einfam_u_Doppelhaus_LC_180925003_Copyright_Brigida-Gonzalez_MidRes-768x512.jpg 768w, \/2022\/wp-content\/uploads\/sites\/8\/2022\/03\/DE-Partner_weissenhofmuseum_Einfam_u_Doppelhaus_LC_180925003_Copyright_Brigida-Gonzalez_MidRes-1536x1024.jpg 1536w, \/2022\/wp-content\/uploads\/sites\/8\/2022\/03\/DE-Partner_weissenhofmuseum_Einfam_u_Doppelhaus_LC_180925003_Copyright_Brigida-Gonzalez_MidRes-2048x1365.jpg 2048w\" sizes=\"(max-width: 1024px) 100vw, 1024px\" \/><figcaption>Le Corbusier H\u00e4user, Stuttgart \u00a9 gonz\u00e1lez\/weissenhofmuseum<\/figcaption><\/figure>\n\n\n\n<h1 class=\"pb-2 wp-block-heading\">Architektur und Angebote<\/h1>\n\n\n\n<div class=\"wp-block-columns is-layout-flex wp-container-core-columns-is-layout-1 wp-block-columns-is-layout-flex\">\n<div class=\"wp-block-column is-layout-flow wp-block-column-is-layout-flow\" style=\"flex-basis:66.66%\">\n<p>Die Weissenhofsiedlung entsteht 1927 im Rahmen der Bauausstellung \u201eDie Wohnung\u201c, organisiert vom Deutschen Werkbund und finanziert von der Stadt Stuttgart. W\u00e4hrend der Ausstellung k\u00f6nnen 33 H\u00e4user von au\u00dfen und innen besichtigt werden. Danach werden sie vermietet.<br>An der Schau nehmen 17 internationale Architekten unter der k\u00fcnstlerischen Leitung von Ludwig Mies van der Rohe teil. Zu sehen sind 33 innovative und zukunftsgerichtete H\u00e4user f\u00fcr modernes, gesundes, erschwingliches und funktionales Wohnen. Unter den Beteiligten sind Architekturgr\u00f6\u00dfen wie Walter Gropius, Hans Scharoun und Le Corbusier.<\/p>\n\n\n\n<p>Le Corbusier baut mit seinem B\u00fcropartner und Cousin Pierre Jeanneret ein Einfamilien- und ein Doppelwohnhaus. Beides sind programmatische Bauten, die dem flie\u00dfenden Raum und dem variablen Wohnen gewidmet sind. Modellhaft stehen sie f\u00fcr Le Corbusiers Programm \u201eF\u00fcnf Punkte zu einer neuen Architektur\u201c, das er anl\u00e4sslich der Weissenhofausstellung erstmals ver\u00f6ffentlicht.&nbsp;<\/p>\n\n\n\n<p>Bald nach der Ausstellung werden die Weissenhofh\u00e4user ver\u00e4ndert und umgebaut. Erst ab den 1980er Jahren gelingen denkmalgerechte Sanierungen. 2006 \u00f6ffnet schlie\u00dflich nach einer zweiten, aufw\u00e4ndigen Sanierung das Weissenhofmuseum im Doppelhaus von Le Corbusier f\u00fcr die \u00d6ffentlichkeit. Es zeigt eine Ausstellung \u00fcber die Geschichte der Siedung. Die zweite Doppelhaush\u00e4lfte ist in der Raumaufteilung, Farbgebung und M\u00f6blierung von 1927 zu besichtigen.&nbsp;<\/p>\n\n\n\n<p>Weitere Infos und Programmangebote<\/p>\n\n\n\n<p><a href=\"http:\/\/www.weissenhofmuseum.de\" target=\"_blank\" rel=\"noreferrer noopener\">www.weissenhofmuseum.de<\/a><\/p>\n<\/div>\n\n\n\n<div class=\"wp-block-column is-layout-flow wp-block-column-is-layout-flow\" style=\"flex-basis:33.33%\">\n<h1 class=\"pb-1 wp-block-heading\">Ansprechpartnerin<\/h1>\n\n\n\n<p class=\"pb-3\">Michaela Jehle<br>Presse- und \u00d6ffentlichkeitsarbeit<br>Weissenhofmuseum im Haus Le Corbusier<br>Rathenaustra\u00dfe 1, 70191 Stuttgart<br>Tel : +49 (0)711-2579187<\/p>\n\n\n\n<h1 class=\"pb-1 wp-block-heading\">Social Media<\/h1>\n\n\n\n<ul class=\"wp-block-list\"><li><a rel=\"noreferrer noopener\" href=\"https:\/\/www.facebook.com\/Weissenhofmuseum\" target=\"_blank\">www.facebook.com\/Weissenhofmuseum<\/a><\/li><li><a rel=\"noreferrer noopener\" href=\"https:\/\/www.instagram.com\/weissenhofmuseum\/\" target=\"_blank\">www.instagram.com\/weissenhofmuseum\/<\/a><\/li><li><a rel=\"noreferrer noopener\" href=\"https:\/\/www.youtube.com\/channel\/UC13IwCKYZCDYMASNeQ1QwFw\" target=\"_blank\">www.youtube.com\/<\/a><\/li><\/ul>\n<\/div>\n<\/div>\n\n\n\n<hr class=\"wp-block-separator\"\/>\n\n\n\n<h1 class=\"wp-block-heading\">Programm zur <\/h1>\n\n\n\n<h2 class=\"pb-3 wp-block-heading\">Triennale der Moderne<\/h2>\n\n\n\n<h3 class=\"wp-block-heading\">Wie bauen? Wie wohnen? Wie leben? Werkbundsiedlungen 1927\u20131932 in Europa<\/h3>\n\n\n\n<ul class=\"wp-block-list\"><li><strong>Do, 13. Oktober 2022 ab 19.30 Uhr&nbsp;<\/strong><br>Feierstunde zur Verleihung des Europ\u00e4ischen Kulturerbe-Siegels <br>mit Nicol Razavi MdL, Ministerin f\u00fcr Landesentwicklung und Wohnen Land Baden-W\u00fcrttemberg <br>und Oberb\u00fcrgermeister Dr. Frank Nopper, Landeshauptstadt Stuttgart<br>Podiumsgespr\u00e4ch und Ausstellungser\u00f6ffnung&nbsp;<br>Wir bitten um Anmeldung unter: info&lt;at&gt;weissenhofmuseum.de<\/li><li><strong>14. Oktober 2022 bis 8. Januar 2023<\/strong><br>Ausstellung in der Weissenhofwerkstatt im Haus Mies van der Rohe Stuttgart<br>Freunde der Weissenhofsiedlung e.V. \/ Weissenhofmuseum im Haus Le Corbusier<\/li><\/ul>\n","protected":false},"excerpt":{"rendered":"<p>UNESCO-Welterbe &#8222;Das architektonische Werk von Le Corbusier&#8220;, Weissenhof Museum, Stuttgart<\/p>\n","protected":false},"author":2,"featured_media":1702,"parent":462,"menu_order":7,"comment_status":"closed","ping_status":"closed","template":"","meta":{"_acf_changed":false,"footnotes":""},"class_list":["post-1709","page","type-page","status-publish","has-post-thumbnail","hentry"],"acf":[],"_links":{"self":[{"href":"https:\/\/triennale-der-moderne.de\/2022\/wp-json\/wp\/v2\/pages\/1709"}],"collection":[{"href":"https:\/\/triennale-der-moderne.de\/2022\/wp-json\/wp\/v2\/pages"}],"about":[{"href":"https:\/\/triennale-der-moderne.de\/2022\/wp-json\/wp\/v2\/types\/page"}],"author":[{"embeddable":true,"href":"https:\/\/triennale-der-moderne.de\/2022\/wp-json\/wp\/v2\/users\/2"}],"replies":[{"embeddable":true,"href":"https:\/\/triennale-der-moderne.de\/2022\/wp-json\/wp\/v2\/comments?post=1709"}],"version-history":[{"count":26,"href":"https:\/\/triennale-der-moderne.de\/2022\/wp-json\/wp\/v2\/pages\/1709\/revisions"}],"predecessor-version":[{"id":2225,"href":"https:\/\/triennale-der-moderne.de\/2022\/wp-json\/wp\/v2\/pages\/1709\/revisions\/2225"}],"up":[{"embeddable":true,"href":"https:\/\/triennale-der-moderne.de\/2022\/wp-json\/wp\/v2\/pages\/462"}],"wp:featuredmedia":[{"embeddable":true,"href":"https:\/\/triennale-der-moderne.de\/2022\/wp-json\/wp\/v2\/media\/1702"}],"wp:attachment":[{"href":"https:\/\/triennale-der-moderne.de\/2022\/wp-json\/wp\/v2\/media?parent=1709"}],"curies":[{"name":"wp","href":"https:\/\/api.w.org\/{rel}","templated":true}]}}