{"id":44,"date":"2013-05-04T10:08:53","date_gmt":"2013-05-04T10:08:53","guid":{"rendered":"http:\/\/www.triennale-der-moderne.de\/\/?page_id=44"},"modified":"2022-02-07T15:26:56","modified_gmt":"2022-02-07T14:26:56","slug":"triennale-wochenende-ii","status":"publish","type":"page","link":"\/2019\/triennale-wochenende-ii\/","title":{"rendered":"1. Triennale-Wochenende (Weimar)"},"content":{"rendered":"<h2>Auftaktveranstaltung<\/h2>\n<h1>Freitag, 27.9.,\u00a019.30 Uhr, Weimarhalle, Gro\u00dfer Saal<\/h1>\n<p>Das Konzert <strong><a href=\"http:\/\/triennale-der-moderne.de\/2019\/stimmen-des-volkes\/\">&#8222;Stimmen des Volkes&#8220;<\/a><\/strong> von MAYBEBOP mit der Staatskapelle Weimar ist zugleich die Auftaktveranstlatung der Triennale der Moderne in Weimar.<\/p>\n<h2>ARCHITEKTURBESICHTIGUNGEN<\/h2>\n<ul>\n<li><strong><a href=\"http:\/\/triennale-der-moderne.de\/2019\/bauhaus-spaziergang\/\">Bauhaus-Spaziergang<\/a><\/strong><br \/>\nSpazieren Sie auf den Spuren des fr\u00fchen Staatlichen Bauhauses durch die historischen Orte und erleben Geschichte und Gegenwart der Bauhaus-Universit\u00e4t Weimar.<br \/>\nTreffpunkt: Bauhaus.Atelier<br \/>\nTeilnahmebeitrag: Kleiner Spaziergang 7 \u20ac, erm\u00e4\u00dfigt 5 \u20ac, Gro\u00dfer Spaziergang 12 \u20ac, erm\u00e4\u00dfigt 8 \u20ac<br \/>\nTermine: Fr 14\u201316 Uhr, Sa 14\u201316 Uhr, So 14\u201316 Uhr<br \/>\nVeranstalter: Bauhaus-Universit\u00e4t Weimar, Bauhaus-Spaziergang<br \/>\nAnmeldung: www.bauhausspaziergang@uni-weimar.de<\/li>\n<li><b><a href=\"http:\/\/triennale-der-moderne.de\/2019\/laternen-spaziergang\/\">Laternen-Spaziergang<\/a><\/b><br \/>\nSpazieren Sie wie die Bauh\u00e4usler zu ihrem j\u00e4hrlichen Laternenfest mit Lampions vorbei an den ehemaligen Wohnh\u00e4usern und Ateliers der Meister durch das n\u00e4chtliche Weimar.<br \/>\nTreffpunkt: Theaterplatz<br \/>\nTeilnahmebeitrag: 12 \u20ac, erm\u00e4\u00dfigt 8 \u20ac, inkl. Laterne und Kulturf\u00f6rderabgabe der Stadt Weimar<br \/>\nTermine: Sa 21.30 \u2013 23 Uhr<br \/>\nVeranstalter: Bauhaus-Universit\u00e4t Weimar, Bauhaus-Spaziergang<br \/>\nAnmeldung: Tourist Information Weimar oder online \u00fcber www.weimar.de\/veranstaltungen<\/li>\n<\/ul>\n<h2>TAGUNGEN UND\u00a0WORKSHOP<\/h2>\n<ul>\n<li><strong><a href=\"http:\/\/triennale-der-moderne.de\/2019\/bauhaus-und-die-musikalische-moderne-in-der-weimarer-republik-und-in-israel\/\">Bauhaus und die musikalische Moderne in der Weimarer Republik und in Israe<\/a>l<\/strong>\u00a0(Tagung)<br \/>\nVeranstaltungsort: Studienzentrum der Hochschule f\u00fcr Musik FRANZ LISZT am Horn, 99423 Weimar<br \/>\nTermine: Do \u2013 Fr, 10 \u2013 17 Uhr<br \/>\nVeranstalter: ACHAVA Festspiele Th\u00fcringen mit der Hochschule f\u00fcr Musik FRANZ LISZT Weimar und der School of Arts der Universit\u00e4t Haifa (Israel)<\/li>\n<li><b><a href=\"http:\/\/triennale-der-moderne.de\/2019\/denkraum-bauhaus-6-internationales-symposium-zur-architekturvermittlung\/\">Denkraum Bauhaus &#8211; 6. internationales Symposium zur Architekturvermittlung<\/a><\/b>\u00a0(Tagung)<br \/>\nVeranstaltungsort: Bauhaus-Universit\u00e4t Weimar, Audimax, 99423 Weimar<br \/>\nTeilnahmebeitrag: kostenfrei<br \/>\nTermine: Fr 13.30 Uhr, Sa, So 9 Uhr<br \/>\nVeranstalter:\u00a0Bauhaus-Universit\u00e4t Weimar<\/li>\n<li><strong><a href=\"http:\/\/triennale-der-moderne.de\/2019\/white-city-jazz-der-workshop\/\">White City Jazz<\/a><\/strong>\u00a0(Workshop)<br \/>\nWorkshop 1 mit Avishai Cohen (Kontrabass\/Israel\/angefragt)<br \/>\nTermin: So 11.00 bis 13.00 Uhr, Weimarhalle<br \/>\nWorkshop 2 mit Preistr\u00e4ger ACHAVA Jazz Award (N.N.)<br \/>\nTermin: So 15.00 bis 18.00 Uhr, Weimarhalle<br \/>\nWorkshop 3<br \/>\nTermin: Mo 10:00 bis 15:00 Uhr, Hochschule f\u00fcr Musik FRANZ LISZT Weimar<br \/>\nVeranstalter:\u00a0ACHAVA Festspiele Th\u00fcringen mit der Hochschule f\u00fcr Musik FRANZ<br \/>\nLISZT Weimar, der Jazzmeile Th\u00fcringen und der Stadt Weimar<\/li>\n<\/ul>\n<h2>AUSSTELLUNGEN<\/h2>\n<ul>\n<li><b><a href=\"http:\/\/triennale-der-moderne.de\/2019\/erfurthaifa-architekturen-der-moderne-in-dialogischen-bildern\/\">Erfurt\/Haifa. Architekturen der Moderne in dialogischen Bildern<\/a><\/b><br \/>\nDie St\u00e4dtepartner Erfurt und Haifa haben mit der Architektur des Neuen Bauens einen besonderen Schnittpunkt.<br \/>\nAusstellungsort: Weimarhalle, Foyer, Weimar<br \/>\nTermine: Do \u2013 So 10\u201322 Uhr<br \/>\nVeranstalter:\u00a0ACHAVA Festspiele Th\u00fcringen, der Bauhaus Universit\u00e4t Weimar und der Stadt Erfurt<\/li>\n<li><strong><a href=\"http:\/\/triennale-der-moderne.de\/2019\/the-matter-of-data\/\">The Matter of Data<\/a><\/strong><br \/>\nAusstellung und Datenplattform<br \/>\nAusstellungsort: Bauhaus-Museum, Weimar<br \/>\nTermine: 26. September bis 3. November 2019<br \/>\nVeranstalter: Klassik Stiftung Weimar in Zusammenarbeit mit der Bauhaus-Universit\u00e4t Weimar<\/li>\n<li><b><a href=\"http:\/\/triennale-der-moderne.de\/2019\/die-zeugen\/\">Die Zeugen<\/a><\/b><br \/>\nWeimar steht f\u00fcr Humanismus, Aufkl\u00e4rung und die Moderne genauso wie f\u00fcr Barbarei und V\u00f6lkermord. Der Weimarer Fotograf Thomas M\u00fcller portr\u00e4tierte \u00fcber mehrere Jahre ehemalige H\u00e4ftlinge des Konzentrationslagers Buchenwald aus verschiedenen Nationen.<br \/>\nAusstellungsort: im \u00f6ffentlichen Raum zwischen\u00a0Hauptbahnhof und Bauhaus-Museum Weimar<br \/>\nTermine: 1. April bis 29. September 2019<br \/>\nVeranstalter: ACHAVA Festspiele Th\u00fcringen mit der Stadt Weimar und der Stiftung Gedenkst\u00e4tten Buchenwald und Mittelbau-Dora<\/li>\n<li><b><a href=\"http:\/\/triennale-der-moderne.de\/2019\/stadtland\/\">StadtLand<\/a><\/b><br \/>\n2019 ist das Zwischenpr\u00e4sentationsjahr der IBA Th\u00fcringen. Zu diesem Anlass zeigt sie bei der Ausstellung \u201aStadtLand\u2019 30 \u00fcber ganz Th\u00fcringen verteilte Experimente \u00fcber das Umbauen, Neubauen und Selbermachen in der Provinz.<br \/>\nAusstellungsort:\u00a0Egon-Eiermann-Bau, Apolda<br \/>\nTermine: 24. Mai bis 29. September 2019<br \/>\nVeranstalter:\u00a0IBA Th\u00fcringen<\/li>\n<li><b><b><a href=\"http:\/\/triennale-der-moderne.de\/2019\/from-the-lab-to-the-studio-neue-technologien-und-materialien-in-der-kunst\/\">From the Lab to the Studio- neue Technologien und Materialien in der Kunst<\/a><\/b><\/b><br \/>\nEIGENHEIM Weimar\/Berlin ist 2019 das Schaufenster der Bauhaus-Universit\u00e4t Weimar im Rahmen des 100-j\u00e4hrigen Bauhaus Jubil\u00e4ums.<br \/>\nAusstellungsort: Galerie Eigenheim Weimar, Asbachstra\u00dfe 1 (G\u00e4rtnerhaus des Weimarhallenparks), Weimar<br \/>\nTermine: 13. September bis 08. November 2019<br \/>\nVeranstalter:\u00a0Galerie Eigenheim und Bauhaus-Universit\u00e4t Weimar<\/li>\n<\/ul>\n<h2>KONZERTE UND FILME<\/h2>\n<ul>\n<li><b><a href=\"http:\/\/triennale-der-moderne.de\/2019\/stimmen-des-volkes\/\">Stimmen des Volkes<\/a><\/b><br \/>\nAuftaktveranstaltung: Konzert mit Maybebop und der Staatskapelle Weimar.<br \/>\nAusstellungsort: Weimarhalle, Foyer<br \/>\nVeranstaltungsort: Weimarhalle | Gro\u00dfer Saal, Weimar<br \/>\nTermin:\u00a0Do. 19.30 Uhr<br \/>\nVeranstalter:\u00a0ACHAVA Festspiele Th\u00fcringen in Zusammenarbeit mit Maybebop, der Stadt Weimar und dem Deutschen Nationaltheater sowie der Staatskapelle Weimar<\/li>\n<li><b><a href=\"http:\/\/triennale-der-moderne.de\/2019\/schueler-und-meister-im-einklang\/\">Sch\u00fcler und Meister im Einklang<\/a><br \/>\n<\/b>Am Ende der Projektarbeit steht das gemeinsame Konzert aller Musikerinnen und Musiker im Gro\u00dfen Saal der Weimarhalle.<br \/>\nVeranstaltungsort: Weimarhalle | Gro\u00dfer Saal, Weimar<br \/>\nTermin: Fr. 18 Uhr<br \/>\nVeranstalter: ACHAVA Festspiele Th\u00fcringen in Zusammenarbeit mit dem Goethegymnasium und der Musikschule &#8222;Johann Nepomuk Hummel&#8220; Weimar<\/li>\n<li><b><a href=\"http:\/\/triennale-der-moderne.de\/2019\/trias-das-triadische-ballett\/\">TRIAS &#8211; Das Triadische Ballett<\/a><\/b><br \/>\nTheaterauff\u00fchrung. Theater der Kl\u00e4nge D\u00fcsseldorf<br \/>\nVeranstaltungsort: Weimarhalle | Gro\u00dfer Saal, Weimar<br \/>\nTermine: Fr. 21 Uhr<br \/>\nVeranstalter: Bauhaus-Universit\u00e4t Weimar in Zusammenarbeit mit den ACHAVA Festspielen Th\u00fcringen<\/li>\n<li><b><a href=\"http:\/\/triennale-der-moderne.de\/2019\/a-is-for-architecture-z-is-for-zion-n-is-for-new-life\/\">A IS FOR ARCHITECTURE. Z IS FOR ZION. N IS FOR NEW LIFE!<\/a><br \/>\n<\/b>Ein deutsch-israelisches Filmprogramm.<br \/>\nVeranstaltungsort: Kino mon ami<br \/>\nTermine: Fr. 19 Uhr, Sa. 19 Uhr, So. 18 Uhr<br \/>\nVeranstalter: Bauhaus-Universit\u00e4t Weimar<\/li>\n<li>Abyss, Out, In his place<br \/>\nDer israelische Regie-Nachwuchs zu gast in Weimar<br \/>\nVeranstaltungsort: Kino mon ami<br \/>\nTermine: Sa. 11 Uhr<br \/>\nVeranstalter: Bauhaus-Universit\u00e4t Weimar<\/li>\n<li><b><a href=\"http:\/\/triennale-der-moderne.de\/2019\/white-city-jazz-das-konzert-und-preisverleihung\/\">White City Jazz\u00a0<\/a><br \/>\n<\/b>Konzert und Preisverleihung &#8211; Internationaler Preis f\u00fcr transkulturellen Jazz<br \/>\nVeranstaltungsort: Weimarhalle | Gro\u00dfer Saal, Weimar<br \/>\nTermine: Sa. 19 Uhr<br \/>\nVeranstalter: ACHAVA Festspiele Th\u00fcringen in Zusammenarbeit mit der Hochschule f\u00fcr Musik FRANZ LISZT Weimar, der Jazzmeile Th\u00fcringen und der Stadt Weimar<\/li>\n<li><b><a href=\"http:\/\/triennale-der-moderne.de\/2019\/jedem-sas-seine-gespraechswanderung-mit-musik\/\">Gespr\u00e4chswanderung &#8222;Jedem das Seine&#8220;<\/a><br \/>\n<\/b>vom Bauhaus bis Buchenwald<br \/>\nTreffpunkt: Bahnhofsvorplatz, Weimar<br \/>\nTermine: So, 11-15 Uhr<br \/>\nVeranstalter: ACHAVA Festspiele Th\u00fcringen in Zusammenarbeit mit der Bach Biennale Weimar<\/li>\n<li><b><a href=\"http:\/\/triennale-der-moderne.de\/2019\/das-bauhaus-spielt-auf-klingende-utopien\/\">Das Bauhaus spielt auf &#8211; Klingende Utopien<\/a><br \/>\n<\/b>Filmabend mit Bigband und Vokalensemble<br \/>\nVeranstaltungsort: Weimarhalle | Gro\u00dfer Saal, Weimar<br \/>\nTermine: So, 20 Uhr<br \/>\nVeranstalter: ACHAVA Festspiele Th\u00fcringen in Zusammenarbeit mit dem Bundesjazzorchester und der Jazzmeile Th\u00fcringen<\/li>\n<li><b><a href=\"http:\/\/triennale-der-moderne.de\/2019\/jam-session-alles-musik\/\">Alles Musik!<\/a><br \/>\n<\/b>Jam-Session und Festivalausklang<br \/>\nVeranstaltungsort: Weimarhalle | Gro\u00dfer Saal, Weimar<br \/>\nTermine: So, 22 Uhr<br \/>\nVeranstalter: ACHAVA Festspiele Th\u00fcringen in Zusammenarbeit mit der Jazzmeile Th\u00fcringen<\/li>\n<\/ul>\n","protected":false},"excerpt":{"rendered":"<p>Auftaktveranstaltung Freitag, 27.9.,\u00a019.30 Uhr, Weimarhalle, Gro\u00dfer Saal Das Konzert &#8222;Stimmen des Volkes&#8220; von MAYBEBOP mit der Staatskapelle Weimar ist zugleich die Auftaktveranstlatung der Triennale der Moderne in Weimar. ARCHITEKTURBESICHTIGUNGEN Bauhaus-Spaziergang Spazieren Sie auf den Spuren des fr\u00fchen Staatlichen Bauhauses durch die historischen Orte und erleben Geschichte und Gegenwart der Bauhaus-Universit\u00e4t Weimar. Treffpunkt: Bauhaus.Atelier Teilnahmebeitrag: Kleiner [&hellip;]<\/p>\n","protected":false},"author":2,"featured_media":0,"parent":0,"menu_order":9,"comment_status":"open","ping_status":"closed","template":"","meta":{"_acf_changed":false,"footnotes":""},"class_list":["post-44","page","type-page","status-publish","hentry"],"acf":[],"_links":{"self":[{"href":"https:\/\/triennale-der-moderne.de\/2019\/wp-json\/wp\/v2\/pages\/44"}],"collection":[{"href":"https:\/\/triennale-der-moderne.de\/2019\/wp-json\/wp\/v2\/pages"}],"about":[{"href":"https:\/\/triennale-der-moderne.de\/2019\/wp-json\/wp\/v2\/types\/page"}],"author":[{"embeddable":true,"href":"https:\/\/triennale-der-moderne.de\/2019\/wp-json\/wp\/v2\/users\/2"}],"replies":[{"embeddable":true,"href":"https:\/\/triennale-der-moderne.de\/2019\/wp-json\/wp\/v2\/comments?post=44"}],"version-history":[{"count":30,"href":"https:\/\/triennale-der-moderne.de\/2019\/wp-json\/wp\/v2\/pages\/44\/revisions"}],"predecessor-version":[{"id":4277,"href":"https:\/\/triennale-der-moderne.de\/2019\/wp-json\/wp\/v2\/pages\/44\/revisions\/4277"}],"wp:attachment":[{"href":"https:\/\/triennale-der-moderne.de\/2019\/wp-json\/wp\/v2\/media?parent=44"}],"curies":[{"name":"wp","href":"https:\/\/api.w.org\/{rel}","templated":true}]}}