{"id":4074,"date":"2019-02-15T12:51:05","date_gmt":"2019-02-15T11:51:05","guid":{"rendered":"\/2019\/?page_id=4074"},"modified":"2019-02-15T12:52:24","modified_gmt":"2019-02-15T11:52:24","slug":"die-zeugen","status":"publish","type":"page","link":"\/2019\/die-zeugen\/","title":{"rendered":"Die Zeugen"},"content":{"rendered":"<p>Fotoausstellung im \u00f6ffentlichen Raum zwischen Hauptbahnhof und Bauhaus-Museum Weimar<br \/>\nFotograf: Thomas M\u00fcller<\/p>\n<p>Weimar steht f\u00fcr Humanismus, Aufkl\u00e4rung und die Moderne genauso wie f\u00fcr Barbarei und V\u00f6lkermord. Der Weimarer Fotograf Thomas M\u00fcller portr\u00e4tierte \u00fcber mehrere Jahre ehemalige H\u00e4ftlinge des Konzentrationslagers Buchenwald aus verschiedenen Nationen. Sechszehn gro\u00dfformatige Fotoportr\u00e4ts stellen somit Zeit-Zeugen der Weimarer Geschichte vor. Das Fotoprojekt verdeutlicht den geografischen Spannungsbogen zwischen dem Bahnhof als Bezugspunkt zum Konzentrationlager, dem Neuen Museum als Ort der Kunst und dem ehemaligen Gauforum als Verwaltungssitz der Nazis sowie dem Neuen Bauhaus Museum als Aufbruch in die Moderne.<\/p>\n<p>Eine Koproduktion der ACHAVA Festspiele Th\u00fcringen mit der Stadt Weimar und der Stiftung Gedenkst\u00e4tten Buchenwald und Mittelbau-Dora.<\/p>\n<h2>BESUCHERINFORMATIONEN<\/h2>\n<h3>Termin<\/h3>\n<p>1. April bis 29. September 2019<\/p>\n<h3>Finissage<\/h3>\n<p>29. September 2019, 15.00 Uhr<br \/>\nSt\u00e9phane-Hessel-Platz, Bauhaus-Museum Weimar<\/p>\n<h3>Ausstellungsort<\/h3>\n<p>im \u00f6ffentlichen Raum zwischen Hauptbahnhof und Bauhaus-Museum Weimar<\/p>\n","protected":false},"excerpt":{"rendered":"<p>Fotoausstellung im \u00f6ffentlichen Raum zwischen Hauptbahnhof und Bauhaus-Museum Weimar Fotograf: Thomas M\u00fcller Weimar steht f\u00fcr Humanismus, Aufkl\u00e4rung und die Moderne genauso wie f\u00fcr Barbarei und V\u00f6lkermord. Der Weimarer Fotograf Thomas M\u00fcller portr\u00e4tierte \u00fcber mehrere Jahre ehemalige H\u00e4ftlinge des Konzentrationslagers Buchenwald aus verschiedenen Nationen. Sechszehn gro\u00dfformatige Fotoportr\u00e4ts stellen somit Zeit-Zeugen der Weimarer Geschichte vor. Das Fotoprojekt [&hellip;]<\/p>\n","protected":false},"author":10,"featured_media":0,"parent":0,"menu_order":0,"comment_status":"closed","ping_status":"closed","template":"_template_60_40.php","meta":{"_acf_changed":false,"footnotes":""},"class_list":["post-4074","page","type-page","status-publish","hentry"],"acf":[],"_links":{"self":[{"href":"https:\/\/triennale-der-moderne.de\/2019\/wp-json\/wp\/v2\/pages\/4074"}],"collection":[{"href":"https:\/\/triennale-der-moderne.de\/2019\/wp-json\/wp\/v2\/pages"}],"about":[{"href":"https:\/\/triennale-der-moderne.de\/2019\/wp-json\/wp\/v2\/types\/page"}],"author":[{"embeddable":true,"href":"https:\/\/triennale-der-moderne.de\/2019\/wp-json\/wp\/v2\/users\/10"}],"replies":[{"embeddable":true,"href":"https:\/\/triennale-der-moderne.de\/2019\/wp-json\/wp\/v2\/comments?post=4074"}],"version-history":[{"count":3,"href":"https:\/\/triennale-der-moderne.de\/2019\/wp-json\/wp\/v2\/pages\/4074\/revisions"}],"predecessor-version":[{"id":4078,"href":"https:\/\/triennale-der-moderne.de\/2019\/wp-json\/wp\/v2\/pages\/4074\/revisions\/4078"}],"wp:attachment":[{"href":"https:\/\/triennale-der-moderne.de\/2019\/wp-json\/wp\/v2\/media?parent=4074"}],"curies":[{"name":"wp","href":"https:\/\/api.w.org\/{rel}","templated":true}]}}

<p>Fotoausstellung im öffentlichen Raum zwischen Hauptbahnhof und Bauhaus-Museum Weimar<br />
Fotograf: Thomas Müller</p>
<p>Weimar steht für Humanismus, Aufklärung und die Moderne genauso wie für Barbarei und Völkermord. Der Weimarer Fotograf Thomas Müller porträtierte über mehrere Jahre ehemalige Häftlinge des Konzentrationslagers Buchenwald aus verschiedenen Nationen. Sechszehn großformatige Fotoporträts stellen somit Zeit-Zeugen der Weimarer Geschichte vor. Das Fotoprojekt verdeutlicht den geografischen Spannungsbogen zwischen dem Bahnhof als Bezugspunkt zum Konzentrationlager, dem Neuen Museum als Ort der Kunst und dem ehemaligen Gauforum als Verwaltungssitz der Nazis sowie dem Neuen Bauhaus Museum als Aufbruch in die Moderne.</p>
<p>Eine Koproduktion der ACHAVA Festspiele Thüringen mit der Stadt Weimar und der Stiftung Gedenkstätten Buchenwald und Mittelbau-Dora.</p>
<h2>BESUCHERINFORMATIONEN</h2>
<h3>Termin</h3>
<p>1. April bis 29. September 2019</p>
<h3>Finissage</h3>
<p>29. September 2019, 15.00 Uhr<br />
Stéphane-Hessel-Platz, Bauhaus-Museum Weimar</p>
<h3>Ausstellungsort</h3>
<p>im öffentlichen Raum zwischen Hauptbahnhof und Bauhaus-Museum Weimar</p>

<p>Fotoausstellung im öffentlichen Raum zwischen Hauptbahnhof und Bauhaus-Museum Weimar Fotograf: Thomas Müller Weimar steht für Humanismus, Aufklärung und die Moderne genauso wie für Barbarei und Völkermord. Der Weimarer Fotograf Thomas Müller porträtierte über mehrere Jahre ehemalige Häftlinge des Konzentrationslagers Buchenwald aus verschiedenen Nationen. Sechszehn großformatige Fotoporträts stellen somit Zeit-Zeugen der Weimarer Geschichte vor. Das Fotoprojekt [&hellip;]</p>
