{"id":4052,"date":"2019-02-15T12:21:06","date_gmt":"2019-02-15T11:21:06","guid":{"rendered":"\/2019\/?page_id=4052"},"modified":"2019-02-15T12:23:53","modified_gmt":"2019-02-15T11:23:53","slug":"white-city-jazz-das-konzert-und-preisverleihung","status":"publish","type":"page","link":"\/2019\/white-city-jazz-das-konzert-und-preisverleihung\/","title":{"rendered":"White City Jazz &#8211; Das Konzert und Preisverleihung"},"content":{"rendered":"<h2>Sonderkonzert &amp; Verleihung 2. ACHAVA Jazz Award<\/h2>\n<p>Internationaler Preis f\u00fcr transkulturellen Jazz<br \/>\nKonzert des Avishai Cohen Trio (Kontrabass\/Israel)<br \/>\nund internationaler Preistr\u00e4ger des ACHAVA Jazz Award (N.N.)<\/p>\n<p>Zum 100-j\u00e4hrigen Jubil\u00e4um werden in der Tradition des Bauhauses Lehre, k\u00fcnstlerische Darstellung und Begegnung miteinander verbunden. Die Br\u00fccke zwischen Tel Aviv und Weimar schlagen K\u00fcnstler von Weltrang wie der einzigartige israelische Jazzbassist Avishai Cohen &amp; Band. Er wird mit den Preistr\u00e4gern gemeinsam einen Konzertabend im Gro\u00dfen Saal der Weimarhalle gestalten. Der 2. ACHAVA Jazz Award zeichnet ein k\u00fcnstlerisch herausragendes Band-Projekt aus, das den transkulturellen Charakter des Jazz ins Zentrum seines Schaffens stellt. Mit individuellem k\u00fcnstlerischen Ausdruck, Interaktion und Improvisation wenden sich Jazzmusiker heute gegen musikalische Grenzziehungen und Kartographien, ja \u00fcberhaupt gegen die Idee einer national gebundenen Kultur.<\/p>\n<p>Eine Koproduktion der ACHAVA Festspiele Th\u00fcringen mit der Hochschule f\u00fcr Musik FRANZ LISZT Weimar, der Jazzmeile Th\u00fcringen und der Stadt Weimar.<\/p>\n<h2>BESUCHERINFORMATIONEN<\/h2>\n<h3><\/h3>\n<h3>Termin<\/h3>\n<p>28. September 2019, 20.00 Uhr<\/p>\n<h3>Veranstaltungsort<\/h3>\n<p>Weimarhalle | Gro\u00dfer Saal<\/p>\n<h3>Preis<\/h3>\n<p>PK 1: 25,00 \u20ac | 20,00 \u20ac erm.<br \/>\nPK 2: 20,00 \u20ac | 15,00 \u20ac erm.<\/p>\n","protected":false},"excerpt":{"rendered":"<p>Sonderkonzert &amp; Verleihung 2. ACHAVA Jazz Award Internationaler Preis f\u00fcr transkulturellen Jazz Konzert des Avishai Cohen Trio (Kontrabass\/Israel) und internationaler Preistr\u00e4ger des ACHAVA Jazz Award (N.N.) Zum 100-j\u00e4hrigen Jubil\u00e4um werden in der Tradition des Bauhauses Lehre, k\u00fcnstlerische Darstellung und Begegnung miteinander verbunden. Die Br\u00fccke zwischen Tel Aviv und Weimar schlagen K\u00fcnstler von Weltrang wie der [&hellip;]<\/p>\n","protected":false},"author":10,"featured_media":0,"parent":0,"menu_order":0,"comment_status":"closed","ping_status":"closed","template":"_template_60_40.php","meta":{"_acf_changed":false,"footnotes":""},"class_list":["post-4052","page","type-page","status-publish","hentry"],"acf":[],"_links":{"self":[{"href":"https:\/\/triennale-der-moderne.de\/2019\/wp-json\/wp\/v2\/pages\/4052"}],"collection":[{"href":"https:\/\/triennale-der-moderne.de\/2019\/wp-json\/wp\/v2\/pages"}],"about":[{"href":"https:\/\/triennale-der-moderne.de\/2019\/wp-json\/wp\/v2\/types\/page"}],"author":[{"embeddable":true,"href":"https:\/\/triennale-der-moderne.de\/2019\/wp-json\/wp\/v2\/users\/10"}],"replies":[{"embeddable":true,"href":"https:\/\/triennale-der-moderne.de\/2019\/wp-json\/wp\/v2\/comments?post=4052"}],"version-history":[{"count":2,"href":"https:\/\/triennale-der-moderne.de\/2019\/wp-json\/wp\/v2\/pages\/4052\/revisions"}],"predecessor-version":[{"id":4058,"href":"https:\/\/triennale-der-moderne.de\/2019\/wp-json\/wp\/v2\/pages\/4052\/revisions\/4058"}],"wp:attachment":[{"href":"https:\/\/triennale-der-moderne.de\/2019\/wp-json\/wp\/v2\/media?parent=4052"}],"curies":[{"name":"wp","href":"https:\/\/api.w.org\/{rel}","templated":true}]}}