{"id":4025,"date":"2019-02-15T11:21:45","date_gmt":"2019-02-15T10:21:45","guid":{"rendered":"\/2019\/?page_id=4025"},"modified":"2019-02-15T11:29:40","modified_gmt":"2019-02-15T10:29:40","slug":"schueler-und-meister-im-einklang","status":"publish","type":"page","link":"\/2019\/schueler-und-meister-im-einklang\/","title":{"rendered":"Sch\u00fcler und Meister im Einklang"},"content":{"rendered":"<p>Musikalischer Workshop und Konzert<br \/>\nDIE AMEISENKINDER &#8211; Konzertchor des Goethegymnasiums Weimar<br \/>\nACHAVA &#8211; Projektorchester mit Weimarer Sch\u00fclern<br \/>\nTimna Brauer &#8211; Gesang\/Wien<br \/>\nHelmut Eisel &#8211; Klarinette\/Saarbr\u00fccken<br \/>\nJascha Nemtsov &#8211; Klavier\/Berlin<\/p>\n<p>Die ACHAVA Festspiele kn\u00fcpfen mit diesem gro\u00dfen Chor- und Orchesterworkshop an die Arbeit der letzten Jahre in Th\u00fcringer Schulen an. Einer Kernidee des Bauhauses folgend werden sich junge Musikerinnen und Musiker mit international renommierten ACHAVAK\u00fcnstlern auf eine musikalische Entdeckungsreise begeben und voneinander lernen. Timna Brauer aus Wien widmet sich mit den Chors\u00e4ngerinnen und Chors\u00e4ngern dem Jiddisch Tango. Helmut Eisel improvisiert mit den Orchestermusikern zu Klezmer- und Gypsymelodien und Jascha Nemtsov wird mit einem kammermusikalischen Sch\u00fclerensemble der Musik des Bauhauses nachsp\u00fcren. Am Ende der Projektarbeit steht das gemeinsame Konzert aller Musikerinnen und Musiker im Gro\u00dfen Saal der Weimarhalle.<\/p>\n<p>Eine Koproduktion der ACHAVA Festspiele Th\u00fcringen mit dem Goethegymnasium und der Musikschule \u201eJohann Nepomuk Hummel\u201c Weimar<\/p>\n<h2>BESUCHERINFORMATIONEN<\/h2>\n<h3>Termin<\/h3>\n<p>27. September 2018, 18 Uhr<\/p>\n<h3>Veranstaltungsort<\/h3>\n<p>Weimarhalle | Gro\u00dfer Saal<br \/>\nUNESCO-Platz 1<br \/>\n99423 Weimar<\/p>\n<h3>Preise<\/h3>\n<p>PK 1: 15,00 \u20ac | 10,00 \u20ac erm.<br \/>\nPK 2: 10,00 \u20ac | 5,00 \u20ac erm.<\/p>\n<h3><\/h3>\n","protected":false},"excerpt":{"rendered":"<p>Musikalischer Workshop und Konzert DIE AMEISENKINDER &#8211; Konzertchor des Goethegymnasiums Weimar ACHAVA &#8211; Projektorchester mit Weimarer Sch\u00fclern Timna Brauer &#8211; Gesang\/Wien Helmut Eisel &#8211; Klarinette\/Saarbr\u00fccken Jascha Nemtsov &#8211; Klavier\/Berlin Die ACHAVA Festspiele kn\u00fcpfen mit diesem gro\u00dfen Chor- und Orchesterworkshop an die Arbeit der letzten Jahre in Th\u00fcringer Schulen an. Einer Kernidee des Bauhauses folgend werden [&hellip;]<\/p>\n","protected":false},"author":10,"featured_media":0,"parent":0,"menu_order":0,"comment_status":"closed","ping_status":"closed","template":"_template_60_40.php","meta":{"_acf_changed":false,"footnotes":""},"class_list":["post-4025","page","type-page","status-publish","hentry"],"acf":[],"_links":{"self":[{"href":"https:\/\/triennale-der-moderne.de\/2019\/wp-json\/wp\/v2\/pages\/4025"}],"collection":[{"href":"https:\/\/triennale-der-moderne.de\/2019\/wp-json\/wp\/v2\/pages"}],"about":[{"href":"https:\/\/triennale-der-moderne.de\/2019\/wp-json\/wp\/v2\/types\/page"}],"author":[{"embeddable":true,"href":"https:\/\/triennale-der-moderne.de\/2019\/wp-json\/wp\/v2\/users\/10"}],"replies":[{"embeddable":true,"href":"https:\/\/triennale-der-moderne.de\/2019\/wp-json\/wp\/v2\/comments?post=4025"}],"version-history":[{"count":4,"href":"https:\/\/triennale-der-moderne.de\/2019\/wp-json\/wp\/v2\/pages\/4025\/revisions"}],"predecessor-version":[{"id":4032,"href":"https:\/\/triennale-der-moderne.de\/2019\/wp-json\/wp\/v2\/pages\/4025\/revisions\/4032"}],"wp:attachment":[{"href":"https:\/\/triennale-der-moderne.de\/2019\/wp-json\/wp\/v2\/media?parent=4025"}],"curies":[{"name":"wp","href":"https:\/\/api.w.org\/{rel}","templated":true}]}}

Schüler und Meister im Einklang

<p>Musikalischer Workshop und Konzert<br />
DIE AMEISENKINDER &#8211; Konzertchor des Goethegymnasiums Weimar<br />
ACHAVA &#8211; Projektorchester mit Weimarer Schülern<br />
Timna Brauer &#8211; Gesang/Wien<br />
Helmut Eisel &#8211; Klarinette/Saarbrücken<br />
Jascha Nemtsov &#8211; Klavier/Berlin</p>
<p>Die ACHAVA Festspiele knüpfen mit diesem großen Chor- und Orchesterworkshop an die Arbeit der letzten Jahre in Thüringer Schulen an. Einer Kernidee des Bauhauses folgend werden sich junge Musikerinnen und Musiker mit international renommierten ACHAVAKünstlern auf eine musikalische Entdeckungsreise begeben und voneinander lernen. Timna Brauer aus Wien widmet sich mit den Chorsängerinnen und Chorsängern dem Jiddisch Tango. Helmut Eisel improvisiert mit den Orchestermusikern zu Klezmer- und Gypsymelodien und Jascha Nemtsov wird mit einem kammermusikalischen Schülerensemble der Musik des Bauhauses nachspüren. Am Ende der Projektarbeit steht das gemeinsame Konzert aller Musikerinnen und Musiker im Großen Saal der Weimarhalle.</p>
<p>Eine Koproduktion der ACHAVA Festspiele Thüringen mit dem Goethegymnasium und der Musikschule „Johann Nepomuk Hummel“ Weimar</p>
<h2>BESUCHERINFORMATIONEN</h2>
<h3>Termin</h3>
<p>27. September 2018, 18 Uhr</p>
<h3>Veranstaltungsort</h3>
<p>Weimarhalle | Großer Saal<br />
UNESCO-Platz 1<br />
99423 Weimar</p>
<h3>Preise</h3>
<p>PK 1: 15,00 € | 10,00 € erm.<br />
PK 2: 10,00 € | 5,00 € erm.</p>
<h3></h3>

<p>Musikalischer Workshop und Konzert DIE AMEISENKINDER &#8211; Konzertchor des Goethegymnasiums Weimar ACHAVA &#8211; Projektorchester mit Weimarer Schülern Timna Brauer &#8211; Gesang/Wien Helmut Eisel &#8211; Klarinette/Saarbrücken Jascha Nemtsov &#8211; Klavier/Berlin Die ACHAVA Festspiele knüpfen mit diesem großen Chor- und Orchesterworkshop an die Arbeit der letzten Jahre in Thüringer Schulen an. Einer Kernidee des Bauhauses folgend werden [&hellip;]</p>
