{"id":3779,"date":"2016-10-12T15:20:25","date_gmt":"2016-10-12T13:20:25","guid":{"rendered":"\/?page_id=3779"},"modified":"2018-08-07T13:53:45","modified_gmt":"2018-08-07T11:53:45","slug":"presse-echo-2016","status":"publish","type":"page","link":"\/2019\/allgemein\/presse-echo-2016\/","title":{"rendered":"Presse-Echo 2016"},"content":{"rendered":"<p><\/p>\n<h2>Fernsehen und Radio<\/h2>\n<ul class=\"arrow\">\n<li>07.10.2016 &#8211; rbb Abendschau (gleicher Beitrag auch in <a href=\"http:\/\/www.ardmediathek.de\/tv\/Brandenburg-aktuell\/Besuch-der-Welterbe-Siedlungen-in-Berlin\/rbb-Fernsehen\/Video?bcastId=3822126&amp;documentId=38179790\" target=\"_blank\">Brandenburg aktuell)<br \/>\n<a href=\"http:\/\/www.ardmediathek.de\/tv\/Abendschau\/Besuch-der-Welterbe-Siedlungen-in-Berlin\/rbb-Fernsehen\/Video?bcastId=3822076&amp;documentId=38180488\" target=\"_blank\">http:\/\/www.ardmediathek.de\/tv\/Abendschau\/Besuch-der-Welterbe-Siedlungen-in-Berlin\/rbb-Fernsehen\/Video?bcastId=3822076&amp;documentId=38180488<\/a><\/li>\n<li>\n02.10.2016 &#8211; MDR Th\u00fcringen Journal<br \/>\nAnm.: Der Beitrag ist aus rechtlichen Gr\u00fcnden nicht mehr in der MDR-Mediathek verf\u00fcgbar.\n<\/li>\n<li>\n07.10.2016 &#8211; rbb Inforadio<br \/>\n<a href=\"https:\/\/www.inforadio.de\/programm\/schema\/sendungen\/kultur\/201610\/66176.html\" target=\"_blank\">https:\/\/www.inforadio.de\/programm\/schema\/sendungen\/kultur\/201610\/66176.html<\/a>\n<\/li>\n<li>\n23.09.2016 &#8211; mdr kulturradio<br \/>\n<a href=\"http:\/\/www.mdr.de\/kultur\/radio-tv\/radio\/ipg\/sendung687368_date-2016-09-23_days-true_ipgctx-true_zc-76843046.html\" target=\"_blank\">http:\/\/www.mdr.de\/kultur\/radio-tv\/radio\/ipg\/sendung687368_date-2016-09-23_days-true_ipgctx-true_zc-76843046.html<\/a>\n<\/li>\n<\/ul>\n<p>&nbsp;<\/p>\n<h2>Zeitungen und Magazine<\/h2>\n<ul class=\"arrow\">\n<li>\n25.10.2016 &#8211; Deutsches Architektenblatt (PDF unter -&gt; Regionalteil Berlin, Ausgabe 11-2016 -&gt; S. 6)<br \/>\n<a href=\"http:\/\/www.ak-berlin.de\/baukultur\/publikationen\/architektenblatt\/dab\/deutsches-architektenblatt-2016.html\" target=\"_blank\">2-seitiger Bericht \u00fcber das Konzept der Triennale sowie die Vortr\u00e4ge bei der Berliner Auftaktveranstaltung am 7.10.2016<\/a>\n<\/li>\n<li>\n23.09.2016 &#8211; Leipziger Volkszeitung<br \/>\n<a href=\"http:\/\/www.lvz.de\/Kultur\/News\/Dessau-Weimar-und-Berlin-Triennale-der-Moderne-startet\" target=\"_blank\">http:\/\/www.lvz.de\/Kultur\/News\/Dessau-Weimar-und-Berlin-Triennale-der-Moderne-startet<\/a>\n<\/li>\n<li>\n06.10.2016 &#8211; neues deutschland<br \/>\n<a href=\"https:\/\/www.neues-deutschland.de\/artikel\/1027756.berliner-stadterbauer.html\" target=\"_blank\">https:\/\/www.neues-deutschland.de\/artikel\/1027756.berliner-stadterbauer.html<\/a>\n<\/li>\n<li>\n29.09.2016 &#8211; Th\u00fcringer Allgemeine<br \/>\n<a href=\"http:\/\/www.thueringer-allgemeine.de\/web\/zgt\/leben\/detail\/-\/specific\/Triennale-der-Moderne-hinterfragt-Weimar-als-Modellstadt-514705010\" target=\"_blank\">http:\/\/www.thueringer-allgemeine.de\/web\/zgt\/leben\/detail\/-\/specific\/Triennale-der-Moderne-hinterfragt-Weimar-als-Modellstadt-514705010<\/a>\n<\/li>\n<li>\n29.09.2016 &#8211; Tiroler Tageszeitung<br \/>\n<a href=\"http:\/\/www.tt.com\/home\/12075378-91\/triennale-der-moderne-und-ausstellung-\u00fcber-weimar-als-modellstadt.csp\" target=\"_blank\">http:\/\/www.tt.com\/home\/12075378-91\/triennale-der-moderne-und-ausstellung-\u00fcber-weimar-als-modellstadt.csp<\/a>\n<\/li>\n<li>\n27.09.2016 &#8211; Der Tagesspiegel<br \/>\n<a href=\"http:\/\/www.tagesspiegel.de\/kultur\/100-jahre-bauhaus-gropius-to-go\/14603194.html\" target=\"_blank\">http:\/\/www.tagesspiegel.de\/kultur\/100-jahre-bauhaus-gropius-to-go\/14603194.html<\/a>\n<\/li>\n<li>\n26.09.2016 &#8211; Property Magazine<br \/>\n<a href=\"https:\/\/www.property-magazine.de\/siedlungen-der-moderne-77560.html\" target=\"_blank\">https:\/\/www.property-magazine.de\/siedlungen-der-moderne-77560.html<\/a>\n<\/li>\n<li>\n24.09.206 &#8211; Mitteldeutsche Zeitung<br \/>\n<a href=\"http:\/\/www.mz-web.de\/dessau-rosslau\/bauhaus-dessau-triennale-der-moderne-geht-in-die-zweite-runde-24772660\" target=\"_blank\">http:\/\/www.mz-web.de\/dessau-rosslau\/bauhaus-dessau-triennale-der-moderne-geht-in-die-zweite-runde-24772660<\/a>\n<\/li>\n<li>\n23.09.2016 &#8211; Mitteldeutsche Zeitung<br \/>\n<a href=\"http:\/\/www.mz-web.de\/kultur\/-triennale-der-moderne--dessauer-echo-in-rotterdam-24796996\" target=\"_blank\">http:\/\/www.mz-web.de\/kultur\/-triennale-der-moderne&#8211;dessauer-echo-in-rotterdam-24796996<\/a>\n<\/li>\n<li>\n23.09.2016 &#8211; Berliner Zeitung<br \/>\n<a href=\"http:\/\/www.berliner-zeitung.de\/berlin\/dessau--weimar-und-berlin---triennale-der-moderne--startet-24796466\" target=\"_blank\">http:\/\/www.berliner-zeitung.de\/berlin\/dessau&#8211;weimar-und-berlin&#8212;triennale-der-moderne&#8211;startet-24796466<\/a>\n<\/li>\n<li>\n23.09.2016 &#8211; Berliner Morgenpost<br \/>\n<a href=\"http:\/\/www.morgenpost.de\/berlin\/article208288797\/Dessau-Weimar-und-Berlin-Triennale-der-Moderne-startet.html\" target=\"_blank\">http:\/\/www.morgenpost.de\/berlin\/article208288797\/Dessau-Weimar-und-Berlin-Triennale-der-Moderne-startet.html<\/a>\n<\/li>\n<li>\n23.09.2016 &#8211;  Welt N24<br \/>\n<a href=\"https:\/\/www.welt.de\/regionales\/berlin\/article158349533\/Triennale-der-Moderne-startet.html\" target=\"_blank\">https:\/\/www.welt.de\/regionales\/berlin\/article158349533\/Triennale-der-Moderne-startet.html<\/a>\n<\/li>\n<\/ul>\n<p>&nbsp;<\/p>\n<h2>Online-Medien<\/h2>\n<ul class=\"arrow\">\n<li>\n22.09.2016 &#8211; BauNetz.de<br \/>\n<a href=\"http:\/\/www.baunetz.de\/meldungen\/Meldungen-Veranstaltungen_in_Dessau_Weimar_Berlin_4830140.html\" target=\"_blank\">http:\/\/www.baunetz.de\/meldungen\/Meldungen-Veranstaltungen_in_Dessau_Weimar_Berlin_4830140.html<\/a>\n<\/li>\n<li>\n22.09.2016 &#8211; Webportal Metropolenregion Mitteldeutschland<br \/>\n<a href=\"http:\/\/mitteldeutschland.isp-vhost04.domservice.de\/de\/content\/triennale-der-moderne\" target=\"_blank\">http:\/\/mitteldeutschland.isp-vhost04.domservice.de\/de\/content\/triennale-der-moderne<\/a>\n<\/li>\n<li>\n04.10.2016 &#8211; artsy.net (Englisch)<br \/>\n<a href=\"https:\/\/www.artsy.net\/article\/artsy-editorial-the-influence-of-the-bauhaus-is-alive-in-your-living-room\" target=\"_blank\">https:\/\/www.artsy.net\/article\/artsy-editorial-the-influence-of-the-bauhaus-is-alive-in-your-living-room<\/a>\n<\/li>\n<li>\n05.10.2016 &#8211; Website Staatliche Museen zu Berlin<br \/>\n<a href=\"http:\/\/www.smb.museum\/museen-und-einrichtungen\/kulturforum\/ueber-uns\/nachrichten\/detail\/triennale-der-moderne-2016-symposium-walter-gropius-in-berlin.html\" target=\"_blank\">http:\/\/www.smb.museum\/museen-und-einrichtungen\/kulturforum\/ueber-uns\/nachrichten\/detail\/triennale-der-moderne-2016-symposium-walter-gropius-in-berlin.html<\/a>\n<\/li>\n<li>\n06.10.2016 &#8211; wn.com<br \/>\n<a href=\"https:\/\/article.wn.com\/view\/2016\/10\/05\/Triennale_der_Moderne_2016_Symposium_Walter_Gropius_in_Berli\/\" target=\"_blank\">https:\/\/article.wn.com\/view\/2016\/10\/05\/Triennale_der_Moderne_2016_Symposium_Walter_Gropius_in_Berli\/<\/a>\n<\/li>\n<li>\n29.09.2016 &#8211; Website rbb kulturradio<br \/>\n<a href=\"http:\/\/www.kulturradio.de\/nachrichten\/2016\/09\/Triennale-der-Moderne-hinterfragt-Weimar-als-Modellstadt.html\" target=\"_blank\">http:\/\/www.kulturradio.de\/nachrichten\/2016\/09\/Triennale-der-Moderne-hinterfragt-Weimar-als-Modellstadt.html<\/a>\n<\/li>\n<li>\n29.09.2016 &#8211; Amerikawoche.com<br \/>\n<a href=\"https:\/\/amerikawoche.com\/amw_news\/triennale-der-moderne-und-ausstellung-uber-weimar-als-modellstadtfoto-archiv-und-aktuell-geplant-2\/\" target=\"_blank\">https:\/\/amerikawoche.com\/amw_news\/triennale-der-moderne-und-ausstellung-uber-weimar-als-modellstadtfoto-archiv-und-aktuell-geplant-2\/<\/a>\n<\/li>\n<li>\n29.09.2016 &#8211; weimar.de<br \/>\n<a href=\"https:\/\/www.weimar.de\/leben\/kulturstadt\/veranstaltungskalender\/detail-veranstaltung\/weimar-modellstadt-der-moderne-ambivalenzen-des-staedtebaus-im-20-jahrhundert-122158\/\" target=\"_blank\">https:\/\/www.weimar.de\/leben\/kulturstadt\/veranstaltungskalender\/detail-veranstaltung\/weimar-modellstadt-der-moderne-ambivalenzen-des-staedtebaus-im-20-jahrhundert-122158\/<\/a>\n<\/li>\n<li>\n28.09.2016 &#8211; german-architects.com<br \/>\n<a href=\"http:\/\/www.german-architects.com\/architektur-news\/fundstuecke\/Welterbe_Netzwerk_Triennale_der_Moderne_6772\" target=\"_blank\">http:\/\/www.german-architects.com\/architektur-news\/fundstuecke\/Welterbe_Netzwerk_Triennale_der_Moderne_6772<\/a>\n<\/li>\n<li>\n28.09.2016 &#8211; b\u00fccherbogen + Deutscher Werkbund Berlin<br \/>\n<a href=\"https:\/\/shop.strato.de\/epages\/64047337.sf\/de_DE\/?ObjectPath=\/Shops\/64047337\/Categories\" target=\"_blank\">https:\/\/shop.strato.de\/epages\/64047337.sf\/de_DE\/?ObjectPath=\/Shops\/64047337\/Categories<\/a> + <br \/>\n<a href=\"http:\/\/www.werkbund-berlin.de\/bruno-tauts-hufeisensiedlung\/\" target=\"_blank\">http:\/\/www.werkbund-berlin.de\/bruno-tauts-hufeisensiedlung\/<\/a>\n<\/li>\n<li>\n27.09.2016 &#8211; Uni Weimar<br \/>\n<a href=\"https:\/\/www.uni-weimar.de\/de\/universitaet\/aktuell\/bauhausjournal-online\/titel\/ausstellung-im-bauhaus-museum-eroeffnet-triennale-der-moderne-2016-in-weimar\/?tx_news_pi1%5Bcontroller%5D=News&amp;tx_news_pi1%5Baction%5D=detail&amp;cHash=6f2fc0a4d655be2fc63ab4a479c08397\" target=\"_blank\">https:\/\/www.uni-weimar.de\/de\/universitaet\/aktuell\/bauhausjournal-online\/titel\/ausstellung-im-bauhaus-museum-eroeffnet-triennale-der-moderne-2016-in-weimar\/?tx_news_pi1%5Bcontroller%5D=News&amp;tx_news_pi1%5Baction%5D=detail&amp;cHash=6f2fc0a4d655be2fc63ab4a479c08397<\/a>\n<\/li>\n<li>\n26.09.2016 \u2013 rbb|24<br \/>\n<a href=\"http:\/\/www.rbb-online.de\/kultur\/beitrag\/2016\/09\/app-soll-bauhaus-orte-bekannter-machen.html\" target=\"_blank\">http:\/\/www.rbb-online.de\/kultur\/beitrag\/2016\/09\/app-soll-bauhaus-orte-bekannter-machen.html<\/a>\n<\/li>\n<li>\n26.09.2016 &#8211; Deutsche Wohnen AG<br \/>\n<a href=\"http:\/\/www.deutsche-wohnen.com\/html\/5585.php\" target=\"_blank\">http:\/\/www.deutsche-wohnen.com\/html\/5585.php<\/a>\n<\/li>\n<li>\n26.09.2016 &#8211; www hufeisensiedlung.info + Newsletter<br \/>\n<a href=\"http:\/\/www.hufeisensiedlung.info\/foerderverein\/veranstaltungen\/triennale-der-moderne-2016.html\" target=\"_blank\">http:\/\/www.hufeisensiedlung.info\/foerderverein\/veranstaltungen\/triennale-der-moderne-2016.html<\/a>\n<\/li>\n<li>\n24.09.206 \u2013 berlin.de<br \/>\n<a href=\"http:\/\/www.berlin.de\/ausstellungen\/nachrichten\/4579317-3041403-triennale-der-moderne-start.html\" target=\"_blank\">http:\/\/www.berlin.de\/ausstellungen\/nachrichten\/4579317-3041403-triennale-der-moderne-start.html<\/a>\n<\/li>\n<li>\n23.09.2016 &#8211; News Locker<br \/>\n<a href=\"http:\/\/www.newslocker.com\/de-de\/region\/berlin\/dessau-weimar-und-berlin-triennale-der-moderne-startet\/\" target=\"_blank\">http:\/\/www.newslocker.com\/de-de\/region\/berlin\/dessau-weimar-und-berlin-triennale-der-moderne-startet\/<\/a>\n<\/li>\n<li>\n23.09.2016 &#8211; bitterfeld online<br \/>\n<a href=\"http:\/\/www.bitterfeld-online.de\/?id=111303000493&amp;eventsearch%5Boid%5D=111288024862&amp;eventsearch%5BCMD%5D=singleview\" target=\"_blank\">http:\/\/www.bitterfeld-online.de\/?id=111303000493&amp;eventsearch%5Boid%5D=111288024862&amp;eventsearch%5BCMD%5D=singleview<\/a>\n<\/li>\n<\/ul>\n<p>&nbsp;<\/p>\n<h2>Social Media, News und Updates<\/h2>\n<ul class=\"arrow\">\nAnmerkung: Der Bereich Social Media wurde von den offiziellen PR-Aktivit\u00e4ten der Triennale 2016 noch nicht abgedeckt. Einzelne Mitglieder sind dort jedoch aktiv. Zum Lesen der Beitr\u00e4ge (und u.g. Links) sind Accounts in den jeweiligen Portalen Vorraussetzung. <\/p>\n<li>\nSeptember 2016 &#8211; <a href=\"https:\/\/www.facebook.com\/TriennaleDerModerne\/\" target=\"_blank\">Facebook-Seite zur Triennale<\/a><br \/>\nZug\u00e4nglich nur f\u00fcr registrierte Facebook-Nutzer. Einzelne Beitr\u00e4ge (Posts) mit englischer Zusammenfassung. Die Seite soll auch 2017-2019 gelegentlich erg\u00e4nzt werden. Dort: Diverse Eintr\u00e4ge und Ank\u00fcndigungen zur Triennale der Moderne 2016, beispielsweise\n<\/li>\n<li>\n24.09.2016 \u2013 ein pers\u00f6nlicher (deutschsprachiger) Bild-Reisebericht aus Dessau:<br \/>\n<a href=\"https:\/\/www.facebook.com\/photo.php?fbid=1458825527467650&amp;set=pcb.1458827094134160&amp;type=3&amp;theater\" target=\"_blank\">https:\/\/www.facebook.com\/photo.php?fbid=1458825527467650&amp;set=pcb.1458827094134160&amp;type=3&amp;theater<\/a>\n<\/li>\n<li>21.09. bis 05.10.2016 \u2013 verschiedene (deutschsprachige) Beitr\u00e4ge auf der Facebook-Seite der Stiftung Bauhaus Dessau:<br \/>\n<a href=\"https:\/\/www.facebook.com\/bauhausdessau\/?fref=ts\" target=\"_blank\">https:\/\/www.facebook.com\/bauhausdessau\/?fref=ts<\/a>\n<\/li>\n<li>\n03.10.2016 \u2013 ein pers\u00f6nlicher (englischsprachiger) Beitrag im News-\/Facebook-Bereich des Netzwerks von <a href=\"http:\/\/www.Iconichouses.org\" target=\"_blank\">Iconichouses.org<\/a>:<br \/>\n<a href=\"https:\/\/www.facebook.com\/IconicHouses\/posts\/1238993706142922:0\" target=\"_blank\">https:\/\/www.facebook.com\/IconicHouses\/posts\/1238993706142922:0<\/a>\n<\/li>\n<\/ul>\n<p>\nAuswahl, Stand 14.10.2016<\/p>\n","protected":false},"excerpt":{"rendered":"<p>Fernsehen und Radio 07.10.2016 &#8211; rbb Abendschau (gleicher Beitrag auch in Brandenburg aktuell) http:\/\/www.ardmediathek.de\/tv\/Abendschau\/Besuch-der-Welterbe-Siedlungen-in-Berlin\/rbb-Fernsehen\/Video?bcastId=3822076&amp;documentId=38180488 02.10.2016 &#8211; MDR Th\u00fcringen Journal Anm.: Der Beitrag ist aus rechtlichen Gr\u00fcnden nicht mehr in der MDR-Mediathek verf\u00fcgbar. 07.10.2016 &#8211; rbb Inforadio https:\/\/www.inforadio.de\/programm\/schema\/sendungen\/kultur\/201610\/66176.html 23.09.2016 &#8211; mdr kulturradio http:\/\/www.mdr.de\/kultur\/radio-tv\/radio\/ipg\/sendung687368_date-2016-09-23_days-true_ipgctx-true_zc-76843046.html &nbsp; Zeitungen und Magazine 25.10.2016 &#8211; Deutsches Architektenblatt (PDF unter -&gt; Regionalteil Berlin, [&hellip;]<\/p>\n","protected":false},"author":2,"featured_media":0,"parent":3821,"menu_order":0,"comment_status":"closed","ping_status":"closed","template":"","meta":{"_acf_changed":false,"footnotes":""},"class_list":["post-3779","page","type-page","status-publish","hentry"],"acf":[],"_links":{"self":[{"href":"https:\/\/triennale-der-moderne.de\/2019\/wp-json\/wp\/v2\/pages\/3779"}],"collection":[{"href":"https:\/\/triennale-der-moderne.de\/2019\/wp-json\/wp\/v2\/pages"}],"about":[{"href":"https:\/\/triennale-der-moderne.de\/2019\/wp-json\/wp\/v2\/types\/page"}],"author":[{"embeddable":true,"href":"https:\/\/triennale-der-moderne.de\/2019\/wp-json\/wp\/v2\/users\/2"}],"replies":[{"embeddable":true,"href":"https:\/\/triennale-der-moderne.de\/2019\/wp-json\/wp\/v2\/comments?post=3779"}],"version-history":[{"count":1,"href":"https:\/\/triennale-der-moderne.de\/2019\/wp-json\/wp\/v2\/pages\/3779\/revisions"}],"predecessor-version":[{"id":3832,"href":"https:\/\/triennale-der-moderne.de\/2019\/wp-json\/wp\/v2\/pages\/3779\/revisions\/3832"}],"up":[{"embeddable":true,"href":"https:\/\/triennale-der-moderne.de\/2019\/wp-json\/wp\/v2\/pages\/3821"}],"wp:attachment":[{"href":"https:\/\/triennale-der-moderne.de\/2019\/wp-json\/wp\/v2\/media?parent=3779"}],"curies":[{"name":"wp","href":"https:\/\/api.w.org\/{rel}","templated":true}]}}