{"id":36,"date":"2013-05-04T10:08:09","date_gmt":"2013-05-04T10:08:09","guid":{"rendered":"http:\/\/www.triennale-der-moderne.de\/\/?page_id=36"},"modified":"2019-07-23T11:26:03","modified_gmt":"2019-07-23T09:26:03","slug":"komplettes-programm-2","status":"publish","type":"page","link":"\/2019\/komplettes-programm-2\/","title":{"rendered":"Komplettes Programm (Dessau)"},"content":{"rendered":"<h1>2. Triennale-Wochenende<\/h1>\n<h2>Donnerstag, 03.10. &#8211; Sonntag, 06.10.2019<\/h2>\n<p><strong>Do 03.10.2019<\/strong><\/p>\n<h3><strong>ER\u00d6FFNUNGSABEND am Donnerstag<\/strong><\/h3>\n<ul class=\"arrow\">\n<li>17 Uhr: <strong>Er\u00f6ffnung des Dessauer Triennale-Wochenendes<br \/>\n<\/strong>und der beiden Ausstellungen <a href=\"http:\/\/triennale-der-moderne.de\/wordpress-core\/wp-admin\/post.php?post=4368&amp;action=edit\"><strong>Arch\u00e4ologie der Moderne<\/strong><\/a> (Stiftung Bauhaus Dessau) und <strong><a href=\"http:\/\/triennale-der-moderne.de\/transferumbau\/\">Transferumbau<\/a><\/strong> (White City Center Tel Aviv); Veranstalter: Stiftung Bauhaus Dessau \/ Stadt Dessau-Ro\u00dflau; Veranstaltungsort: Bauhausgeb\u00e4ude, Gropiusallee 38, 06846 Dessau-Ro\u00dflau.<\/li>\n<\/ul>\n<p><strong>Fr 04.10.2019<\/strong><\/p>\n<ul class=\"arrow\">\n<li>10 Uhr: Architekturmoderne in Dessau &#8211; gef\u00fchrter Rundgang\/Radtour; Veranstalter: Stiftung Bauhaus Dessau. Treffpunkt: ab dem Bauhausgeb\u00e4ude. Eintritt frei.<\/li>\n<li>14 Uhr: Bauhausforscher &#8211; Angebot f\u00fcr Familien, Kinder ab 8 Jahre; Veranstalter: Stiftung Bauhaus Dessau. Treffpunkt: im Bauhausgeb\u00e4ude,\u00a0Gropiusallee 38, 06846 Dessau-Ro\u00dflau.<\/li>\n<li>19 Uhr: The Flat &#8211; Die Wohnung, 2011 &#8211; Filmvorf\u00fchrung;\u00a0Veranstalter: Stiftung Bauhaus Dessau, Veranstaltungsort: Aula im Bauhausgeb\u00e4ude, Gropiusallee 38, 06846 Dessau-Ro\u00dflau.<\/li>\n<\/ul>\n<p><strong>Sa 05.10.2019<\/strong><\/p>\n<ul>\n<li>10 Uhr: Architekturmoderne in Dessau &#8211; gef\u00fchrter Rundgang\/Radtour; Veranstalter: Stiftung Bauhaus Dessau. Treffpunkt:\u00a0ab dem Bauhausgeb\u00e4ude. Eintritt frei.<\/li>\n<li>14 Uhr: Bauhausforscher &#8211; Angebot f\u00fcr Familien, Kinder ab 8 Jahre, Veranstalter: Stiftung Bauhaus Dessau. Treffpunkt: im Bauhausgeb\u00e4ude,\u00a0Gropiusallee 38, 06846 Dessau-Ro\u00dflau.<\/li>\n<li>17 Uhr: Double feature &#8211; Vortr\u00e4ge, Gespr\u00e4che, (Material) begreifen zum Thema Material und Architektur, Prof. Dr. Ing. Andreas Schwarting, Konstanz; Bauhaus-Beschl\u00e4ge, Harald Wtzel, Dessau-Ro\u00dflau; Die Wei\u00dfe Stadt, Sharon Golan, Tel Aviv, Veranstalter: Stiftung Bauhaus Dessau. Treffpunkt: Aula im Bauhausgeb\u00e4ude, Gropiusallee 38, 06846 Dessau-Ro\u00dflau.<\/li>\n<\/ul>\n<p><strong title=\"Austellung \u201cBauhaustiere und Zuckerwatte\u201d\">So 06.10.2019<\/strong><\/p>\n<ul>\n<li>10 Uhr: Architekturmoderne in Dessau &#8211; gef\u00fchrter Rundgang\/Radtour; Veranstalter: Stiftung Bauhaus Dessau. Treffpunkt:\u00a0ab dem Bauhausgeb\u00e4ude. Eintritt frei.<\/li>\n<li>14 Uhr: Bauhausforscher &#8211; Angebot f\u00fcr Familien, Kinder ab 8 Jahre, Veranstalter: Stiftung Bauhaus Dessau. Treffpunkt: im Bauhausgeb\u00e4ude,\u00a0Gropiusallee 38, 06846 Dessau-Ro\u00dflau.<\/li>\n<li>15 Uhr: Wie wohnen wir gesund und wirtschaftlich?, (Stumm-) Filmvorf\u00fchrung, Veranstalter: Stiftung Bauhaus Dessau. Treffpunkt: Aula im Bauhausgeb\u00e4ude ,Gropiusallee 38, 06846 Dessau-Ro\u00dflau.<\/li>\n<\/ul>\n","protected":false},"excerpt":{"rendered":"<p>2. Triennale-Wochenende Donnerstag, 03.10. &#8211; Sonntag, 06.10.2019 Do 03.10.2019 ER\u00d6FFNUNGSABEND am Donnerstag 17 Uhr: Er\u00f6ffnung des Dessauer Triennale-Wochenendes und der beiden Ausstellungen Arch\u00e4ologie der Moderne (Stiftung Bauhaus Dessau) und Transferumbau (White City Center Tel Aviv); Veranstalter: Stiftung Bauhaus Dessau \/ Stadt Dessau-Ro\u00dflau; Veranstaltungsort: Bauhausgeb\u00e4ude, Gropiusallee 38, 06846 Dessau-Ro\u00dflau. Fr 04.10.2019 10 Uhr: Architekturmoderne in Dessau [&hellip;]<\/p>\n","protected":false},"author":2,"featured_media":0,"parent":0,"menu_order":11,"comment_status":"open","ping_status":"open","template":"","meta":{"_acf_changed":false,"footnotes":""},"class_list":["post-36","page","type-page","status-publish","hentry"],"acf":[],"_links":{"self":[{"href":"https:\/\/triennale-der-moderne.de\/2019\/wp-json\/wp\/v2\/pages\/36"}],"collection":[{"href":"https:\/\/triennale-der-moderne.de\/2019\/wp-json\/wp\/v2\/pages"}],"about":[{"href":"https:\/\/triennale-der-moderne.de\/2019\/wp-json\/wp\/v2\/types\/page"}],"author":[{"embeddable":true,"href":"https:\/\/triennale-der-moderne.de\/2019\/wp-json\/wp\/v2\/users\/2"}],"replies":[{"embeddable":true,"href":"https:\/\/triennale-der-moderne.de\/2019\/wp-json\/wp\/v2\/comments?post=36"}],"version-history":[{"count":7,"href":"https:\/\/triennale-der-moderne.de\/2019\/wp-json\/wp\/v2\/pages\/36\/revisions"}],"predecessor-version":[{"id":4202,"href":"https:\/\/triennale-der-moderne.de\/2019\/wp-json\/wp\/v2\/pages\/36\/revisions\/4202"}],"wp:attachment":[{"href":"https:\/\/triennale-der-moderne.de\/2019\/wp-json\/wp\/v2\/media?parent=36"}],"curies":[{"name":"wp","href":"https:\/\/api.w.org\/{rel}","templated":true}]}}

<h1>2. Triennale-Wochenende</h1>
<h2>Donnerstag, 03.10. &#8211; Sonntag, 06.10.2019</h2>
<p><strong>Do 03.10.2019</strong></p>
<h3><strong>ERÖFFNUNGSABEND am Donnerstag</strong></h3>
<ul class="arrow">
<li>17 Uhr: <strong>Eröffnung des Dessauer Triennale-Wochenendes<br />
</strong>und der beiden Ausstellungen <a href="http://triennale-der-moderne.de/wordpress-core/wp-admin/post.php?post=4368&amp;action=edit"><strong>Archäologie der Moderne</strong></a> (Stiftung Bauhaus Dessau) und <strong><a href="http://triennale-der-moderne.de/transferumbau/">Transferumbau</a></strong> (White City Center Tel Aviv); Veranstalter: Stiftung Bauhaus Dessau / Stadt Dessau-Roßlau; Veranstaltungsort: Bauhausgebäude, Gropiusallee 38, 06846 Dessau-Roßlau.</li>
</ul>
<p><strong>Fr 04.10.2019</strong></p>
<ul class="arrow">
<li>10 Uhr: Architekturmoderne in Dessau &#8211; geführter Rundgang/Radtour; Veranstalter: Stiftung Bauhaus Dessau. Treffpunkt: ab dem Bauhausgebäude. Eintritt frei.</li>
<li>14 Uhr: Bauhausforscher &#8211; Angebot für Familien, Kinder ab 8 Jahre; Veranstalter: Stiftung Bauhaus Dessau. Treffpunkt: im Bauhausgebäude, Gropiusallee 38, 06846 Dessau-Roßlau.</li>
<li>19 Uhr: The Flat &#8211; Die Wohnung, 2011 &#8211; Filmvorführung; Veranstalter: Stiftung Bauhaus Dessau, Veranstaltungsort: Aula im Bauhausgebäude, Gropiusallee 38, 06846 Dessau-Roßlau.</li>
</ul>
<p><strong>Sa 05.10.2019</strong></p>
<ul>
<li>10 Uhr: Architekturmoderne in Dessau &#8211; geführter Rundgang/Radtour; Veranstalter: Stiftung Bauhaus Dessau. Treffpunkt: ab dem Bauhausgebäude. Eintritt frei.</li>
<li>14 Uhr: Bauhausforscher &#8211; Angebot für Familien, Kinder ab 8 Jahre, Veranstalter: Stiftung Bauhaus Dessau. Treffpunkt: im Bauhausgebäude, Gropiusallee 38, 06846 Dessau-Roßlau.</li>
<li>17 Uhr: Double feature &#8211; Vorträge, Gespräche, (Material) begreifen zum Thema Material und Architektur, Prof. Dr. Ing. Andreas Schwarting, Konstanz; Bauhaus-Beschläge, Harald Wtzel, Dessau-Roßlau; Die Weiße Stadt, Sharon Golan, Tel Aviv, Veranstalter: Stiftung Bauhaus Dessau. Treffpunkt: Aula im Bauhausgebäude, Gropiusallee 38, 06846 Dessau-Roßlau.</li>
</ul>
<p><strong title="Austellung “Bauhaustiere und Zuckerwatte”">So 06.10.2019</strong></p>
<ul>
<li>10 Uhr: Architekturmoderne in Dessau &#8211; geführter Rundgang/Radtour; Veranstalter: Stiftung Bauhaus Dessau. Treffpunkt: ab dem Bauhausgebäude. Eintritt frei.</li>
<li>14 Uhr: Bauhausforscher &#8211; Angebot für Familien, Kinder ab 8 Jahre, Veranstalter: Stiftung Bauhaus Dessau. Treffpunkt: im Bauhausgebäude, Gropiusallee 38, 06846 Dessau-Roßlau.</li>
<li>15 Uhr: Wie wohnen wir gesund und wirtschaftlich?, (Stumm-) Filmvorführung, Veranstalter: Stiftung Bauhaus Dessau. Treffpunkt: Aula im Bauhausgebäude ,Gropiusallee 38, 06846 Dessau-Roßlau.</li>
</ul>

<p>2. Triennale-Wochenende Donnerstag, 03.10. &#8211; Sonntag, 06.10.2019 Do 03.10.2019 ERÖFFNUNGSABEND am Donnerstag 17 Uhr: Eröffnung des Dessauer Triennale-Wochenendes und der beiden Ausstellungen Archäologie der Moderne (Stiftung Bauhaus Dessau) und Transferumbau (White City Center Tel Aviv); Veranstalter: Stiftung Bauhaus Dessau / Stadt Dessau-Roßlau; Veranstaltungsort: Bauhausgebäude, Gropiusallee 38, 06846 Dessau-Roßlau. Fr 04.10.2019 10 Uhr: Architekturmoderne in Dessau [&hellip;]</p>
