{"id":11,"date":"2013-05-04T10:05:34","date_gmt":"2013-05-04T10:05:34","guid":{"rendered":"http:\/\/www.triennale-der-moderne.de\/\/?page_id=11"},"modified":"2022-03-16T08:19:58","modified_gmt":"2022-03-16T07:19:58","slug":"konzept-schwerpunkte","status":"publish","type":"page","link":"\/2019\/allgemein\/konzept-schwerpunkte\/","title":{"rendered":"Konzept &amp; Schwerpunkte"},"content":{"rendered":"<p><strong>Konzept, Schwerpunkte und Zielsetzung<br \/>\n<\/strong><span class=\"s1\">Nach erfolgreichen Auftakten des noch jungen Formats \u201eTriennale der Moderne\u201c 2013 und 2016 steht das Programm 2019 ganz im Zeichen des 100-j\u00e4hrigen Jubil\u00e4ums der ber\u00fchmten Designschule, die in Weimar, Dessau und Berlin beheimatet war, bevor sie 1933 auf Druck der Nationalsozialisten schlie\u00dfen musste. Bis heute gilt das Bauhaus als Inbegriff zeitlos moderner Gestaltung, wirkte international nach und hinterlie\u00df ein reiches baukulturelles Erbe. Dies alles l\u00e4sst sich an den drei Herbstwochen-enden vom 26.9. bis 13.10.2019 mit Touren, Events und Ausstellungen konzentriert erleben und besichtigen. Er\u00f6ffnet wird die Triennale 2019 am Freitag, den 26.9.2019 am Gr\u00fcndungsort Weimar.<br \/>\n<\/span><span class=\"s1\">Die Initiative \u201eTriennale der Moderne\u201c beabsichtigt \u2013 aus-gehend von den UNESCO-Welterbest\u00e4tten der Moderne in Weimar, Dessau und Berlin \u2013 ein \u00fcberregionales Netzwerk Moderne aufzubauen und damit die Bauten und Verflechtungen der Avantgarde des fr\u00fchen 20. Jahrhunderts st\u00e4rker ins \u00f6ffentliche Bewusstsein zu r\u00fccken. <\/span><\/p>\n<p><strong>Drei Orte and drei Wochenenden<\/strong><br \/>\n<span class=\"s1\">Die Triennale der Moderne findet an drei aufeinander-<br \/>\nfolgenden Wochenenden in Weimar, Dessau und Berlin statt.<br \/>\n<\/span><\/p>\n<ul>\n<li><span class=\"s1\">26.9.\u201329.9.2019 in Weimar<\/span><\/li>\n<li><span class=\"s1\">4.10.\u20136.10.2019 in Dessau<\/span><\/li>\n<li><span class=\"s1\">11.10.\u201313.10.2019 in Berlin<\/span><\/li>\n<\/ul>\n<p class=\"p1\"><span class=\"s1\">Der Programmteil der Website befindet sich derzeit noch in Aufbau und wird ab April\/Mai 2019<\/span>\u00a0<span class=\"s1\">im Internet unter <strong>www.triennale-der-moderne.de<\/strong>\u00a0abzurufen sein und dort laufend aktualisiert.<\/span><\/p>\n<p class=\"p1\"><span class=\"s1\">News und Updates erhalten Sie in den Sozialen Medien \u00fcber <strong><a href=\"http:\/\/www.facebook.com\/TriennaleDerModerne\" target=\"_blank\" rel=\"noopener\">www.facebook.com\/TriennaleDerModerne<\/a><\/strong>.<br \/>\n<\/span><\/p>\n<h3><\/h3>\n<p><strong><br \/>\nHinweis<br \/>\n<\/strong>Auch zwischen den Veranstaltungsjahren finden bei mehreren Partnerorganisationen der Triennale in Berlin, Dessau und Weimar weitere Veranstaltungsangebote statt. Entsprechende Programminformationen entnehmen Sie bitte den Websites der entsprechenden Partnerorganisationen. Einen \u00dcberblick auf Art und Umfang des etwa zu erwartenden\u00a0Programmumfangs finden Sie unter unter\u00a0<a href=\"http:\/\/www.triennale-der-moderne.de\/2013\/\">R\u00fcckblick &amp; Backup 2013<\/a>.<\/p>\n","protected":false},"excerpt":{"rendered":"<p>Konzept, Schwerpunkte und Zielsetzung Nach erfolgreichen Auftakten des noch jungen Formats \u201eTriennale der Moderne\u201c 2013 und 2016 steht das Programm 2019 ganz im Zeichen des 100-j\u00e4hrigen Jubil\u00e4ums der ber\u00fchmten Designschule, die in Weimar, Dessau und Berlin beheimatet war, bevor sie 1933 auf Druck der Nationalsozialisten schlie\u00dfen musste. Bis heute gilt das Bauhaus als Inbegriff zeitlos [&hellip;]<\/p>\n","protected":false},"author":2,"featured_media":0,"parent":3821,"menu_order":6,"comment_status":"open","ping_status":"open","template":"_template_60_40.php","meta":{"_acf_changed":false,"footnotes":""},"class_list":["post-11","page","type-page","status-publish","hentry"],"acf":[],"_links":{"self":[{"href":"https:\/\/triennale-der-moderne.de\/2019\/wp-json\/wp\/v2\/pages\/11"}],"collection":[{"href":"https:\/\/triennale-der-moderne.de\/2019\/wp-json\/wp\/v2\/pages"}],"about":[{"href":"https:\/\/triennale-der-moderne.de\/2019\/wp-json\/wp\/v2\/types\/page"}],"author":[{"embeddable":true,"href":"https:\/\/triennale-der-moderne.de\/2019\/wp-json\/wp\/v2\/users\/2"}],"replies":[{"embeddable":true,"href":"https:\/\/triennale-der-moderne.de\/2019\/wp-json\/wp\/v2\/comments?post=11"}],"version-history":[{"count":10,"href":"https:\/\/triennale-der-moderne.de\/2019\/wp-json\/wp\/v2\/pages\/11\/revisions"}],"predecessor-version":[{"id":4301,"href":"https:\/\/triennale-der-moderne.de\/2019\/wp-json\/wp\/v2\/pages\/11\/revisions\/4301"}],"up":[{"embeddable":true,"href":"https:\/\/triennale-der-moderne.de\/2019\/wp-json\/wp\/v2\/pages\/3821"}],"wp:attachment":[{"href":"https:\/\/triennale-der-moderne.de\/2019\/wp-json\/wp\/v2\/media?parent=11"}],"curies":[{"name":"wp","href":"https:\/\/api.w.org\/{rel}","templated":true}]}}