{"id":44,"date":"2013-05-04T10:08:53","date_gmt":"2013-05-04T10:08:53","guid":{"rendered":"http:\/\/www.triennale-der-moderne.de\/\/?page_id=44"},"modified":"2016-09-08T16:08:16","modified_gmt":"2016-09-08T14:08:16","slug":"triennale-wochenende-ii","status":"publish","type":"page","link":"\/2016\/weimar\/triennale-wochenende-ii\/","title":{"rendered":"2. Triennale-Wochenende (Weimar)"},"content":{"rendered":"<h2>Auftaktveranstaltung<\/h2>\n<h1>Donnerstag, 29.9., 18-20 Uhr, Bauhaus-Museum Weimar<\/h1>\n<p>Die Er\u00f6ffnung der Ausstellung &#8222;<a href=\"\/weimar-modellstadt-der-moderne\/\">Weimar. Modellstadt der Modern? Ambivalenzen des St\u00e4dtebaus im 20. Jahrhundert<\/a>&#8220; ist zugleich die Auftaktveranstlatung der Triennale der Moderne in Weimar.<\/p>\n<p>&nbsp;<\/p>\n<h2>ARCHITEKTURBESICHTIGUNGEN<\/h2>\n<ul>\n<li><strong>Bauhaus-Spaziergang<\/strong><br \/>\nSpazieren Sie auf den Spuren des fr\u00fchen Staatlichen Bauhauses durch die historischen Orte und erleben Geschichte und Gegenwart der Bauhaus-Universit\u00e4t Weimar.<br \/>\nTreffpunkt: Bauhaus.Atelier<br \/>\nTeilnahmebeitrag: 6\u20ac\/9\u20ac p. P.<br \/>\nTermine: Di 14\u201316 Uhr, Fr 14\u201316 Uhr, Sa 14\u201316 Uhr<br \/>\nVeranstalter: Bauhaus-Universit\u00e4t Weimar, Bauhaus-Spaziergang<br \/>\nAnmeldung: www.bauhausspaziergang@uni-weimar.de<\/li>\n<li><strong>Bauhaus-Spaziergang<\/strong> <strong>zum M\u00e4rzgefallenen-Denkmal<\/strong><br \/>\nDieser Bauhaus-Spaziergang f\u00fchrt Sie durch die Gr\u00fcndungsorte des Staatlichen Bauhauses und geht weiter zum 1922 nach Entw\u00fcrfen von Walter Gropius gestalteten M\u00e4rzgefallenendenkmal auf dem Weimarer Hauptfriedhof.<br \/>\nTreffpunkt: Bauhaus.Atelier<br \/>\nTeilnahmebeitrag: 9\u20ac p. P.<br \/>\nTermine: Sa 10 \u2013 12.30, So 10 \u2013 12.30 und 14 \u2013 16.30 Uhr<br \/>\nVeranstalter: Bauhaus-Universit\u00e4t Weimar, Bauhaus-Spaziergang<br \/>\nAnmeldung: www.bauhausspaziergang@uni-weimar.de<\/li>\n<li><strong>Ein Gesamtkunstwerk von Henry van de Velde. Das Haus Hohe Pappeln in Weimar.<\/strong><br \/>\nDas Haus Hohe Pappeln war das private Wohnhaus Henry van de Veldes, das er 1907 \/ 1908 nach seinen Pl\u00e4nen errichten lie\u00df und mit seiner Familie bewohnte.<br \/>\nTreffpunkt: Museumskasse Haus Hohe Pappeln, Belvederer Allee 58, 99425 Weimar<br \/>\nTeilnahmebeitrag: 3 \u20ac \/ erm. 1 \u20ac zzgl. Eintritt<br \/>\nTermin: Sa 14 \u2013 15 Uhr<br \/>\nVeranstalter: Klassik Stiftung Weimar<\/li>\n<\/ul>\n<p>&nbsp;<\/p>\n<h2>AUSSTELLUNGSF\u00dcHRUNGEN<\/h2>\n<ul>\n<li><strong>Kesslers Moderne in Weimar<\/strong><br \/>\nIm Rahmen der F\u00fchrung werden die Ausstellungspolitik und die Erwerbungen des Museumsdirektors Harry Graf Kessler f\u00fcr das Gro\u00dfherzogliche Museum vorgestellt.<br \/>\nTreffpunkt: Kasse Schlossmuseum im Stadtschloss<br \/>\nTeilnahmebeitrag: 3 \u20ac \/ erm. 1 \u20ac zzgl. Eintritt<br \/>\nTermin: Fr 15 \u2013 16 Uhr<br \/>\nVeranstalter: Klassik Stiftung Weimar<\/li>\n<li><strong>Vom Bauhaus inspiriert. Der Bildhauer Johannes Ilmari Auerbach.<\/strong><br \/>\nSonderf\u00fchrung durch die Ausstellung mit Fr\u00fchwerken des fast vergessenen Bildhauers.<br \/>\nTreffpunkt: Haus Am Horn, Am Horn 61, 99425 Weimar<br \/>\nTeilnahmebeitrag: 3 \u20ac \/ erm. 1,50 \u20ac<br \/>\nTermin: So 11 \u2013 12 Uhr<br \/>\nVeranstalter: Klassik Stiftung Weimar, Freundeskreis der Bauhaus-Universita\u0308t Weimar e.V.<\/li>\n<li><strong>Bauhaus Doppelpack<\/strong><br \/>\nSonderf\u00fchrung durch das Bauhaus-Museum und das Haus Am Horn mit der Ausstellung \u201eVom Bauhaus inspiriert. Der Bildhauer Johannes Ilmari Auerbach.\u201d<br \/>\nTreffpunkt: Museumskasse Bauhaus-Museum<br \/>\nTeilnahmebeitrag: Eintritte Bauhaus-Museum: 4 \u20ac \/ erm. 3 \u20ac und Haus Am Horn: 3\u20ac\/erm. 1,50\u20ac<br \/>\nTermin: Sa 10 \u2013 12.30 Uhr<br \/>\nVeranstalter: Klassik Stiftung Weimar,<br \/>\nFreundeskreis der Bauhaus-Universit\u00e4t Weimar e. V.<\/li>\n<\/ul>\n<p>&nbsp;<\/p>\n<h2>TAGUNG UND AUSSTELLUNGEN<\/h2>\n<ul>\n<li><strong>Das Digitale und die Denkmalpflege<\/strong> (Tagung)<br \/>\nTreffpunkt: Bauhaus-Universit\u00e4t Weimar<br \/>\nTeilnahmebeitrag: Tagungsgeb\u00fchr 20 \/ 60 \/ 80 \u20ac<br \/>\nTermine: Do \u2013 Fr, 9 \u2013 ca. 19.30 Uhr, Sa 9 \u2013 13.30 Uhr<br \/>\nVeranstalter: Arbeitskreis Theorie und Lehre der Denkmalpflege e.V.<br \/>\nKontakt: hans-rudolf.meier@uni-weimar.de<\/li>\n<li><strong>Vom Bauhaus inspiriert. Der Bildhauer Johannes Ilmari Auerbach<\/strong> (Ausstellung)<br \/>\nTreffpunkt: Haus am Horn, Am Horn 61, 99425 Weimar<br \/>\nTeilnahmebeitrag: Preis: 3 \u20ac, erm. 1,50 \u20ac<br \/>\nTermine: Mo, Mi, Fr, Sa, So 10 \u2013 18 Uhr<br \/>\nVeranstalter: Klassik Stiftung Weimar, Freundeskreis der Bauhaus-Universit\u00e4t Weimar e.V.<\/li>\n<li><strong>Das rekonstruierte Arbeitszimmer von Henry van de Velde<\/strong> (Ausstellung)<br \/>\nTreffpunkt: Haus Hohe Pappeln, Belvederer Allee 58, 99425 Weimar<br \/>\nTeilnahmebeitrag: 3 \u20ac \/ erm. 2 \u20ac \/ Sch\u00fcler (16\u201320 J.) 1 \u20ac, Kinder und Jugendliche unter 16 Jahren frei<br \/>\nTermine: Di \u2013 So 11 \u2013 17 Uhr<br \/>\nVeranstalter: Klassik Stiftung Weimar<\/li>\n<\/ul>\n<p>&nbsp;<\/p>\n<h2>FAMILIEN, KINDER UND JUGENDLICHE<\/h2>\n<ul>\n<li><strong>Spurensuche mit dem Bauhaus-bag<\/strong> (Rucksacktour)<br \/>\nBildungsangebot f\u00fcr Kinder (von 6 bis 12 Jahren) und Familien. Am Bauhaus-Museum startet die Entdeckungstour, die zu allen wichtigen Bauhaus-Orten in Weimar f\u00fchrt. Dort stellen sich die ber\u00fchmten Meister vor und zeigen Euch ihre weltbekannte Kunst und ganz eigenen Ideen.<br \/>\nTreffpunkt: Museumskasse Bauhaus-Museum<br \/>\nTeilnahmebeitrag: 5 \u20ac (zzgl. 20 \u20ac Pfand)<br \/>\nTermine: Fr 10\u201318 Uhr, Sa 10\u201318 Uhr, So 10\u201318 Uhr<br \/>\nVeranstalter: Klassik Stiftung Weimar \u2013 Bitte melden Sie sich vor Ihrem Besuch an der Museumskasse an.<br \/>\nTelefon: 03643-545-621\/-622<\/li>\n<\/ul>\n","protected":false},"excerpt":{"rendered":"<p>Auftaktveranstaltung Donnerstag, 29.9., 18-20 Uhr, Bauhaus-Museum Weimar Die Er\u00f6ffnung der Ausstellung &#8222;Weimar. Modellstadt der Modern? Ambivalenzen des St\u00e4dtebaus im 20. Jahrhundert&#8220; ist zugleich die Auftaktveranstlatung der Triennale der Moderne in Weimar. &nbsp; ARCHITEKTURBESICHTIGUNGEN Bauhaus-Spaziergang Spazieren Sie auf den Spuren des fr\u00fchen Staatlichen Bauhauses durch die historischen Orte und erleben Geschichte und Gegenwart der Bauhaus-Universit\u00e4t Weimar. [&hellip;]<\/p>\n","protected":false},"author":1,"featured_media":0,"parent":8,"menu_order":9,"comment_status":"open","ping_status":"closed","template":"","meta":{"_acf_changed":false,"footnotes":""},"class_list":["post-44","page","type-page","status-publish","hentry"],"acf":[],"_links":{"self":[{"href":"https:\/\/triennale-der-moderne.de\/2016\/wp-json\/wp\/v2\/pages\/44"}],"collection":[{"href":"https:\/\/triennale-der-moderne.de\/2016\/wp-json\/wp\/v2\/pages"}],"about":[{"href":"https:\/\/triennale-der-moderne.de\/2016\/wp-json\/wp\/v2\/types\/page"}],"author":[{"embeddable":true,"href":"https:\/\/triennale-der-moderne.de\/2016\/wp-json\/wp\/v2\/users\/1"}],"replies":[{"embeddable":true,"href":"https:\/\/triennale-der-moderne.de\/2016\/wp-json\/wp\/v2\/comments?post=44"}],"version-history":[{"count":48,"href":"https:\/\/triennale-der-moderne.de\/2016\/wp-json\/wp\/v2\/pages\/44\/revisions"}],"predecessor-version":[{"id":3572,"href":"https:\/\/triennale-der-moderne.de\/2016\/wp-json\/wp\/v2\/pages\/44\/revisions\/3572"}],"up":[{"embeddable":true,"href":"https:\/\/triennale-der-moderne.de\/2016\/wp-json\/wp\/v2\/pages\/8"}],"wp:attachment":[{"href":"https:\/\/triennale-der-moderne.de\/2016\/wp-json\/wp\/v2\/media?parent=44"}],"curies":[{"name":"wp","href":"https:\/\/api.w.org\/{rel}","templated":true}]}}