{"id":40,"date":"2013-05-04T10:08:32","date_gmt":"2013-05-04T10:08:32","guid":{"rendered":"http:\/\/www.triennale-der-moderne.de\/\/?page_id=40"},"modified":"2016-07-06T10:51:51","modified_gmt":"2016-07-06T08:51:51","slug":"schwerpunkt-kontakt","status":"publish","type":"page","link":"\/2016\/weimar\/schwerpunkt-kontakt\/","title":{"rendered":"Schwerpunkt &amp; Kontakt (Weimar)"},"content":{"rendered":"<p><strong>2. Triennale-Wochenende 30.9.-2.10.2016<\/strong><\/p>\n<p>Mit der Ankunft des Belgiers Henry van de Velde in Weimar erreicht die Moderne in Weimar den akademischen Lehrbetrieb. Van de Velde er\u00f6ffnete das Kunstgewerbliche Seminar und entwarf das Geb\u00e4ude der Kunst- und Kunstgewerbeschule, verband Kunst mit Handwerk und schlug vor, Walter Gropius nach Weimar zu holen. Gropius begr\u00fcndete hier 1919 das Staatliche Bauhaus. Als moderne Schule f\u00fcr Gestaltung sollte es in den 1920er Jahren Weltbedeutung erlangen. Architektonisch verwirklichte sich das fr\u00fche Bauhaus in einem einzigartigen Geb\u00e4ude in Weimar: dem 1923 als Musterhaus entstandenen Haus Am Horn. Der Schwerpunkt der Arbeit am Weimarer Bauhaus lag in der bildenden Kunst, im Design und den darstellenden K\u00fcnsten. Um die gro\u00dfe Weimarer Sammlung an Bauhaus-Objekten pr\u00e4sentieren zu k\u00f6nnen, errichtet die Klassik Stiftung Weimar bis 2018 ein neues Bauhaus-Museum.<\/p>\n<p>Im Triennale-Jahr 2016 wird in Weimar das Thema der Moderne von seinen Anf\u00e4ngen, die ihren Ursprung auch im Wirken von Harry Graf Kessler und Friedrich Nietzsche finden, \u00fcber den totalit\u00e4ren Charakter der Moderne, der sich im Konzentrations\u00adlager Buchenwald auf schreckliche Weise manifestierte, bis zu den Entwicklungen in der Architektur nach 1945 betrachtet. Lernen Sie 2016 die Moderne in Weimar bei den Pre-Shows zum Bauhaus-Museum und bei Stadt\u00adspazierg\u00e4ngen zu den Bauhaus-Orten kennen.<\/p>\n<h1>Kontakt<\/h1>\n<h2>Programm und Organisation<\/h2>\n<p>Tourist-Information Weimar \u00b7\u00a0Tel. +49 &#8211; (0)3643 &#8211; 7450<br \/>\n<a href=\"http:\/\/www.weimar.de\" target=\"_blank\">www.weimar.de<\/a><\/p>\n<p>&nbsp;<\/p>\n<h1>Information zum Programm<\/h1>\n<ul class=\"arrow\">\n<li><a href=\"http:\/\/triennale-der-moderne.de\/weimar\/sonder-veranstaltungen\/\">Sonderveranstaltungen 2016<\/a><\/li>\n<li><a href=\"http:\/\/triennale-der-moderne.de\/weimar\/triennale-wochenende-ii\/\">2. Triennale-Wochenende 30.9.-2.10.2016<\/a><\/li>\n<li><a href=\"http:\/\/triennale-der-moderne.de\/weimar\/komplettes-programm\/\">Komplettes Programm in Weimar 23.9-9.10.2016<\/a><\/li>\n<\/ul>\n","protected":false},"excerpt":{"rendered":"<p>2. Triennale-Wochenende 30.9.-2.10.2016 Mit der Ankunft des Belgiers Henry van de Velde in Weimar erreicht die Moderne in Weimar den akademischen Lehrbetrieb. Van de Velde er\u00f6ffnete das Kunstgewerbliche Seminar und entwarf das Geb\u00e4ude der Kunst- und Kunstgewerbeschule, verband Kunst mit Handwerk und schlug vor, Walter Gropius nach Weimar zu holen. Gropius begr\u00fcndete hier 1919 das [&hellip;]<\/p>\n","protected":false},"author":1,"featured_media":0,"parent":8,"menu_order":2,"comment_status":"open","ping_status":"open","template":"_template_60_40.php","meta":{"_acf_changed":false,"footnotes":""},"class_list":["post-40","page","type-page","status-publish","hentry"],"acf":[],"_links":{"self":[{"href":"https:\/\/triennale-der-moderne.de\/2016\/wp-json\/wp\/v2\/pages\/40"}],"collection":[{"href":"https:\/\/triennale-der-moderne.de\/2016\/wp-json\/wp\/v2\/pages"}],"about":[{"href":"https:\/\/triennale-der-moderne.de\/2016\/wp-json\/wp\/v2\/types\/page"}],"author":[{"embeddable":true,"href":"https:\/\/triennale-der-moderne.de\/2016\/wp-json\/wp\/v2\/users\/1"}],"replies":[{"embeddable":true,"href":"https:\/\/triennale-der-moderne.de\/2016\/wp-json\/wp\/v2\/comments?post=40"}],"version-history":[{"count":14,"href":"https:\/\/triennale-der-moderne.de\/2016\/wp-json\/wp\/v2\/pages\/40\/revisions"}],"predecessor-version":[{"id":2717,"href":"https:\/\/triennale-der-moderne.de\/2016\/wp-json\/wp\/v2\/pages\/40\/revisions\/2717"}],"up":[{"embeddable":true,"href":"https:\/\/triennale-der-moderne.de\/2016\/wp-json\/wp\/v2\/pages\/8"}],"wp:attachment":[{"href":"https:\/\/triennale-der-moderne.de\/2016\/wp-json\/wp\/v2\/media?parent=40"}],"curies":[{"name":"wp","href":"https:\/\/api.w.org\/{rel}","templated":true}]}}