{"id":15,"date":"2013-05-04T10:05:58","date_gmt":"2013-05-04T10:05:58","guid":{"rendered":"http:\/\/www.triennale-der-moderne.de\/\/?page_id=15"},"modified":"2016-01-15T23:25:58","modified_gmt":"2016-01-15T22:25:58","slug":"adressen-links","status":"publish","type":"page","link":"\/2016\/allgemein\/adressen-links\/","title":{"rendered":"Adressen &amp; Links"},"content":{"rendered":"<p><strong>Bauhaus-Archiv \/ Museum f\u00fcr Gestaltung<\/strong><br \/>\nKlingelh\u00f6ferstra\u00dfe 14, 10785 Berlin<br \/>\nTel.: +49 (0)30 254002-40<br \/>\n<a href=\"http:\/\/www.bauhaus.de\/\" target=\"_blank\">www.bauhaus.de<\/a><\/p>\n<p><strong>Bauhaus-Universit\u00e4t Weimar<\/strong><br \/>\nGeschwister-Scholl-Stra\u00dfe 8, 99423 Weimar<br \/>\nTel.: +49 (0)3643 580<br \/>\n<a href=\"http:\/\/www.uni-weimar.de\" target=\"_blank\">www.uni-weimar.de\/\u200e<\/a><\/p>\n<p><strong>Berliner Senatsverwaltung f\u00fcr Stadtentwicklung und Umwelt<\/strong><br \/>\nWerkstatt Baukultur Kommunikation<br \/>\nAm K\u00f6llnischen Park 3, 10179 Berlin<br \/>\nTel.: +49 (0) 30-9025-1504<br \/>\n<a href=\"http:\/\/www.stadtentwicklung.berlin.de\/\" target=\"_blank\">www.stadtentwicklung.berlin.de<\/a><\/p>\n<p><strong>Deutsche Wohnen AG<\/strong><br \/>\nB\u00fcro Berlin: Mecklenburgische Stra\u00dfe 57, 14197 Berlin<br \/>\nTel.: +49 (0)30 89786-0<br \/>\n<a href=\"http:\/\/www.deutsche-wohnen.com\">www.deutsche-wohnen.com<\/a><\/p>\n<p><strong>Freunde und F\u00f6rderer der Hufeisensiedlung Berlin-Britz e.V.<\/strong><br \/>\nc\/o Infostation Hufeisensiedlung, Fritz-Reuter-Allee 44, 12359 Berlin<br \/>\nTel.: +49 (0)30 67121548<br \/>\n<a href=\"http:\/\/www.hufeisensiedlung.info\/foerderverein\/projekte.html\" target=\"_blank\">www.hufeisensiedlung.info\/foerderverein<\/a><\/p>\n<p><strong>Gesellschaft zur Erforschung des Lebens und Wirkens<br \/>\ndeutschsprachiger j\u00fcdischer Architekten e.V.<\/strong><br \/>\nc\/o G\u00fcnter Schlusche, Bassermannweg 7, 12207 Berlin<br \/>\nTel.: +49 (0)30 77197-59<br \/>\n<a href=\"http:\/\/www.juedische-architekten.de\/\" target=\"_blank\">www.juedische-architekten.de<\/a><\/p>\n<p><strong>Klassik-Stiftung Weimar<\/strong><br \/>\nBurgplatz 4, 99423 Weimar<br \/>\nTel.: +49 (0)3643 5450<br \/>\n<a href=\"http:\/\/www.klassik-stiftung.de\" target=\"_blank\">www.klassik-stiftung.de<\/a><\/p>\n<p><strong>Kulturprojekte Berlin GmbH<\/strong><br \/>\nKlosterstra\u00dfe 68, 10179 Berlin<br \/>\nTel.: +49 (0)30 24749 700<br \/>\n<a href=\"http:\/\/www.kulturprojekte-berlin.de\" target=\"_blank\">www.kulturprojekte-berlin.de<\/a><\/p>\n<p><strong>Landesdenkmalamt Berlin<\/strong><br \/>\nAltes Stadthaus, Klosterstr. 47, 10179 Berlin<br \/>\nTel.: +49 (0)30-90259-3670<br \/>\n<a href=\"http:\/\/www.stadtentwicklung.berlin.de\/denkmal\/landesdenkmalamt\/\" target=\"_blank\">www.stadtentwicklung.berlin.dedenkmal\/landesdenkmalamt<\/a><\/p>\n<p><strong>Staatliche Museen zu Berlin \u2013 Kunstbibliothek<\/strong><br \/>\nMatth\u00e4ikirchplatz, 10785 Berlin<br \/>\nTel.: +49 (0)30 266424242<br \/>\n<a href=\"http:\/\/www.smb.museum\/smb\/sammlungen\/details.php?objID=6&amp;n=5\" target=\"_blank\">www.smb.museum<\/a><\/p>\n<p><strong>Stadt Dessau-Ro\u00dflau, Tourismus-Marketing<\/strong><br \/>\nZerbster Stra\u00dfe 4, 06844 Dessau-Ro\u00dflau<br \/>\nTel.: +49 (0)340-2042342<br \/>\n<a href=\"http:\/\/www.dessau-rosslau.de\" target=\"_blank\">www.dessau-rosslau.de<\/a><\/p>\n<p><strong>Stiftung Bauhaus Dessau<\/strong><br \/>\nGropiusallee 38, 06846 Dessau-Ro\u00dflau<br \/>\nTel.: +49 (0)340-6508-333<br \/>\n<a href=\"http:\/\/www.bauhaus-dessau.de\" target=\"_blank\">www.bauhaus-dessau.de<\/a><\/p>\n<p><strong>Tautes Heim<\/strong><br \/>\nc\/o Katrin Lesser &amp; Ben Buschfeld, Parchimer Allee 81b, 12359 Berlin<br \/>\nTel.: +49 (0)30 601071-93<br \/>\n<a href=\"\/\/www.tautes-heim.de\" target=\"_blank\">www.tautes-heim.de<\/a><\/p>\n<p><strong>Ticket B &#8211; Stadtf\u00fchrungen f\u00fcr Architekten<\/strong><br \/>\nFrankfurter Tor 1, 10243 Berlin<br \/>\nTel.: +49 (0)30 4202696-21<br \/>\n<a href=\"http:\/\/www.ticket-b.de\" target=\"_blank\">www.ticket-b.de<\/a><\/p>\n<p><strong>weimar GmbH &#8211; Gesellschaft f\u00fcr<br \/>\nWirtschaftsf\u00f6rderung, Kongress- und Tourismusservice<\/strong><br \/>\nUNESCO-Platz 1, 99423 Weimar<br \/>\nTel.: +49 (0)3643-745313<br \/>\n<a href=\"http:\/\/www.weimar.de\/\" target=\"_blank\">www.weimar.de<\/a><\/p>\n<p><strong>Berliner Bau- und Wohnungsbaugesellschaft von 1892 eG<\/strong><br \/>\nKnobelsdorffstra\u00dfe 96, 14050 Berlin<br \/>\nTel.: +49 (0)30 30302-0<br \/>\n<a href=\"http:\/\/www.1892.de\" target=\"_blank\">www.1892.de<\/a><\/p>\n<p><strong>visit Berlin &#8211; Berlin Tourismus &amp; Kongress GmbH<\/strong><br \/>\nAm Karlsbad 11, 10785 Berlin<br \/>\nTel.: +49 (0)30 264748-917<br \/>\n<a href=\"http:\/\/www.visitberlin.de\" target=\"_blank\">www.visitberlin.de<\/a><\/p>\n<p>&nbsp;<\/p>\n<h2>Weitere Hinweise<\/h2>\n<ul class=\"arrow\">\n<li><a title=\"Link zu Facebook-Page\" href=\"https:\/\/www.facebook.com\/TriennaleDerModerne\" target=\"_blank\">Freundes- und News-Seite bei Facebook<\/a><\/li>\n<li><a title=\"Presse- &amp; Download-Bereich\" href=\"http:\/\/www.triennale-der-moderne.de\/\/allgemein\/presse-download-bereich\/\">Presse- und Download-Bereich<\/a><\/li>\n<\/ul>\n","protected":false},"excerpt":{"rendered":"<p>Bauhaus-Archiv \/ Museum f\u00fcr Gestaltung Klingelh\u00f6ferstra\u00dfe 14, 10785 Berlin Tel.: +49 (0)30 254002-40 www.bauhaus.de Bauhaus-Universit\u00e4t Weimar Geschwister-Scholl-Stra\u00dfe 8, 99423 Weimar Tel.: +49 (0)3643 580 www.uni-weimar.de\/\u200e Berliner Senatsverwaltung f\u00fcr Stadtentwicklung und Umwelt Werkstatt Baukultur Kommunikation Am K\u00f6llnischen Park 3, 10179 Berlin Tel.: +49 (0) 30-9025-1504 www.stadtentwicklung.berlin.de Deutsche Wohnen AG B\u00fcro Berlin: Mecklenburgische Stra\u00dfe 57, 14197 Berlin [&hellip;]<\/p>\n","protected":false},"author":1,"featured_media":0,"parent":404,"menu_order":10,"comment_status":"open","ping_status":"closed","template":"_template_50_50.php","meta":{"_acf_changed":false,"footnotes":""},"class_list":["post-15","page","type-page","status-publish","hentry"],"acf":[],"_links":{"self":[{"href":"https:\/\/triennale-der-moderne.de\/2016\/wp-json\/wp\/v2\/pages\/15"}],"collection":[{"href":"https:\/\/triennale-der-moderne.de\/2016\/wp-json\/wp\/v2\/pages"}],"about":[{"href":"https:\/\/triennale-der-moderne.de\/2016\/wp-json\/wp\/v2\/types\/page"}],"author":[{"embeddable":true,"href":"https:\/\/triennale-der-moderne.de\/2016\/wp-json\/wp\/v2\/users\/1"}],"replies":[{"embeddable":true,"href":"https:\/\/triennale-der-moderne.de\/2016\/wp-json\/wp\/v2\/comments?post=15"}],"version-history":[{"count":2,"href":"https:\/\/triennale-der-moderne.de\/2016\/wp-json\/wp\/v2\/pages\/15\/revisions"}],"predecessor-version":[{"id":2444,"href":"https:\/\/triennale-der-moderne.de\/2016\/wp-json\/wp\/v2\/pages\/15\/revisions\/2444"}],"up":[{"embeddable":true,"href":"https:\/\/triennale-der-moderne.de\/2016\/wp-json\/wp\/v2\/pages\/404"}],"wp:attachment":[{"href":"https:\/\/triennale-der-moderne.de\/2016\/wp-json\/wp\/v2\/media?parent=15"}],"curies":[{"name":"wp","href":"https:\/\/api.w.org\/{rel}","templated":true}]}}