{"id":378,"date":"2013-05-06T15:19:56","date_gmt":"2013-05-06T15:19:56","guid":{"rendered":"http:\/\/www.triennale-der-moderne.de\/2013\/\/berlin\/veranstaltungsorte\/webportal-parc-view\/"},"modified":"2013-05-06T15:19:56","modified_gmt":"2013-05-06T15:19:56","slug":"webportal-parc-view","status":"publish","type":"page","link":"\/2013\/berlin\/veranstaltungsorte\/webportal-parc-view\/","title":{"rendered":"Webportal Parc View"},"content":{"rendered":"<p>Der bdla ver\u00f6ffentlicht eine neue online-Ausstellung im Portal \u201eParcView- Berliner Kulturlandschaften erleben\u201c zur Triennale der Moderne. Das Spektrum der Architektur der Moderne reicht in Berlin weit \u00fcber die bekannten Orte der Bauhaus-Architektur hinaus. Aus der Zeit der beginnenden und klassischen Moderne sind ebenso bedeutende Orte der Gartenkunst hervorgegangen. Die vielf\u00e4ltigen Freir\u00e4ume der Moderne, die z.B. der g\u00e4rtnerisch betonten Str\u00f6mung oder aus dem architektonisch ausgerichteten Ansatz zuzuordnen sind, stehen trotz gro\u00dfer gartenkultureller Bedeutung weitaus weniger in der \u00f6ffentlichen Wahrnehmung. Der Bund Deutscher Landschaftsarchitekten bdla m\u00f6chte \u201eGartenarchitektur und Moderne in Berlin\u201c deshalb ohne Anspruch auf wissenschaftliche Vollst\u00e4ndigkeit thematisieren und einer breiten \u00d6ffentlichkeit \u00fcber eine ansprechende und zeitgem\u00e4\u00dfe Informationsvermittlung im Portal <a href=\"http:\/\/www.parcview.de\" target=\"_blank\">www.parcview.de<\/a>  zug\u00e4nglich machen. Als online-Ausstellung konzipiert, gibt das Informationsangebot einen Einblick in die gartenkulturelle Neuausrichtung dieser Zeit in seinen unterschiedlichen Str\u00f6mungen anhand ausgew\u00e4hlter gartenkultureller Orte, stellt namhafte Gartenarchitekten der Moderne vor und macht auf das Schicksal aufmerksam, das gartenkulturelle Werke und Sch\u00f6pfer zur Zeit des Nationalsozialismus erlitten haben.\n<\/p>\n<p>\nDie online-Ausstellung wird zu Beginn der Triennale der Moderne in Berlin freigeschaltet. Als unbefristetes Informationsangebot wird es w\u00e4hrend der gesamten Triennale jeweils inhaltliche Bez\u00fcge zu den unterschiedlichen Themenschwerpunkten aufweisen bzw. auf das bundesweite Informationsangebot zur \u201eGartenarchitektur und Moderne\u201c im Portal <a href=\"http:\/\/www.landschaftsarchitektur-heute.de\" target=\"_blank\">www.landschaftsarchitektur-heute.de<\/a> verlinken.\n<\/p>\n<p>\nZusammen mit der WebApp <a href=\"http:\/\/www.mobil.parcview.de\" target=\"_blank\">mobil.parcview.de<\/a> bietet die online-Ausstellung die M\u00f6glichkeit zum individuellen Erkunden von \u201eGartenarchitektur und Moderne in Berlin\u201c au\u00dferhalb von terminierten Veranstaltungen. Das mobile Informationsangebot zeigt an, welche Orte in der N\u00e4he des eigenen Standortes zu besichtigen sind, unterst\u00fctzt \u00fcber die Kartenanzeige die Anreise dorthin und informiert detailliert \u00fcber die Gestaltung und die Akteure des jeweiligen Ortes.\n<\/p>\n<p>\n<strong>Bund Deutscher Landschaftsarchitekten<\/strong><br \/>\nK\u00f6penicker Stra\u00dfe 48\/49, 10179 Berlin<br \/>\nTel. 030 27 87 15-0, Fax 030 27 87 15-55<br \/>\n<a href=\"mailto:info@bdla.de\">info@bdla.de<\/a>, <a href=\"http:\/\/www.bdla.de\" target=\"_blank\">www.bdla.de<\/a><\/p>\n","protected":false},"excerpt":{"rendered":"<p>Der bdla ver\u00f6ffentlicht eine neue online-Ausstellung im Portal \u201eParcView- Berliner Kulturlandschaften erleben\u201c zur Triennale der Moderne. Das Spektrum der Architektur der Moderne reicht in Berlin weit \u00fcber die bekannten Orte der Bauhaus-Architektur hinaus. Aus der Zeit der beginnenden und klassischen Moderne sind ebenso bedeutende Orte der Gartenkunst hervorgegangen. Die vielf\u00e4ltigen Freir\u00e4ume der Moderne, die z.B. [&hellip;]<\/p>\n","protected":false},"author":1,"featured_media":0,"parent":28,"menu_order":23,"comment_status":"open","ping_status":"open","template":"_template_60_40.php","meta":{"_acf_changed":false,"footnotes":""},"class_list":["post-378","page","type-page","status-publish","hentry"],"acf":[],"_links":{"self":[{"href":"https:\/\/triennale-der-moderne.de\/2013\/wp-json\/wp\/v2\/pages\/378"}],"collection":[{"href":"https:\/\/triennale-der-moderne.de\/2013\/wp-json\/wp\/v2\/pages"}],"about":[{"href":"https:\/\/triennale-der-moderne.de\/2013\/wp-json\/wp\/v2\/types\/page"}],"author":[{"embeddable":true,"href":"https:\/\/triennale-der-moderne.de\/2013\/wp-json\/wp\/v2\/users\/1"}],"replies":[{"embeddable":true,"href":"https:\/\/triennale-der-moderne.de\/2013\/wp-json\/wp\/v2\/comments?post=378"}],"version-history":[{"count":0,"href":"https:\/\/triennale-der-moderne.de\/2013\/wp-json\/wp\/v2\/pages\/378\/revisions"}],"up":[{"embeddable":true,"href":"https:\/\/triennale-der-moderne.de\/2013\/wp-json\/wp\/v2\/pages\/28"}],"wp:attachment":[{"href":"https:\/\/triennale-der-moderne.de\/2013\/wp-json\/wp\/v2\/media?parent=378"}],"curies":[{"name":"wp","href":"https:\/\/api.w.org\/{rel}","templated":true}]}}