{"id":1876,"date":"2013-09-23T19:14:27","date_gmt":"2013-09-23T19:14:27","guid":{"rendered":"http:\/\/www.triennale-der-moderne.de\/2013\/?page_id=1876"},"modified":"2016-02-17T17:13:09","modified_gmt":"2016-02-17T16:13:09","slug":"ausstellung-schauplatz-vernunftiger-menschen","status":"publish","type":"page","link":"\/2013\/dessau\/veranstaltungsorte\/ausstellung-schauplatz-vernunftiger-menschen\/","title":{"rendered":"Ausstellung &#8222;Schauplatz vern\u00fcnftiger Menschen&#8220;"},"content":{"rendered":"<p>Zeit: ganzj\u00e4hrige Dauerausstellung<br \/>\n\u00d6ffnungszeiten: Mittwoch bis Sonntag, Feiertage 10:00\u201317:00 Uhr<br \/>\nOrt: Museum f\u00fcr Stadtgeschichte Dessau im Johannbau<br \/>\nVeranstalter: Museum f\u00fcr Stadtgeschichte Dessau; T\u00f6rtener Str. 44<br \/>\nReferent\/ Akteur: \u201eSchauplatz vern\u00fcnftiger Menschen.<br \/>\nKultur und Geschichte in Anhalt|Dessau\u201c<\/p>\n<p>Das Museum f\u00fcr Stadtgeschichte Dessau beleuchtet in seiner Dauerausstellung &#8222;Schauplatz vern\u00fcnftiger Menschen \u2013 Kultur und Geschichte in Anhalt|Dessau&#8220; die rund 800-j\u00e4hrige, an ber\u00fchmten Pers\u00f6nlichkeiten und Innovationen reiche Kulturgeschichte der Stadt Dessau und ihrer Region im alten Anhalt. Wie vollzog sich der Wandel von einer beschaulichen Residenzstadt zur Industrie- und Bauhausstadt? Warum konnte sich Dessau \u00fcberhaupt als Experimentierfeld der Moderne entwickeln und wie kam das Bauhaus nach Dessau? Was passierte nach 1932, als das Bauhaus von den Nationalsozialisten geschlossen und der Flugzeugpionier Hugo Junkers aus seinem Werk vertrieben wurde? Wie wurde die Moderne f\u00fcr Kriegszwecke missbraucht und hatte nicht zuletzt auch die Zerst\u00f6rung Dessaus zur Folge? Die Abteilungen \u201eKunst und Technik. Eine neue Einheit.<\/p>\n<p>Das Bauhaus in Dessau\u201c und \u201eDie Junkers Werke. Fabrik f\u00fcr die Entwicklung von Neuerungen\u201c beleuchten wie Arbeiterbewegung, Sozialdemokratie und Industrie wegbereitend f\u00fcr die Moderne wurden. In der Ausstellung sind zahlreiche historische Ansichten und Modelle, der in Dessau zwischen 1925 und 1930 realisierten Bauhausbauten zu sehen, aber auch etliche der am Bauhaus entwickelten Produkte, f\u00fcr deren Vermarktung 1925 die Bauhaus GmbH gegr\u00fcndet worden war.<br \/>\nDer Weg Dessaus zum f\u00fchrenden Zentrum der Flugindustrie l\u00e4sst sich anhand von Fotografien zum Flugzeugbau und Flugzeugmodellen nachvollziehen.<\/p>\n<p>Website: www.stadtgeschichte.dessau.de<\/p>\n","protected":false},"excerpt":{"rendered":"<p>Zeit: ganzj\u00e4hrige Dauerausstellung \u00d6ffnungszeiten: Mittwoch bis Sonntag, Feiertage 10:00\u201317:00 Uhr Ort: Museum f\u00fcr Stadtgeschichte Dessau im Johannbau Veranstalter: Museum f\u00fcr Stadtgeschichte Dessau; T\u00f6rtener Str. 44 Referent\/ Akteur: \u201eSchauplatz vern\u00fcnftiger Menschen. Kultur und Geschichte in Anhalt|Dessau\u201c Das Museum f\u00fcr Stadtgeschichte Dessau beleuchtet in seiner Dauerausstellung &#8222;Schauplatz vern\u00fcnftiger Menschen \u2013 Kultur und Geschichte in Anhalt|Dessau&#8220; die rund [&hellip;]<\/p>\n","protected":false},"author":1,"featured_media":0,"parent":38,"menu_order":29,"comment_status":"open","ping_status":"open","template":"_template_60_40.php","meta":{"_acf_changed":false,"footnotes":""},"class_list":["post-1876","page","type-page","status-publish","hentry"],"acf":[],"_links":{"self":[{"href":"https:\/\/triennale-der-moderne.de\/2013\/wp-json\/wp\/v2\/pages\/1876"}],"collection":[{"href":"https:\/\/triennale-der-moderne.de\/2013\/wp-json\/wp\/v2\/pages"}],"about":[{"href":"https:\/\/triennale-der-moderne.de\/2013\/wp-json\/wp\/v2\/types\/page"}],"author":[{"embeddable":true,"href":"https:\/\/triennale-der-moderne.de\/2013\/wp-json\/wp\/v2\/users\/1"}],"replies":[{"embeddable":true,"href":"https:\/\/triennale-der-moderne.de\/2013\/wp-json\/wp\/v2\/comments?post=1876"}],"version-history":[{"count":2,"href":"https:\/\/triennale-der-moderne.de\/2013\/wp-json\/wp\/v2\/pages\/1876\/revisions"}],"predecessor-version":[{"id":2299,"href":"https:\/\/triennale-der-moderne.de\/2013\/wp-json\/wp\/v2\/pages\/1876\/revisions\/2299"}],"up":[{"embeddable":true,"href":"https:\/\/triennale-der-moderne.de\/2013\/wp-json\/wp\/v2\/pages\/38"}],"wp:attachment":[{"href":"https:\/\/triennale-der-moderne.de\/2013\/wp-json\/wp\/v2\/media?parent=1876"}],"curies":[{"name":"wp","href":"https:\/\/api.w.org\/{rel}","templated":true}]}}