{"id":1863,"date":"2013-09-23T19:11:39","date_gmt":"2013-09-23T19:11:39","guid":{"rendered":"http:\/\/www.triennale-der-moderne.de\/2013\/?page_id=1863"},"modified":"2013-09-23T19:11:39","modified_gmt":"2013-09-23T19:11:39","slug":"film-doku-haus-tugendhat","status":"publish","type":"page","link":"\/2013\/dessau\/veranstaltungsorte\/film-doku-haus-tugendhat\/","title":{"rendered":"Film-Doku &#8222;Haus Tugendhat&#8220;"},"content":{"rendered":"<p>\nZeit:\t18 Uhr<br \/>\nOrt:\tBauhausgeb\u00e4ude Aula, Gropiusallee 38<br \/>\nKontakt: Frau Irrgang, Tel.: +49-340-6508-333, irrgang@bauhaus-dessau.de <\/p>\n<p>Das Haus Tugendhat im tschechischen Brno ist ein Solit\u00e4r moderner Architektur. Es verk\u00f6rpert den sozialutopischen Anspruch des Architekten Mies van der Rohe und den weltoffenen gro\u00dfb\u00fcrgerlichen Lebensentwurf seiner Auftraggeber Grete und Fritz Tugendhat. Der Film erz\u00e4hlt die wechselvolle Geschichte des singul\u00e4ren Bauwerks und seiner Bewohner.<\/p>\n<p>Regisseur und Produzent Dieter Reifarth verwebt in seinem Dokumentarfilm HAUS TUGENDHAT Gespr\u00e4che mit Familienmitgliedern, einstigen Benutzern des Hauses, Kunsthistorikern und Restauratoren mit historischen Foto- und Filmaufnahmen zur facettenreichen Biographie eines Bauwerks. Vor dem Hintergrund der politischen Katastrophen des 20. Jahrhunderts erz\u00e4hlt der Film von den pers\u00f6nlichen Erfahrungen der Bewohner und Nutzer des einzigartigen Hauses, dessen Sch\u00f6nheit und Ausstrahlung bei Generationen von Menschen tiefe Spuren hinterlassen hat.<br \/>\n(Quelle: Pandora-Filmverleih)<\/p>\n","protected":false},"excerpt":{"rendered":"<p>Zeit: 18 Uhr Ort: Bauhausgeb\u00e4ude Aula, Gropiusallee 38 Kontakt: Frau Irrgang, Tel.: +49-340-6508-333, irrgang@bauhaus-dessau.de Das Haus Tugendhat im tschechischen Brno ist ein Solit\u00e4r moderner Architektur. Es verk\u00f6rpert den sozialutopischen Anspruch des Architekten Mies van der Rohe und den weltoffenen gro\u00dfb\u00fcrgerlichen Lebensentwurf seiner Auftraggeber Grete und Fritz Tugendhat. Der Film erz\u00e4hlt die wechselvolle Geschichte des singul\u00e4ren [&hellip;]<\/p>\n","protected":false},"author":1,"featured_media":0,"parent":38,"menu_order":11,"comment_status":"open","ping_status":"open","template":"_template_60_40.php","meta":{"_acf_changed":false,"footnotes":""},"class_list":["post-1863","page","type-page","status-publish","hentry"],"acf":[],"_links":{"self":[{"href":"https:\/\/triennale-der-moderne.de\/2013\/wp-json\/wp\/v2\/pages\/1863"}],"collection":[{"href":"https:\/\/triennale-der-moderne.de\/2013\/wp-json\/wp\/v2\/pages"}],"about":[{"href":"https:\/\/triennale-der-moderne.de\/2013\/wp-json\/wp\/v2\/types\/page"}],"author":[{"embeddable":true,"href":"https:\/\/triennale-der-moderne.de\/2013\/wp-json\/wp\/v2\/users\/1"}],"replies":[{"embeddable":true,"href":"https:\/\/triennale-der-moderne.de\/2013\/wp-json\/wp\/v2\/comments?post=1863"}],"version-history":[{"count":0,"href":"https:\/\/triennale-der-moderne.de\/2013\/wp-json\/wp\/v2\/pages\/1863\/revisions"}],"up":[{"embeddable":true,"href":"https:\/\/triennale-der-moderne.de\/2013\/wp-json\/wp\/v2\/pages\/38"}],"wp:attachment":[{"href":"https:\/\/triennale-der-moderne.de\/2013\/wp-json\/wp\/v2\/media?parent=1863"}],"curies":[{"name":"wp","href":"https:\/\/api.w.org\/{rel}","templated":true}]}}