{"id":1853,"date":"2013-09-23T19:13:42","date_gmt":"2013-09-23T19:13:42","guid":{"rendered":"http:\/\/www.triennale-der-moderne.de\/2013\/?page_id=1853"},"modified":"2013-09-23T19:13:42","modified_gmt":"2013-09-23T19:13:42","slug":"fuhrung-warum-das-bauhaus-nach-dessau-kam","status":"publish","type":"page","link":"\/2013\/dessau\/veranstaltungsorte\/fuhrung-warum-das-bauhaus-nach-dessau-kam\/","title":{"rendered":"F\u00fchrung &#8222;Warum das Bauhaus nach Dessau kam&#8220;"},"content":{"rendered":"<p>\nZeit:\tSonntag 11 Uhr<br \/>\nOrt:\tStart Restaurant am Georgengarten<br \/>\nVeranstalter:\tReisewerk  StattReisen Dessau<br \/>\nDauer der Veranstaltung:\tca. 90 Min.<br \/>\nReferent\/Akteur:\tHerr Fackiner<br \/>\nKontakt:\tReisewerk  StattReisen Dessau<br \/>\nHerr Fackiner, Fon: 0340-2211933, info-at-reisewerk.de<\/p>\n<p>\u201eMeine Herren, es hat sich ausgeweimart. Wir gehen jetzt dessauern\u201c.  So umschrieb Lyonel Feininger 1925 die Entscheidung des Bauhauses nach Dessau zu ziehen. Dessau gewann gegen die Konkurrenz vieler deutscher St\u00e4dte. Mit guten Gr\u00fcnden, die bereits im Gartenreich des F\u00fcrsten Franz fussen und die wir auf einem Rundgang rund um die Sieben S\u00e4ulen und die Umgebung nachzeichnen wollen. <\/p>\n<p>Besonderheiten\/Preis:\tPreis: 7\u20ac (Kinder bis 12 Jahre frei)<br \/>\nVeranstaltungsort:\tDessau, Georgium und Stadtteil Siedlung<br \/>\nWebsite:\twww.reisewerk.de<\/p>\n","protected":false},"excerpt":{"rendered":"<p>Zeit: Sonntag 11 Uhr Ort: Start Restaurant am Georgengarten Veranstalter: Reisewerk StattReisen Dessau Dauer der Veranstaltung: ca. 90 Min. Referent\/Akteur: Herr Fackiner Kontakt: Reisewerk StattReisen Dessau Herr Fackiner, Fon: 0340-2211933, info-at-reisewerk.de \u201eMeine Herren, es hat sich ausgeweimart. Wir gehen jetzt dessauern\u201c. So umschrieb Lyonel Feininger 1925 die Entscheidung des Bauhauses nach Dessau zu ziehen. Dessau [&hellip;]<\/p>\n","protected":false},"author":1,"featured_media":0,"parent":38,"menu_order":27,"comment_status":"open","ping_status":"open","template":"_template_60_40.php","meta":{"_acf_changed":false,"footnotes":""},"class_list":["post-1853","page","type-page","status-publish","hentry"],"acf":[],"_links":{"self":[{"href":"https:\/\/triennale-der-moderne.de\/2013\/wp-json\/wp\/v2\/pages\/1853"}],"collection":[{"href":"https:\/\/triennale-der-moderne.de\/2013\/wp-json\/wp\/v2\/pages"}],"about":[{"href":"https:\/\/triennale-der-moderne.de\/2013\/wp-json\/wp\/v2\/types\/page"}],"author":[{"embeddable":true,"href":"https:\/\/triennale-der-moderne.de\/2013\/wp-json\/wp\/v2\/users\/1"}],"replies":[{"embeddable":true,"href":"https:\/\/triennale-der-moderne.de\/2013\/wp-json\/wp\/v2\/comments?post=1853"}],"version-history":[{"count":0,"href":"https:\/\/triennale-der-moderne.de\/2013\/wp-json\/wp\/v2\/pages\/1853\/revisions"}],"up":[{"embeddable":true,"href":"https:\/\/triennale-der-moderne.de\/2013\/wp-json\/wp\/v2\/pages\/38"}],"wp:attachment":[{"href":"https:\/\/triennale-der-moderne.de\/2013\/wp-json\/wp\/v2\/media?parent=1853"}],"curies":[{"name":"wp","href":"https:\/\/api.w.org\/{rel}","templated":true}]}}