{"id":1771,"date":"2013-09-23T17:01:51","date_gmt":"2013-09-23T17:01:51","guid":{"rendered":"http:\/\/www.triennale-der-moderne.de\/2013\/?page_id=1771"},"modified":"2013-09-23T17:01:51","modified_gmt":"2013-09-23T17:01:51","slug":"film-die-architekten","status":"publish","type":"page","link":"\/2013\/dessau\/veranstaltungsorte\/film-die-architekten\/","title":{"rendered":"Film &#8222;Die Architekten&#8220;"},"content":{"rendered":"<p>\nWas:\tKino im Kiez<br \/>\nZeit:\tFreitag 20.30 Uhr <br \/>\nOrt:\tKiez Kino \u2013 Das LEO Lichtspiel<br \/>\nBertolt-Brecht-Stra\u00dfe 29, 06844 Dessau<br \/>\nVeranstalter:\tKiez Kino<\/p>\n<p>Der Architekt Daniel ist Ende Drei\u00dfig und projektiert Warteh\u00e4uschen f\u00fcr Busstationen und \u00e4hnliches. Ansonsten beteiligt er sich an Wettbewerben. Pl\u00f6tzlich bekommt er den Auftrag, f\u00fcr eine Trabantenstadt Berlins ein kulturelles Zentrum zu projektieren. Als Mitarbeiter will er ehemalige Kommilitonen gewinnen. Einige jedoch sind aus dem Beruf ausgestiegen, er bekommt noch f\u00fcnf zusammen, dazu zwei junge Absolventen.<br \/> <br \/>\nDie sieben verwirklichen in diesem Projekt ihre Ideale von einem sch\u00f6nen Zentrum, in dem das Leben pulsieren kann; gastronomische Einrichtungen, Gesch\u00e4fte, Kulturst\u00e4tten, Spielpl\u00e4tze und Gr\u00fcnanlagen. Daniel arbeitet engagiert, doch er sieht vor sich zahllose un\u00fcberwindbare H\u00fcrden.<br \/>\nDas Kollektiv zerbricht aufgrund der Eingriffe \u00fcbergeordneter Stellen. T\u00e4glich verlassen Tausende die DDR Richtung Westen, am Ende auch Daniels Frau mit dem Kind. Als der Bau beginnt, ist von dem urspr\u00fcnglichen Entwurf nicht mehr viel \u00fcbrig. Nach der Feier zum Baubeginn liegt Daniel vor der Trib\u00fcne auf der Erde, gescheitert kurz vor dem Herbst 1989.<\/p>\n<p>(Quelle: Das zweite Leben der Filmstadt Babelsberg. DEFA-Spielfilme 1946-1992)<br \/> <br \/>\nBudget:\t5\u20ac \/ 4\u20ac erm\u00e4\u00dfigt\n<\/p>\n<p><\/p>\n","protected":false},"excerpt":{"rendered":"<p>Was: Kino im Kiez Zeit: Freitag 20.30 Uhr Ort: Kiez Kino \u2013 Das LEO Lichtspiel Bertolt-Brecht-Stra\u00dfe 29, 06844 Dessau Veranstalter: Kiez Kino Der Architekt Daniel ist Ende Drei\u00dfig und projektiert Warteh\u00e4uschen f\u00fcr Busstationen und \u00e4hnliches. Ansonsten beteiligt er sich an Wettbewerben. Pl\u00f6tzlich bekommt er den Auftrag, f\u00fcr eine Trabantenstadt Berlins ein kulturelles Zentrum zu projektieren. [&hellip;]<\/p>\n","protected":false},"author":1,"featured_media":0,"parent":38,"menu_order":9,"comment_status":"open","ping_status":"open","template":"_template_60_40.php","meta":{"_acf_changed":false,"footnotes":""},"class_list":["post-1771","page","type-page","status-publish","hentry"],"acf":[],"_links":{"self":[{"href":"https:\/\/triennale-der-moderne.de\/2013\/wp-json\/wp\/v2\/pages\/1771"}],"collection":[{"href":"https:\/\/triennale-der-moderne.de\/2013\/wp-json\/wp\/v2\/pages"}],"about":[{"href":"https:\/\/triennale-der-moderne.de\/2013\/wp-json\/wp\/v2\/types\/page"}],"author":[{"embeddable":true,"href":"https:\/\/triennale-der-moderne.de\/2013\/wp-json\/wp\/v2\/users\/1"}],"replies":[{"embeddable":true,"href":"https:\/\/triennale-der-moderne.de\/2013\/wp-json\/wp\/v2\/comments?post=1771"}],"version-history":[{"count":0,"href":"https:\/\/triennale-der-moderne.de\/2013\/wp-json\/wp\/v2\/pages\/1771\/revisions"}],"up":[{"embeddable":true,"href":"https:\/\/triennale-der-moderne.de\/2013\/wp-json\/wp\/v2\/pages\/38"}],"wp:attachment":[{"href":"https:\/\/triennale-der-moderne.de\/2013\/wp-json\/wp\/v2\/media?parent=1771"}],"curies":[{"name":"wp","href":"https:\/\/api.w.org\/{rel}","templated":true}]}}