{"id":1459,"date":"2013-07-01T13:45:06","date_gmt":"2013-07-01T13:45:06","guid":{"rendered":"http:\/\/www.triennale-der-moderne.de\/2013\/?page_id=1459"},"modified":"2013-07-01T13:45:06","modified_gmt":"2013-07-01T13:45:06","slug":"tag-der-offenen-tur","status":"publish","type":"page","link":"\/2013\/dessau\/veranstaltungsorte\/tag-der-offenen-tur\/","title":{"rendered":"Tag der offenen T\u00fcr in allen Bauhausbauten"},"content":{"rendered":"<p>Die knapp sieben Jahre Dessauer Bauhaus (1925-1932) waren die Hochphase der Bauhaus-Architektur. Darum befinden sich die meisten Bauhausbauten in Dessau: das Bauhausgeb\u00e4ude, die Meisterh\u00e4user, die Siedlung Dessau-T\u00f6rten, das Kornhaus, Haus Fieger, das Stahlhaus und das historische Arbeitsamt. Nirgendwo sonst l\u00e4sst sich die Architektur des Bauhauses auf so engem Raum erleben.<\/p>\n<p>Weitere Infos unter: <a href=\"http:\/\/www.bauhaus-dessau.de\" target=\"_blank\">www.bauhaus-dessau.de<\/a><\/p>\n","protected":false},"excerpt":{"rendered":"<p>Die knapp sieben Jahre Dessauer Bauhaus (1925-1932) waren die Hochphase der Bauhaus-Architektur. Darum befinden sich die meisten Bauhausbauten in Dessau: das Bauhausgeb\u00e4ude, die Meisterh\u00e4user, die Siedlung Dessau-T\u00f6rten, das Kornhaus, Haus Fieger, das Stahlhaus und das historische Arbeitsamt. Nirgendwo sonst l\u00e4sst sich die Architektur des Bauhauses auf so engem Raum erleben. Weitere Infos unter: www.bauhaus-dessau.de<\/p>\n","protected":false},"author":1,"featured_media":0,"parent":38,"menu_order":59,"comment_status":"open","ping_status":"open","template":"_template_60_40.php","meta":{"_acf_changed":false,"footnotes":""},"class_list":["post-1459","page","type-page","status-publish","hentry"],"acf":[],"_links":{"self":[{"href":"https:\/\/triennale-der-moderne.de\/2013\/wp-json\/wp\/v2\/pages\/1459"}],"collection":[{"href":"https:\/\/triennale-der-moderne.de\/2013\/wp-json\/wp\/v2\/pages"}],"about":[{"href":"https:\/\/triennale-der-moderne.de\/2013\/wp-json\/wp\/v2\/types\/page"}],"author":[{"embeddable":true,"href":"https:\/\/triennale-der-moderne.de\/2013\/wp-json\/wp\/v2\/users\/1"}],"replies":[{"embeddable":true,"href":"https:\/\/triennale-der-moderne.de\/2013\/wp-json\/wp\/v2\/comments?post=1459"}],"version-history":[{"count":0,"href":"https:\/\/triennale-der-moderne.de\/2013\/wp-json\/wp\/v2\/pages\/1459\/revisions"}],"up":[{"embeddable":true,"href":"https:\/\/triennale-der-moderne.de\/2013\/wp-json\/wp\/v2\/pages\/38"}],"wp:attachment":[{"href":"https:\/\/triennale-der-moderne.de\/2013\/wp-json\/wp\/v2\/media?parent=1459"}],"curies":[{"name":"wp","href":"https:\/\/api.w.org\/{rel}","templated":true}]}}