{"id":13,"date":"2013-05-04T10:05:47","date_gmt":"2013-05-04T10:05:47","guid":{"rendered":"http:\/\/www.triennale-der-moderne.de\/2013\/\/?page_id=13"},"modified":"2016-01-16T08:40:30","modified_gmt":"2016-01-16T07:40:30","slug":"veranstalter-partner","status":"publish","type":"page","link":"\/2013\/allgemein\/veranstalter-partner\/","title":{"rendered":"Veranstalter &amp; Partner"},"content":{"rendered":"<p>\nBauhaus-Archiv &#8211; Museum f\u00fcr Gestaltung, Berlin<br \/>\nBerliner Senatsverwaltung f\u00fcr Stadtentwicklung und Umwelt<br \/>\nLandesdenkmalamt Berlin<br \/>\nStiftung Bauhaus Dessau e.V.<br \/>\nWeimar GmbH &#8211; Gesellschaft f\u00fcr <br \/>\nWirtschaftsf\u00f6rderung, Kongress- und Tourismusservice<br \/>\nvisitBerlin &#8211; Berlin Tourismus und Kongress GmbH\n<\/p>\n<p><\/p>\n<h2>Veranstaltungspartner in Berlin<\/h2>\n<p>\nBauhaus-Archiv &#8211; Museum f\u00fcr Gestaltung, Berlin<br \/>\nBauhaus-Universit\u00e4t Weimar<br \/>\nBerliner Bau- und Wohnungsgenossenschaft von 1892 eG<br \/>\nBerliner Senatsverwaltung f\u00fcr Stadtentwicklung und Umwelt<br \/>\nDeutsche Wohnen AG<br \/>\nFreunde und F\u00f6rderer der Hufeisensiedlung Berlin-Britz e.V.<br \/>\nGesellschaft zur Erforschung des <br \/>Lebens und Wirkens j\u00fcdischer Architekten<br \/>\nKlassik-Stiftung Weimar<br \/>\nKulturprojekte Berlin<br \/>\nLandesdenkmalamt Berlin<br \/>\nStaatliche Museen zu Berlin \u2013 Kunstbibliothek<br \/>\nStadt Dessau-Ro\u00dflau<br \/>\nStiftung Bauhaus Dessau e.V.<br \/>\nTautes Heim &#8211; Ferienhaus in der Hufeisensiedlung<br \/>\nTicket B &#8211; Stadtf\u00fchrungen f\u00fcr Architekten<br \/>\nWeimar GmbH &#8211; Gesellschaft f\u00fcr <br \/>\nWirtschaftsf\u00f6rderung, Kongress- und Tourismusservice<br \/>\nvisitBerlin &#8211; Berlin Tourismus und Kongress GmbH\n<\/p>\n<\/p>\n<p><\/p>\n<h2>Veranstaltungspartner in Dessau<\/h2>\n<p>\nHochschule Anhalt (FH)<br \/>\nTU Darmstadt<br \/>\nRestaurant Altes Theater<br \/>\nVokalRausch<br \/>\nLight Tape<br \/>\nKiez e.V.<br \/>\nReisewerk<br \/>\nWohnungsgenossenschaft Dessau eG<br \/>\nLandeshauptarchiv Sachsen-Anhalt, Abt. Dessau<br \/>\nDVV Stadtwerke Dessau<br \/>\nAnhaltisches Theater<br \/>\nAlternative Jugendzentrum e.V. Dessau<br \/>\nJustizvollzugsanstalt Dessau-Ro\u00dflau<br \/>\nF\u00f6rderverein Meisterh\u00e4user Dessau e.V.<br \/>\nFreundeskreis Knarrbergsiedlung<br \/>\nInteressenverband Gropiussiedlung e.V.<br \/>\nDesignshop bauhaus dessau<br \/>\nRestaurant Heilmann\u00b4s\n<\/p>\n<p><\/p>\n<h2>Sonstige Veranstaltungen<br \/>\nund Veranstaltungspartner<\/h2>\n<p>\nsiehe die jeweiligen \u00dcbersichten f\u00fcr Berlin, Weimar und Dessau<\/p>\n<\/p>\n<p><\/p>\n<p><\/p>\n","protected":false},"excerpt":{"rendered":"<p>Bauhaus-Archiv &#8211; Museum f\u00fcr Gestaltung, Berlin Berliner Senatsverwaltung f\u00fcr Stadtentwicklung und Umwelt Landesdenkmalamt Berlin Stiftung Bauhaus Dessau e.V. Weimar GmbH &#8211; Gesellschaft f\u00fcr Wirtschaftsf\u00f6rderung, Kongress- und Tourismusservice visitBerlin &#8211; Berlin Tourismus und Kongress GmbH Veranstaltungspartner in Berlin Bauhaus-Archiv &#8211; Museum f\u00fcr Gestaltung, Berlin Bauhaus-Universit\u00e4t Weimar Berliner Bau- und Wohnungsgenossenschaft von 1892 eG Berliner Senatsverwaltung f\u00fcr [&hellip;]<\/p>\n","protected":false},"author":1,"featured_media":0,"parent":404,"menu_order":9,"comment_status":"open","ping_status":"closed","template":"_template_50_50.php","meta":{"_acf_changed":false,"footnotes":""},"class_list":["post-13","page","type-page","status-publish","hentry"],"acf":[],"_links":{"self":[{"href":"https:\/\/triennale-der-moderne.de\/2013\/wp-json\/wp\/v2\/pages\/13"}],"collection":[{"href":"https:\/\/triennale-der-moderne.de\/2013\/wp-json\/wp\/v2\/pages"}],"about":[{"href":"https:\/\/triennale-der-moderne.de\/2013\/wp-json\/wp\/v2\/types\/page"}],"author":[{"embeddable":true,"href":"https:\/\/triennale-der-moderne.de\/2013\/wp-json\/wp\/v2\/users\/1"}],"replies":[{"embeddable":true,"href":"https:\/\/triennale-der-moderne.de\/2013\/wp-json\/wp\/v2\/comments?post=13"}],"version-history":[{"count":1,"href":"https:\/\/triennale-der-moderne.de\/2013\/wp-json\/wp\/v2\/pages\/13\/revisions"}],"predecessor-version":[{"id":2287,"href":"https:\/\/triennale-der-moderne.de\/2013\/wp-json\/wp\/v2\/pages\/13\/revisions\/2287"}],"up":[{"embeddable":true,"href":"https:\/\/triennale-der-moderne.de\/2013\/wp-json\/wp\/v2\/pages\/404"}],"wp:attachment":[{"href":"https:\/\/triennale-der-moderne.de\/2013\/wp-json\/wp\/v2\/media?parent=13"}],"curies":[{"name":"wp","href":"https:\/\/api.w.org\/{rel}","templated":true}]}}