{"id":10,"date":"2013-05-04T10:04:48","date_gmt":"2013-05-04T10:04:48","guid":{"rendered":"http:\/\/www.triennale-der-moderne.de\/2013\/\/?page_id=10"},"modified":"2013-05-04T10:04:48","modified_gmt":"2013-05-04T10:04:48","slug":"impressum","status":"publish","type":"page","link":"\/2013\/allgemein\/impressum\/","title":{"rendered":"Impressum"},"content":{"rendered":"<\/p>\n<p><strong>Herausgeber<\/strong><br \/>\nSenatsverwaltung f\u00fcr Stadtentwicklung und Umwelt <br \/>\nAm K\u00f6llnischen Park 3<br \/>\n10179 Berlin<\/p>\n<p><strong>Vertretungsberechtigt<\/strong><br \/>\nPressesprecherin<br \/>\nDaniela Augenstein<br \/>\n<a href=\"mailto:kommunikation@senstadtum.berlin.de\">kommunikation-at-senstadtum.berlin.de<\/a><\/p>\n<p><strong>Inhaltlich verantwortlich<\/strong><br \/>\nSusanne Walter<br \/>\nTel.: +49 (0)30 9025-1504<br \/>\nFax.: +49 (0)30 9025-1547<br \/>\nE-Mail: <a href=\"mailto:susanne.walter@senstadtum.berlin.de\">susanne.walter-at-senstadtum.berlin.de<\/a>\n<\/p>\n<p><\/p>\n<p><h1>Website und Drucksachen<\/h1>\n<\/p>\n<p>\n<strong>Grafisches Erscheinungsbild<br \/>\nPlakat, Flyer und Website-Realisation<\/strong><br \/>\nBen Buschfeld, buschfeld.com &#8211; graphic and interface design<br \/>\nFriedrichstra\u00dfe 235, 10969 Berlin<br \/>\nTel.: +49 (0)30 259229-63<br \/>\n<a href=\"http:\/\/www.buschfeld.com\">www.buschfeld.com<\/a><br \/>\n<a href=\"mailto:mail@buschfeld.com\">mail-at-buschfeld.com<\/a>\n<\/p>\n<p><\/p>\n<p><h1>Hinweise und Haftungsbeschr\u00e4nkung<\/h1>\n<\/p>\n<p>\n<strong>Inhalt des Onlineangebotes<\/strong><br \/>\nDie Betreiber dieser Website und eventuell von Ihnen beauftragte Dritte \u00fcbernehmen keinerlei Gew\u00e4hr f\u00fcr die Aktualit\u00e4t, Korrektheit, Vollst\u00e4ndigkeit oder Qualit\u00e4t der bereitgestellten Informationen. Haftungsanspr\u00fcche welche durch die Nutzung oder Nichtnutzung der dargebotenen Informationen bzw. durch die Nutzung eventuell veralteter, fehlerhafter und unvollst\u00e4ndiger Informationen verursacht wurden sind grunds\u00e4tzlich ausgeschlossen. Die Durchf\u00fchrung einzelner Veranstaltungen sowie die Weiterleitung eventuell notwendiger Aktualisierungen der dar\u00fcber verf\u00fcgbaren Information obliegt den beteiligten Partnern, Veranstaltern oder von Ihnen koordinierten und erm\u00e4chtigten Dritten. Die Betreiber dieser Website behalten sich ausdr\u00fccklich vor, Teile der dort zur Verf\u00fcgung gestellten Informationen nach eigenem Ermessen zu erg\u00e4nzen, zu reduzieren oder inhaltlich und formal zu vereinheitlichen, sofern dies der besseren Nutzbarkeit f\u00fcr potenzielle Besucher oder der Anpassung an den aktuellen Planungsstand dient. Haftungsanspr\u00fcche wegen eventuellen Missbrauchs bereitgestellter Informationen oder Kontaktdaten durch Dritte sind ausgeschlossen.<\/p>\n<p>\n<strong>Haftungsbeschr\u00e4nkung f\u00fcr externe Links<\/strong><br \/>\nTrotz sorgf\u00e4ltiger inhaltlicher Kontrolle \u00fcbernehmen die Betreiber keine Haftung f\u00fcr die Inhalte externer Links. F\u00fcr den Inhalt der verlinkten Seiten sind ausschlie\u00dflich deren Betreiber verantwortlich. Bei Unstimmigkeiten bitten die Betreiber dieser Website um entsprechende Hinweise und sind bem\u00fcht, diese zeitnah zu kl\u00e4ren oder einzelne Inhalte zu deaktivieren.<\/p>\n<p>\n<strong>Hinweis zu Nutzungsrechten<\/strong><br \/>\nAuf dieser Website gezeigte Fotos, Texte oder sonstige Abbildungen wurden den Betreibern sofern nicht anders vermerkt von den beteiligten Partnern, Veranstaltern oder von durch diese koordinierte und erm\u00e4chtigte Dritte zur Verf\u00fcgung gestellt.  Bei Unstimmigkeiten bitten die Betreiber dieser Website um entsprechende Hinweise und sind bem\u00fcht, diese zeitnah zu kl\u00e4ren oder einzelne Inhalte zu deaktivieren. Grunds\u00e4tzlich unterliegen alle hier gezeigten Inhalte und Abbildungen dem Urheberrecht und d\u00fcrfen nicht ohne schriftlichen Genehmigung des Urhebers bzw. des Inhabers der Ver\u00f6ffentlichungs- und Verwertungsrechte anderweitig verwendet oder kopiert werden. Der Kontakt erfolgt \u00fcber die Verantwortlichen f\u00fcr Presse- und \u00d6ffentlichkeitsarbeit des jeweils zust\u00e4ndigen Veranstalters.<\/p>\n<\/p>\n<p><\/p>\n<p>\nAnmerkung: Eine erweiterte Liste der an Planung und Durchf\u00fchrung der Triennale der Moderne <br \/>\nbeteiligten Organisationen finden Sie unter<br \/>\n<a href=\"http:\/\/www.triennale-der-moderne.de\/2013\/\/allgemein\/adressen-links\/\" title=\"Adressen &amp; Links\">Adressen &amp; Links<\/a><\/p>\n","protected":false},"excerpt":{"rendered":"<p>Herausgeber Senatsverwaltung f\u00fcr Stadtentwicklung und Umwelt Am K\u00f6llnischen Park 3 10179 Berlin Vertretungsberechtigt Pressesprecherin Daniela Augenstein kommunikation-at-senstadtum.berlin.de Inhaltlich verantwortlich Susanne Walter Tel.: +49 (0)30 9025-1504 Fax.: +49 (0)30 9025-1547 E-Mail: susanne.walter-at-senstadtum.berlin.de Website und Drucksachen Grafisches Erscheinungsbild Plakat, Flyer und Website-Realisation Ben Buschfeld, buschfeld.com &#8211; graphic and interface design Friedrichstra\u00dfe 235, 10969 Berlin Tel.: +49 (0)30 [&hellip;]<\/p>\n","protected":false},"author":1,"featured_media":0,"parent":404,"menu_order":15,"comment_status":"open","ping_status":"closed","template":"","meta":{"_acf_changed":false,"footnotes":""},"class_list":["post-10","page","type-page","status-publish","hentry"],"acf":[],"_links":{"self":[{"href":"https:\/\/triennale-der-moderne.de\/2013\/wp-json\/wp\/v2\/pages\/10"}],"collection":[{"href":"https:\/\/triennale-der-moderne.de\/2013\/wp-json\/wp\/v2\/pages"}],"about":[{"href":"https:\/\/triennale-der-moderne.de\/2013\/wp-json\/wp\/v2\/types\/page"}],"author":[{"embeddable":true,"href":"https:\/\/triennale-der-moderne.de\/2013\/wp-json\/wp\/v2\/users\/1"}],"replies":[{"embeddable":true,"href":"https:\/\/triennale-der-moderne.de\/2013\/wp-json\/wp\/v2\/comments?post=10"}],"version-history":[{"count":0,"href":"https:\/\/triennale-der-moderne.de\/2013\/wp-json\/wp\/v2\/pages\/10\/revisions"}],"up":[{"embeddable":true,"href":"https:\/\/triennale-der-moderne.de\/2013\/wp-json\/wp\/v2\/pages\/404"}],"wp:attachment":[{"href":"https:\/\/triennale-der-moderne.de\/2013\/wp-json\/wp\/v2\/media?parent=10"}],"curies":[{"name":"wp","href":"https:\/\/api.w.org\/{rel}","templated":true}]}}